{"id":824,"date":"2026-04-17T11:30:59","date_gmt":"2026-04-17T11:30:59","guid":{"rendered":"https:\/\/servicios.unileon.es\/unidad-prevencion-riesgos-laborales\/?page_id=824"},"modified":"2026-04-17T11:48:53","modified_gmt":"2026-04-17T11:48:53","slug":"informe-de-accidentes-con-baja-2025","status":"publish","type":"page","link":"https:\/\/servicios.unileon.es\/unidad-prevencion-riesgos-laborales\/accidentes-incidentes\/informe-de-accidentes-con-baja-2025\/","title":{"rendered":"Informe de accidentes con baja &#8211; 2025"},"content":{"rendered":"<style>\r\n    ol.letras {\r\n        list-style-type: lower-latin;\r\n    }\r\n<\/style>\r\n\r\n<h2>A\u00f1o 2025<\/h2>\r\n<table>\r\n   <thead>\r\n      <tr>\r\n         <td><\/td>\r\n         <td>P.D.I. Funcionario<\/td>\r\n         <td>P.D.I. Laboral<\/td>\r\n         <td>P.T.G.A.S. Funcionario<\/td>\r\n         <td>P.T.G.A.S. Laboral<\/td>\r\n         <td>Becarios<\/td>\r\n         <td>TOTAL<\/td>\r\n      <\/tr>\r\n   <\/thead>\r\n   <tbody>\r\n      <tr>\r\n         <th>N\u00famero de accidentes con baja<\/th>\r\n         <td>0<\/td>\r\n         <td>1(a)<\/td>\r\n         <td>2<\/td>\r\n         <td>1(c)<\/td>\r\n         <td>1<\/td>\r\n         <td>4<\/td>\r\n      <\/tr>\r\n      <tr>\r\n         <th>N\u00famero de reca\u00eddas<\/th>\r\n         <td>0<\/td>\r\n         <td>0<\/td>\r\n         <td>0<\/td>\r\n         <td>0<\/td>\r\n         <td>0<\/td>\r\n         <td>0<\/td>\r\n      <\/tr>\r\n      <tr>\r\n         <th>D\u00edas reales de baja<\/th>\r\n         <td>0<\/td>\r\n         <td>0<\/td>\r\n         <td>291<\/td>\r\n         <td>25<\/td>\r\n         <td>4<\/td>\r\n         <td>320<\/td>\r\n      <\/tr>\r\n      <tr>\r\n         <th>N\u00famero de accidentes \u00abin itinere\u00bb (o de tr\u00e1fico)<\/th>\r\n         <td>0<\/td>\r\n         <td>1(a)<\/td>\r\n         <td>2(b)<\/td>\r\n         <td>0<\/td>\r\n         <td>0<\/td>\r\n         <td>0<\/td>\r\n      <\/tr>\r\n      <tr>\r\n         <th>N\u00famero de bajas pendientes de alta<\/th>\r\n         <td>0<\/td>\r\n         <td>0<\/td>\r\n         <td>0<\/td>\r\n         <td>0<\/td>\r\n         <td>0<\/td>\r\n         <td>0<\/td>\r\n      <\/tr>\r\n   <\/tbody>\r\n<\/table>\r\n<ol class=\"letras\">\r\n   <li>NO es considerado A.T. de la U.Le. (el accidente tuvo lugar en otra empresa)<\/li>\r\n   <li>Andando<\/li>\r\n   <li>Subiendo una escalera fija (es un A.T. del 2023 recurrido y aceptado por el I.N.S.S.)<\/li>\r\n<\/ol>","protected":false},"excerpt":{"rendered":"<p>A\u00f1o 2025 P.D.I. Funcionario P.D.I. Laboral P.T.G.A.S. Funcionario P.T.G.A.S. Laboral Becarios TOTAL N\u00famero de accidentes con baja 0 1(a) 2 1(c) 1 4 N\u00famero de reca\u00eddas 0 0 0 0 0 0 D\u00edas reales de baja 0 0 291 25 4 320 N\u00famero de accidentes \u00abin itinere\u00bb (o de tr\u00e1fico) 0 1(a) 2(b) 0 0 [&hellip;]<\/p>\n","protected":false},"author":344,"featured_media":0,"parent":27,"menu_order":0,"comment_status":"closed","ping_status":"closed","template":"","meta":{"footnotes":""},"class_list":["post-824","page","type-page","status-publish","hentry"],"_links":{"self":[{"href":"https:\/\/servicios.unileon.es\/unidad-prevencion-riesgos-laborales\/wp-json\/wp\/v2\/pages\/824","targetHints":{"allow":["GET"]}}],"collection":[{"href":"https:\/\/servicios.unileon.es\/unidad-prevencion-riesgos-laborales\/wp-json\/wp\/v2\/pages"}],"about":[{"href":"https:\/\/servicios.unileon.es\/unidad-prevencion-riesgos-laborales\/wp-json\/wp\/v2\/types\/page"}],"author":[{"embeddable":true,"href":"https:\/\/servicios.unileon.es\/unidad-prevencion-riesgos-laborales\/wp-json\/wp\/v2\/users\/344"}],"replies":[{"embeddable":true,"href":"https:\/\/servicios.unileon.es\/unidad-prevencion-riesgos-laborales\/wp-json\/wp\/v2\/comments?post=824"}],"version-history":[{"count":2,"href":"https:\/\/servicios.unileon.es\/unidad-prevencion-riesgos-laborales\/wp-json\/wp\/v2\/pages\/824\/revisions"}],"predecessor-version":[{"id":830,"href":"https:\/\/servicios.unileon.es\/unidad-prevencion-riesgos-laborales\/wp-json\/wp\/v2\/pages\/824\/revisions\/830"}],"up":[{"embeddable":true,"href":"https:\/\/servicios.unileon.es\/unidad-prevencion-riesgos-laborales\/wp-json\/wp\/v2\/pages\/27"}],"wp:attachment":[{"href":"https:\/\/servicios.unileon.es\/unidad-prevencion-riesgos-laborales\/wp-json\/wp\/v2\/media?parent=824"}],"curies":[{"name":"wp","href":"https:\/\/api.w.org\/{rel}","templated":true}]}}

<style>
    ol.letras {
        list-style-type: lower-latin;
    }
</style>

<h2>Año 2025</h2>
<table>
   <thead>
      <tr>
         <td></td>
         <td>P.D.I. Funcionario</td>
         <td>P.D.I. Laboral</td>
         <td>P.T.G.A.S. Funcionario</td>
         <td>P.T.G.A.S. Laboral</td>
         <td>Becarios</td>
         <td>TOTAL</td>
      </tr>
   </thead>
   <tbody>
      <tr>
         <th>Número de accidentes con baja</th>
         <td>0</td>
         <td>1(a)</td>
         <td>2</td>
         <td>1(c)</td>
         <td>1</td>
         <td>4</td>
      </tr>
      <tr>
         <th>Número de recaídas</th>
         <td>0</td>
         <td>0</td>
         <td>0</td>
         <td>0</td>
         <td>0</td>
         <td>0</td>
      </tr>
      <tr>
         <th>Días reales de baja</th>
         <td>0</td>
         <td>0</td>
         <td>291</td>
         <td>25</td>
         <td>4</td>
         <td>320</td>
      </tr>
      <tr>
         <th>Número de accidentes «in itinere» (o de tráfico)</th>
         <td>0</td>
         <td>1(a)</td>
         <td>2(b)</td>
         <td>0</td>
         <td>0</td>
         <td>0</td>
      </tr>
      <tr>
         <th>Número de bajas pendientes de alta</th>
         <td>0</td>
         <td>0</td>
         <td>0</td>
         <td>0</td>
         <td>0</td>
         <td>0</td>
      </tr>
   </tbody>
</table>
<ol class="letras">
   <li>NO es considerado A.T. de la U.Le. (el accidente tuvo lugar en otra empresa)</li>
   <li>Andando</li>
   <li>Subiendo una escalera fija (es un A.T. del 2023 recurrido y aceptado por el I.N.S.S.)</li>
</ol>

<p>Año 2025 P.D.I. Funcionario P.D.I. Laboral P.T.G.A.S. Funcionario P.T.G.A.S. Laboral Becarios TOTAL Número de accidentes con baja 0 1(a) 2 1(c) 1 4 Número de recaídas 0 0 0 0 0 0 Días reales de baja 0 0 291 25 4 320 Número de accidentes «in itinere» (o de tráfico) 0 1(a) 2(b) 0 0 [&hellip;]</p>
