{"id":761,"date":"2025-01-13T13:40:54","date_gmt":"2025-01-13T13:40:54","guid":{"rendered":"https:\/\/servicios.unileon.es\/unidad-prevencion-riesgos-laborales\/?page_id=761"},"modified":"2026-04-17T11:48:35","modified_gmt":"2026-04-17T11:48:35","slug":"informe-de-accidentes-con-baja-2024","status":"publish","type":"page","link":"https:\/\/servicios.unileon.es\/unidad-prevencion-riesgos-laborales\/accidentes-incidentes\/informe-de-accidentes-con-baja-2024\/","title":{"rendered":"Informe de accidentes con baja &#8211; 2024"},"content":{"rendered":"<style>\r\n    ol.letras {\r\n        list-style-type: lower-latin;\r\n    }\r\n<\/style>\r\n\r\n\r\n<h2>A\u00f1o 2024<\/h2>\r\n<table>\r\n   <thead>\r\n      <tr>\r\n         <td><\/td>\r\n         <td>P.D.I. Funcionario<\/td>\r\n         <td>P.D.I. Laboral<\/td>\r\n         <td>P.T.G.A.S. Funcionario<\/td>\r\n         <td>P.T.G.A.S. Laboral<\/td>\r\n         <td>Becarios<\/td>\r\n         <td>TOTAL<\/td>\r\n      <\/tr>\r\n   <\/thead>\r\n   <tbody>\r\n      <tr>\r\n         <th>N\u00famero de accidentes con baja<\/th>\r\n         <td>0<\/td>\r\n         <td>1(b)<\/td>\r\n         <td>0<\/td>\r\n         <td>2(a)<\/td>\r\n         <td>0<\/td>\r\n         <td>3<\/td>\r\n      <\/tr>\r\n      <tr>\r\n         <th>N\u00famero de reca\u00eddas<\/th>\r\n         <td>0<\/td>\r\n         <td>0<\/td>\r\n         <td>0<\/td>\r\n         <td>0<\/td>\r\n         <td>0<\/td>\r\n         <td>0<\/td>\r\n      <\/tr>\r\n      <tr>\r\n         <th>D\u00edas reales de baja<\/th>\r\n         <td>0<\/td>\r\n         <td>41<\/td>\r\n         <td>0<\/td>\r\n         <td>5<\/td>\r\n         <td>0<\/td>\r\n         <td>46<\/td>\r\n      <\/tr>\r\n      <tr>\r\n         <th>N\u00famero de accidentes \u00abin itinere\u00bb (o de tr\u00e1fico)<\/th>\r\n         <td>0<\/td>\r\n         <td>1<\/td>\r\n         <td>0<\/td>\r\n         <td>0<\/td>\r\n         <td>0<\/td>\r\n         <td>1<\/td>\r\n      <\/tr>\r\n      <tr>\r\n         <th>N\u00famero de bajas pendientes de alta<\/th>\r\n         <td>0<\/td>\r\n         <td>0<\/td>\r\n         <td>0<\/td>\r\n         <td>0<\/td>\r\n         <td>0<\/td>\r\n         <td>0<\/td>\r\n      <\/tr>\r\n   <\/tbody>\r\n<\/table>\r\n<ol class=\"letras\">\r\n   <li>1 Andando por el Campus<\/li>\r\n   <li>Andando<\/li>\r\n<\/ol>","protected":false},"excerpt":{"rendered":"<p>A\u00f1o 2024 P.D.I. Funcionario P.D.I. Laboral P.T.G.A.S. Funcionario P.T.G.A.S. Laboral Becarios TOTAL N\u00famero de accidentes con baja 0 1(b) 0 2(a) 0 3 N\u00famero de reca\u00eddas 0 0 0 0 0 0 D\u00edas reales de baja 0 41 0 5 0 46 N\u00famero de accidentes \u00abin itinere\u00bb (o de tr\u00e1fico) 0 1 0 0 0 [&hellip;]<\/p>\n","protected":false},"author":344,"featured_media":0,"parent":27,"menu_order":0,"comment_status":"closed","ping_status":"closed","template":"","meta":{"footnotes":""},"class_list":["post-761","page","type-page","status-publish","hentry"],"_links":{"self":[{"href":"https:\/\/servicios.unileon.es\/unidad-prevencion-riesgos-laborales\/wp-json\/wp\/v2\/pages\/761","targetHints":{"allow":["GET"]}}],"collection":[{"href":"https:\/\/servicios.unileon.es\/unidad-prevencion-riesgos-laborales\/wp-json\/wp\/v2\/pages"}],"about":[{"href":"https:\/\/servicios.unileon.es\/unidad-prevencion-riesgos-laborales\/wp-json\/wp\/v2\/types\/page"}],"author":[{"embeddable":true,"href":"https:\/\/servicios.unileon.es\/unidad-prevencion-riesgos-laborales\/wp-json\/wp\/v2\/users\/344"}],"replies":[{"embeddable":true,"href":"https:\/\/servicios.unileon.es\/unidad-prevencion-riesgos-laborales\/wp-json\/wp\/v2\/comments?post=761"}],"version-history":[{"count":6,"href":"https:\/\/servicios.unileon.es\/unidad-prevencion-riesgos-laborales\/wp-json\/wp\/v2\/pages\/761\/revisions"}],"predecessor-version":[{"id":829,"href":"https:\/\/servicios.unileon.es\/unidad-prevencion-riesgos-laborales\/wp-json\/wp\/v2\/pages\/761\/revisions\/829"}],"up":[{"embeddable":true,"href":"https:\/\/servicios.unileon.es\/unidad-prevencion-riesgos-laborales\/wp-json\/wp\/v2\/pages\/27"}],"wp:attachment":[{"href":"https:\/\/servicios.unileon.es\/unidad-prevencion-riesgos-laborales\/wp-json\/wp\/v2\/media?parent=761"}],"curies":[{"name":"wp","href":"https:\/\/api.w.org\/{rel}","templated":true}]}}