{"id":755,"date":"2024-12-20T08:42:19","date_gmt":"2024-12-20T08:42:19","guid":{"rendered":"https:\/\/servicios.unileon.es\/unidad-prevencion-riesgos-laborales\/?page_id=755"},"modified":"2024-12-20T08:42:19","modified_gmt":"2024-12-20T08:42:19","slug":"informe-de-accidentes-con-baja-2023","status":"publish","type":"page","link":"https:\/\/servicios.unileon.es\/unidad-prevencion-riesgos-laborales\/accidentes-incidentes\/informe-de-accidentes-con-baja-2023\/","title":{"rendered":"Informe de accidentes con baja &#8211; 2023"},"content":{"rendered":"<h2>A\u00f1o 2023<\/h2>\r\n<table>\r\n   <thead>\r\n      <tr>\r\n         <td><\/td>\r\n         <td>P.D.I. Funcionario<\/td>\r\n         <td>P.D.I. Laboral<\/td>\r\n         <td>P.A.S. Funcionario<\/td>\r\n         <td>P.A.S. Laboral<\/td>\r\n         <td>Becarios<\/td>\r\n         <td>TOTAL<\/td>\r\n      <\/tr>\r\n   <\/thead>\r\n   <tbody>\r\n      <tr>\r\n         <th>N\u00famero de accidentes con baja<\/th>\r\n         <td>0<\/td>\r\n         <td>3<br>1(a)+2(b)<\/td>\r\n         <td>0<\/td>\r\n         <td>5<br>1(a), 2(c), 1(d), 1(e)<\/td>\r\n         <td>1(f)<\/td>\r\n         <td>7<\/td>\r\n      <\/tr>\r\n      <tr>\r\n         <th>N\u00famero de reca\u00eddas<\/th>\r\n         <td>0<\/td>\r\n         <td>0<\/td>\r\n         <td>0<\/td>\r\n         <td>1<\/td>\r\n         <td>0<\/td>\r\n         <td>1<\/td>\r\n      <\/tr>\r\n      <tr>\r\n         <th>D\u00edas reales de baja<\/th>\r\n         <td>0<\/td>\r\n         <td>8(a)<\/td>\r\n         <td>0<\/td>\r\n         <td>700<\/td>\r\n         <td>20<\/td>\r\n         <td>728<\/td>\r\n      <\/tr>\r\n      <tr>\r\n         <th>N\u00famero de accidentes \u00abin itinere\u00bb (o de tr\u00e1fico)<\/th>\r\n         <td>0<\/td>\r\n         <td>0<\/td>\r\n         <td>0<\/td>\r\n         <td>2<\/td>\r\n         <td>0<\/td>\r\n         <td>2<\/td>\r\n      <\/tr>\r\n      <tr>\r\n         <th>N\u00famero de bajas pendientes de alta<\/th>\r\n         <td>0<\/td>\r\n         <td>0<\/td>\r\n         <td>0<\/td>\r\n         <td>0<\/td>\r\n         <td>0<\/td>\r\n         <td>0<\/td>\r\n      <\/tr>\r\n   <\/tbody>\r\n<\/table>\r\n<ol class=\"letras\">\r\n   <li>2 por una escalera fija<\/li>\r\n   <li>2 accidentes tuvieron lugar en otra empresa (NO se contabilizan como A.T. de la U.Le.)<\/li>\r\n   <li>2 andando por el Campus<\/li>\r\n   <li>1 atropello fuera del Campus<\/li>\r\n   <li>1 en el puesto de trabajo<\/li>\r\n   <li>1 por contagio con Salmonella<\/li>\r\n<\/ol>","protected":false},"excerpt":{"rendered":"<p>A\u00f1o 2023 P.D.I. Funcionario P.D.I. Laboral P.A.S. Funcionario P.A.S. Laboral Becarios TOTAL N\u00famero de accidentes con baja 0 31(a)+2(b) 0 51(a), 2(c), 1(d), 1(e) 1(f) 7 N\u00famero de reca\u00eddas 0 0 0 1 0 1 D\u00edas reales de baja 0 8(a) 0 700 20 728 N\u00famero de accidentes \u00abin itinere\u00bb (o de tr\u00e1fico) 0 0 [&hellip;]<\/p>\n","protected":false},"author":344,"featured_media":0,"parent":27,"menu_order":0,"comment_status":"closed","ping_status":"closed","template":"","meta":{"footnotes":""},"class_list":["post-755","page","type-page","status-publish","hentry"],"_links":{"self":[{"href":"https:\/\/servicios.unileon.es\/unidad-prevencion-riesgos-laborales\/wp-json\/wp\/v2\/pages\/755","targetHints":{"allow":["GET"]}}],"collection":[{"href":"https:\/\/servicios.unileon.es\/unidad-prevencion-riesgos-laborales\/wp-json\/wp\/v2\/pages"}],"about":[{"href":"https:\/\/servicios.unileon.es\/unidad-prevencion-riesgos-laborales\/wp-json\/wp\/v2\/types\/page"}],"author":[{"embeddable":true,"href":"https:\/\/servicios.unileon.es\/unidad-prevencion-riesgos-laborales\/wp-json\/wp\/v2\/users\/344"}],"replies":[{"embeddable":true,"href":"https:\/\/servicios.unileon.es\/unidad-prevencion-riesgos-laborales\/wp-json\/wp\/v2\/comments?post=755"}],"version-history":[{"count":1,"href":"https:\/\/servicios.unileon.es\/unidad-prevencion-riesgos-laborales\/wp-json\/wp\/v2\/pages\/755\/revisions"}],"predecessor-version":[{"id":756,"href":"https:\/\/servicios.unileon.es\/unidad-prevencion-riesgos-laborales\/wp-json\/wp\/v2\/pages\/755\/revisions\/756"}],"up":[{"embeddable":true,"href":"https:\/\/servicios.unileon.es\/unidad-prevencion-riesgos-laborales\/wp-json\/wp\/v2\/pages\/27"}],"wp:attachment":[{"href":"https:\/\/servicios.unileon.es\/unidad-prevencion-riesgos-laborales\/wp-json\/wp\/v2\/media?parent=755"}],"curies":[{"name":"wp","href":"https:\/\/api.w.org\/{rel}","templated":true}]}}

<h2>Año 2023</h2>
<table>
   <thead>
      <tr>
         <td></td>
         <td>P.D.I. Funcionario</td>
         <td>P.D.I. Laboral</td>
         <td>P.A.S. Funcionario</td>
         <td>P.A.S. Laboral</td>
         <td>Becarios</td>
         <td>TOTAL</td>
      </tr>
   </thead>
   <tbody>
      <tr>
         <th>Número de accidentes con baja</th>
         <td>0</td>
         <td>3<br>1(a)+2(b)</td>
         <td>0</td>
         <td>5<br>1(a), 2(c), 1(d), 1(e)</td>
         <td>1(f)</td>
         <td>7</td>
      </tr>
      <tr>
         <th>Número de recaídas</th>
         <td>0</td>
         <td>0</td>
         <td>0</td>
         <td>1</td>
         <td>0</td>
         <td>1</td>
      </tr>
      <tr>
         <th>Días reales de baja</th>
         <td>0</td>
         <td>8(a)</td>
         <td>0</td>
         <td>700</td>
         <td>20</td>
         <td>728</td>
      </tr>
      <tr>
         <th>Número de accidentes «in itinere» (o de tráfico)</th>
         <td>0</td>
         <td>0</td>
         <td>0</td>
         <td>2</td>
         <td>0</td>
         <td>2</td>
      </tr>
      <tr>
         <th>Número de bajas pendientes de alta</th>
         <td>0</td>
         <td>0</td>
         <td>0</td>
         <td>0</td>
         <td>0</td>
         <td>0</td>
      </tr>
   </tbody>
</table>
<ol class="letras">
   <li>2 por una escalera fija</li>
   <li>2 accidentes tuvieron lugar en otra empresa (NO se contabilizan como A.T. de la U.Le.)</li>
   <li>2 andando por el Campus</li>
   <li>1 atropello fuera del Campus</li>
   <li>1 en el puesto de trabajo</li>
   <li>1 por contagio con Salmonella</li>
</ol>

<p>Año 2023 P.D.I. Funcionario P.D.I. Laboral P.A.S. Funcionario P.A.S. Laboral Becarios TOTAL Número de accidentes con baja 0 31(a)+2(b) 0 51(a), 2(c), 1(d), 1(e) 1(f) 7 Número de recaídas 0 0 0 1 0 1 Días reales de baja 0 8(a) 0 700 20 728 Número de accidentes «in itinere» (o de tráfico) 0 0 [&hellip;]</p>
