{"id":674,"date":"2023-04-21T09:10:08","date_gmt":"2023-04-21T09:10:08","guid":{"rendered":"https:\/\/servicios.unileon.es\/unidad-prevencion-riesgos-laborales\/?page_id=674"},"modified":"2024-12-20T08:41:27","modified_gmt":"2024-12-20T08:41:27","slug":"informe-de-accidentes-con-baja-2022","status":"publish","type":"page","link":"https:\/\/servicios.unileon.es\/unidad-prevencion-riesgos-laborales\/accidentes-incidentes\/informe-de-accidentes-con-baja-2022\/","title":{"rendered":"Informe de accidentes con baja &#8211; 2022"},"content":{"rendered":"<h2>A\u00f1o 2022<\/h2>\r\n<table>\r\n   <thead>\r\n      <tr>\r\n         <td><\/td>\r\n         <td>P.D.I. Funcionario<\/td>\r\n         <td>P.D.I. Laboral<\/td>\r\n         <td>P.A.S. Funcionario<\/td>\r\n         <td>P.A.S. Laboral<\/td>\r\n         <td>Becarios<\/td>\r\n         <td>TOTAL<\/td>\r\n      <\/tr>\r\n   <\/thead>\r\n   <tbody>\r\n      <tr>\r\n         <th>N\u00famero de accidentes con baja<\/th>\r\n         <td>2(a)<\/td>\r\n         <td>2(a) 1(b) 1(a,c)<\/td>\r\n         <td>0<\/td>\r\n         <td>1(a) 1<\/td>\r\n         <td>0<\/td>\r\n         <td>7<\/td>\r\n      <\/tr>\r\n      <tr>\r\n         <th>N\u00famero de reca\u00eddas<\/th>\r\n         <td>0<\/td>\r\n         <td>0<\/td>\r\n         <td>0<\/td>\r\n         <td>0<\/td>\r\n         <td>0<\/td>\r\n         <td>0<\/td>\r\n      <\/tr>\r\n      <tr>\r\n         <th>D\u00edas reales de baja<\/th>\r\n         <td>106<\/td>\r\n         <td>133<\/td>\r\n         <td>0<\/td>\r\n         <td>49<\/td>\r\n         <td>0<\/td>\r\n         <td>288<\/td>\r\n      <\/tr>\r\n      <tr>\r\n         <th>N\u00famero de accidentes \u00abin itinere\u00bb (o de tr\u00e1fico)<\/th>\r\n         <td>0<\/td>\r\n         <td>2<\/td>\r\n         <td>0<\/td>\r\n         <td>0<\/td>\r\n         <td>0<\/td>\r\n         <td>2<\/td>\r\n      <\/tr>\r\n      <tr>\r\n         <th>N\u00famero de bajas pendientes de alta<\/th>\r\n         <td>1<\/td>\r\n         <td>0<\/td>\r\n         <td>0<\/td>\r\n         <td>0<\/td>\r\n         <td>0<\/td>\r\n         <td>1<\/td>\r\n      <\/tr>\r\n   <\/tbody>\r\n<\/table>\r\n<ol class=\"letras\">\r\n   <li>Andando<\/li>\r\n   <li>En veh\u00edculo<\/li>\r\n   <li>1 accidente de trabajo tuvo lugar en otra empresa (NO se contabiliza como A.T. de la U.Le.)<\/li>\r\n<\/ol>","protected":false},"excerpt":{"rendered":"<p>A\u00f1o 2022 P.D.I. Funcionario P.D.I. Laboral P.A.S. Funcionario P.A.S. Laboral Becarios TOTAL N\u00famero de accidentes con baja 2(a) 2(a) 1(b) 1(a,c) 0 1(a) 1 0 7 N\u00famero de reca\u00eddas 0 0 0 0 0 0 D\u00edas reales de baja 106 133 0 49 0 288 N\u00famero de accidentes \u00abin itinere\u00bb (o de tr\u00e1fico) 0 2 [&hellip;]<\/p>\n","protected":false},"author":344,"featured_media":0,"parent":27,"menu_order":0,"comment_status":"closed","ping_status":"closed","template":"","meta":{"footnotes":""},"class_list":["post-674","page","type-page","status-publish","hentry"],"_links":{"self":[{"href":"https:\/\/servicios.unileon.es\/unidad-prevencion-riesgos-laborales\/wp-json\/wp\/v2\/pages\/674","targetHints":{"allow":["GET"]}}],"collection":[{"href":"https:\/\/servicios.unileon.es\/unidad-prevencion-riesgos-laborales\/wp-json\/wp\/v2\/pages"}],"about":[{"href":"https:\/\/servicios.unileon.es\/unidad-prevencion-riesgos-laborales\/wp-json\/wp\/v2\/types\/page"}],"author":[{"embeddable":true,"href":"https:\/\/servicios.unileon.es\/unidad-prevencion-riesgos-laborales\/wp-json\/wp\/v2\/users\/344"}],"replies":[{"embeddable":true,"href":"https:\/\/servicios.unileon.es\/unidad-prevencion-riesgos-laborales\/wp-json\/wp\/v2\/comments?post=674"}],"version-history":[{"count":5,"href":"https:\/\/servicios.unileon.es\/unidad-prevencion-riesgos-laborales\/wp-json\/wp\/v2\/pages\/674\/revisions"}],"predecessor-version":[{"id":754,"href":"https:\/\/servicios.unileon.es\/unidad-prevencion-riesgos-laborales\/wp-json\/wp\/v2\/pages\/674\/revisions\/754"}],"up":[{"embeddable":true,"href":"https:\/\/servicios.unileon.es\/unidad-prevencion-riesgos-laborales\/wp-json\/wp\/v2\/pages\/27"}],"wp:attachment":[{"href":"https:\/\/servicios.unileon.es\/unidad-prevencion-riesgos-laborales\/wp-json\/wp\/v2\/media?parent=674"}],"curies":[{"name":"wp","href":"https:\/\/api.w.org\/{rel}","templated":true}]}}

<h2>Año 2022</h2>
<table>
   <thead>
      <tr>
         <td></td>
         <td>P.D.I. Funcionario</td>
         <td>P.D.I. Laboral</td>
         <td>P.A.S. Funcionario</td>
         <td>P.A.S. Laboral</td>
         <td>Becarios</td>
         <td>TOTAL</td>
      </tr>
   </thead>
   <tbody>
      <tr>
         <th>Número de accidentes con baja</th>
         <td>2(a)</td>
         <td>2(a) 1(b) 1(a,c)</td>
         <td>0</td>
         <td>1(a) 1</td>
         <td>0</td>
         <td>7</td>
      </tr>
      <tr>
         <th>Número de recaídas</th>
         <td>0</td>
         <td>0</td>
         <td>0</td>
         <td>0</td>
         <td>0</td>
         <td>0</td>
      </tr>
      <tr>
         <th>Días reales de baja</th>
         <td>106</td>
         <td>133</td>
         <td>0</td>
         <td>49</td>
         <td>0</td>
         <td>288</td>
      </tr>
      <tr>
         <th>Número de accidentes «in itinere» (o de tráfico)</th>
         <td>0</td>
         <td>2</td>
         <td>0</td>
         <td>0</td>
         <td>0</td>
         <td>2</td>
      </tr>
      <tr>
         <th>Número de bajas pendientes de alta</th>
         <td>1</td>
         <td>0</td>
         <td>0</td>
         <td>0</td>
         <td>0</td>
         <td>1</td>
      </tr>
   </tbody>
</table>
<ol class="letras">
   <li>Andando</li>
   <li>En vehículo</li>
   <li>1 accidente de trabajo tuvo lugar en otra empresa (NO se contabiliza como A.T. de la U.Le.)</li>
</ol>

<p>Año 2022 P.D.I. Funcionario P.D.I. Laboral P.A.S. Funcionario P.A.S. Laboral Becarios TOTAL Número de accidentes con baja 2(a) 2(a) 1(b) 1(a,c) 0 1(a) 1 0 7 Número de recaídas 0 0 0 0 0 0 Días reales de baja 106 133 0 49 0 288 Número de accidentes «in itinere» (o de tráfico) 0 2 [&hellip;]</p>
