{"id":598,"date":"2022-02-22T10:27:35","date_gmt":"2022-02-22T10:27:35","guid":{"rendered":"https:\/\/servicios.unileon.es\/unidad-prevencion-riesgos-laborales\/?page_id=598"},"modified":"2022-02-22T10:42:42","modified_gmt":"2022-02-22T10:42:42","slug":"informe-de-accidentes-con-baja-2021","status":"publish","type":"page","link":"https:\/\/servicios.unileon.es\/unidad-prevencion-riesgos-laborales\/accidentes-incidentes\/informe-de-accidentes-con-baja-2021\/","title":{"rendered":"Informe de accidentes con baja &#8211; 2021"},"content":{"rendered":"<h2>A\u00f1o 2021<\/h2>\r\n<table>\r\n<thead>\r\n<tr>\r\n<td><\/td>\r\n<td>P.D.I.\r\nFuncionario<\/td>\r\n<td>P.D.I.\r\nLaboral<\/td>\r\n<td>P.A.S.\r\nFuncionario<\/td>\r\n<td>P.A.S.\r\nLaboral<\/td>\r\n<td>Becarios<\/td>\r\n<td>TOTAL<\/td>\r\n<\/tr>\r\n<\/thead>\r\n<tbody>\r\n<tr>\r\n<th>N\u00famero de accidentes con baja<\/th>\r\n<td>1(a)\r\n1(b)<\/td>\r\n<td>2(a)\r\n1(b)\r\n3(c)<\/td>\r\n<td>1(a)<\/td>\r\n<td>1(a)\r\n1(b)\r\n3<\/td>\r\n<td>0<\/td>\r\n<td>11<\/td>\r\n<\/tr>\r\n<tr>\r\n<th>N\u00famero de reca\u00eddas<\/th>\r\n<td>0<\/td>\r\n<td>0<\/td>\r\n<td>0<\/td>\r\n<td>0<\/td>\r\n<td>0<\/td>\r\n<td>0<\/td>\r\n<\/tr>\r\n<tr>\r\n<th>D\u00edas reales de baja<\/th>\r\n<td>135<\/td>\r\n<td>115<\/td>\r\n<td>32<\/td>\r\n<td>136<\/td>\r\n<td>0<\/td>\r\n<td>418<\/td>\r\n<\/tr>\r\n<tr>\r\n<th>N\u00famero de accidentes \u00abin itinere\u00bb (o de tr\u00e1fico)<\/th>\r\n<td>1(a)\r\n1(b)<\/td>\r\n<td>1(b)<\/td>\r\n<td>1(a)<\/td>\r\n<td>1(b)<\/td>\r\n<td>0<\/td>\r\n<td>5<\/td>\r\n<\/tr>\r\n<tr>\r\n<th>N\u00famero de bajas pendientes de alta<\/th>\r\n<td>0<\/td>\r\n<td>0<\/td>\r\n<td>0<\/td>\r\n<td>0<\/td>\r\n<td>0<\/td>\r\n<td>0<\/td>\r\n<\/tr>\r\n<\/tbody>\r\n<\/table>\r\n<ol class=\"letras\">\r\n \t<li>Andando<\/li>\r\n \t<li>En veh\u00edculo<\/li>\r\n \t<li>3 accidentes de trabajo tuvieron lugar en otra empresa (NO se contabilizan como A.T. de la U.Le.)<\/li>\r\n<\/ol>","protected":false},"excerpt":{"rendered":"<p>A\u00f1o 2021 P.D.I. Funcionario P.D.I. Laboral P.A.S. Funcionario P.A.S. Laboral Becarios TOTAL N\u00famero de accidentes con baja 1(a) 1(b) 2(a) 1(b) 3(c) 1(a) 1(a) 1(b) 3 0 11 N\u00famero de reca\u00eddas 0 0 0 0 0 0 D\u00edas reales de baja 135 115 32 136 0 418 N\u00famero de accidentes \u00abin itinere\u00bb (o de tr\u00e1fico) [&hellip;]<\/p>\n","protected":false},"author":1759,"featured_media":0,"parent":27,"menu_order":0,"comment_status":"closed","ping_status":"closed","template":"","meta":{"footnotes":""},"class_list":["post-598","page","type-page","status-publish","hentry"],"_links":{"self":[{"href":"https:\/\/servicios.unileon.es\/unidad-prevencion-riesgos-laborales\/wp-json\/wp\/v2\/pages\/598","targetHints":{"allow":["GET"]}}],"collection":[{"href":"https:\/\/servicios.unileon.es\/unidad-prevencion-riesgos-laborales\/wp-json\/wp\/v2\/pages"}],"about":[{"href":"https:\/\/servicios.unileon.es\/unidad-prevencion-riesgos-laborales\/wp-json\/wp\/v2\/types\/page"}],"author":[{"embeddable":true,"href":"https:\/\/servicios.unileon.es\/unidad-prevencion-riesgos-laborales\/wp-json\/wp\/v2\/users\/1759"}],"replies":[{"embeddable":true,"href":"https:\/\/servicios.unileon.es\/unidad-prevencion-riesgos-laborales\/wp-json\/wp\/v2\/comments?post=598"}],"version-history":[{"count":3,"href":"https:\/\/servicios.unileon.es\/unidad-prevencion-riesgos-laborales\/wp-json\/wp\/v2\/pages\/598\/revisions"}],"predecessor-version":[{"id":601,"href":"https:\/\/servicios.unileon.es\/unidad-prevencion-riesgos-laborales\/wp-json\/wp\/v2\/pages\/598\/revisions\/601"}],"up":[{"embeddable":true,"href":"https:\/\/servicios.unileon.es\/unidad-prevencion-riesgos-laborales\/wp-json\/wp\/v2\/pages\/27"}],"wp:attachment":[{"href":"https:\/\/servicios.unileon.es\/unidad-prevencion-riesgos-laborales\/wp-json\/wp\/v2\/media?parent=598"}],"curies":[{"name":"wp","href":"https:\/\/api.w.org\/{rel}","templated":true}]}}