{"id":36,"date":"2010-10-26T07:44:57","date_gmt":"2010-10-26T07:44:57","guid":{"rendered":"http:\/\/servicios.unileon.es\/unidad-prevencion-riesgos-laborales\/"},"modified":"2025-09-09T08:17:36","modified_gmt":"2025-09-09T08:17:36","slug":"equipos-de-proteccion-individual-e-p-i","status":"publish","type":"page","link":"https:\/\/servicios.unileon.es\/unidad-prevencion-riesgos-laborales\/equipos-de-proteccion-individual-e-p-i\/","title":{"rendered":"Equipos de Protecci\u00f3n Individual (E.P.I)"},"content":{"rendered":"<ul class=\"big\">\r\n    <li><a href=\"https:\/\/www.unileon.es\/intranet\/prevencion\/entrega_epi.doc\">Ficha Acreditativa de entrega de E.P.I.<\/a><\/li>\r\n    <li><a href=\"https:\/\/www.unileon.es\/intranet\/prevencion\/compras_epi.doc\">Adquisiciones y Compras de E.P.I.<\/a><\/li>\r\n    <li><a href=\"https:\/\/www.unileon.es\/intranet\/prevencion\/utilizacion_epi.doc\">Fichas utilizaci\u00f3n de E.P.I.<\/a><\/li>\r\n    <li><a href=\"https:\/\/www.unileon.es\/intranet\/prevencion\/proc_adquisicion_mantenimiento_gestion_EPI.pdf\">Procedimiento para la adquisici\u00f3n, mantenimiento y gesti\u00f3n de E.P.I.<\/a><\/li>\r\n<\/ul>","protected":false},"excerpt":{"rendered":"<p>Ficha Acreditativa de entrega de E.P.I. Adquisiciones y Compras de E.P.I. Fichas utilizaci\u00f3n de E.P.I. Procedimiento para la adquisici\u00f3n, mantenimiento y gesti\u00f3n de E.P.I.<\/p>\n","protected":false},"author":1,"featured_media":0,"parent":0,"menu_order":0,"comment_status":"closed","ping_status":"open","template":"","meta":{"footnotes":""},"class_list":["post-36","page","type-page","status-publish","hentry"],"_links":{"self":[{"href":"https:\/\/servicios.unileon.es\/unidad-prevencion-riesgos-laborales\/wp-json\/wp\/v2\/pages\/36","targetHints":{"allow":["GET"]}}],"collection":[{"href":"https:\/\/servicios.unileon.es\/unidad-prevencion-riesgos-laborales\/wp-json\/wp\/v2\/pages"}],"about":[{"href":"https:\/\/servicios.unileon.es\/unidad-prevencion-riesgos-laborales\/wp-json\/wp\/v2\/types\/page"}],"author":[{"embeddable":true,"href":"https:\/\/servicios.unileon.es\/unidad-prevencion-riesgos-laborales\/wp-json\/wp\/v2\/users\/1"}],"replies":[{"embeddable":true,"href":"https:\/\/servicios.unileon.es\/unidad-prevencion-riesgos-laborales\/wp-json\/wp\/v2\/comments?post=36"}],"version-history":[{"count":12,"href":"https:\/\/servicios.unileon.es\/unidad-prevencion-riesgos-laborales\/wp-json\/wp\/v2\/pages\/36\/revisions"}],"predecessor-version":[{"id":801,"href":"https:\/\/servicios.unileon.es\/unidad-prevencion-riesgos-laborales\/wp-json\/wp\/v2\/pages\/36\/revisions\/801"}],"wp:attachment":[{"href":"https:\/\/servicios.unileon.es\/unidad-prevencion-riesgos-laborales\/wp-json\/wp\/v2\/media?parent=36"}],"curies":[{"name":"wp","href":"https:\/\/api.w.org\/{rel}","templated":true}]}}