{"id":305,"date":"2019-01-21T06:50:34","date_gmt":"2019-01-21T06:50:34","guid":{"rendered":"http:\/\/servicios.unileon.es\/unidad-prevencion-riesgos-laborales\/?page_id=305"},"modified":"2019-05-31T10:16:51","modified_gmt":"2019-05-31T10:16:51","slug":"informe-de-accidentes-con-baja-2018","status":"publish","type":"page","link":"https:\/\/servicios.unileon.es\/unidad-prevencion-riesgos-laborales\/accidentes-incidentes\/informe-de-accidentes-con-baja-2018\/","title":{"rendered":"Informe de accidentes con baja \u2013 2018"},"content":{"rendered":"<h2>A\u00f1o 2018<\/h2>\r\n<table>\r\n    <thead>\r\n        <tr>\r\n            <td><\/td>\r\n            <td>P.A.S.<br \/>Funcionario<\/td>\r\n            <td>P.D.I.<br \/>Laboral<\/td>\r\n            <td>P.A.S.<br \/>Funcionario<\/td>\r\n            <td>P.A.S.<br \/>Laboral<\/td>\r\n            <td>Becarios<br \/>P. Invest.<\/td>\r\n            <td>TOTAL<\/td>\r\n        <\/tr>\r\n    <\/thead>\r\n    <tbody>\r\n        <tr>\r\n            <th>N\u00famero de accidentes con baja<\/th>\r\n            <td>1(a)<\/td>\r\n            <td>4(c)(f)<\/td>\r\n            <td>1<\/td>\r\n            <td>4<\/td>\r\n            <td>0<\/td>\r\n            <td>8<\/td>\r\n        <\/tr>\r\n        <tr>\r\n            <th>N\u00famero de reca\u00eddas<\/th>\r\n            <td>0<\/td>\r\n            <td>0<\/td>\r\n            <td>0<\/td>\r\n            <td>0<\/td>\r\n            <td>0<\/td>\r\n            <td>0<\/td>\r\n        <\/tr>\r\n        <tr>\r\n            <th>D\u00edas reales de baja<\/th>\r\n            <td>>192<\/td>\r\n            <td>76<\/td>\r\n            <td>158<\/td>\r\n            <td>93<\/td>\r\n            <td>0<\/td>\r\n            <td>>519<\/td>\r\n        <\/tr>\r\n        <tr>\r\n            <th>N\u00famero de accidentes \u00abin itinere\u00bb (o de tr\u00e1fico)<\/th>\r\n            <td>0<\/td>\r\n            <td>3(c)(d)<\/td>\r\n            <td>1(b)<\/td>\r\n            <td>1(e)<\/td>\r\n            <td>0<\/td>\r\n            <td>4<\/td>\r\n        <\/tr>\r\n        <tr>\r\n            <th>N\u00famero de bajas pendientes de alta<\/th>\r\n            <td>1<\/td>\r\n            <td>0<\/td>\r\n            <td>0<\/td>\r\n            <td>0<\/td>\r\n            <td>0<\/td>\r\n            <td>1<\/td>\r\n        <\/tr>\r\n    <\/tbody>\r\n<\/table>\r\n<ol class=\"letras\">\r\n    <li>Fuerte dolor en el pecho (posible infarto).<\/li>\r\n    <li>Atropello en un paso de cebra.<\/li>\r\n    <li>2 de ellos fue en otra empresa y otro \u201cin it\u00ednere\u201d en otra empresa.<\/li>\r\n    <li>En patinete un veh\u00edculo invadi\u00f3 el carril bici y le atropell\u00f3.<\/li>\r\n    <li>Se cay\u00f3 cuando se desplazaba en bici pero hab\u00eda nevado.<\/li>\r\n    <li>Se cay\u00f3 caminando por el aparcamiento.<\/li>\r\n<\/ol>","protected":false},"excerpt":{"rendered":"<p>A\u00f1o 2018 P.A.S.Funcionario P.D.I.Laboral P.A.S.Funcionario P.A.S.Laboral BecariosP. Invest. TOTAL N\u00famero de accidentes con baja 1(a) 4(c)(f) 1 4 0 8 N\u00famero de reca\u00eddas 0 0 0 0 0 0 D\u00edas reales de baja >192 76 158 93 0 >519 N\u00famero de accidentes \u00abin itinere\u00bb (o de tr\u00e1fico) 0 3(c)(d) 1(b) 1(e) 0 4 N\u00famero de [&hellip;]<\/p>\n","protected":false},"author":344,"featured_media":0,"parent":27,"menu_order":0,"comment_status":"closed","ping_status":"closed","template":"","meta":{"footnotes":""},"class_list":["post-305","page","type-page","status-publish","hentry"],"_links":{"self":[{"href":"https:\/\/servicios.unileon.es\/unidad-prevencion-riesgos-laborales\/wp-json\/wp\/v2\/pages\/305","targetHints":{"allow":["GET"]}}],"collection":[{"href":"https:\/\/servicios.unileon.es\/unidad-prevencion-riesgos-laborales\/wp-json\/wp\/v2\/pages"}],"about":[{"href":"https:\/\/servicios.unileon.es\/unidad-prevencion-riesgos-laborales\/wp-json\/wp\/v2\/types\/page"}],"author":[{"embeddable":true,"href":"https:\/\/servicios.unileon.es\/unidad-prevencion-riesgos-laborales\/wp-json\/wp\/v2\/users\/344"}],"replies":[{"embeddable":true,"href":"https:\/\/servicios.unileon.es\/unidad-prevencion-riesgos-laborales\/wp-json\/wp\/v2\/comments?post=305"}],"version-history":[{"count":3,"href":"https:\/\/servicios.unileon.es\/unidad-prevencion-riesgos-laborales\/wp-json\/wp\/v2\/pages\/305\/revisions"}],"predecessor-version":[{"id":333,"href":"https:\/\/servicios.unileon.es\/unidad-prevencion-riesgos-laborales\/wp-json\/wp\/v2\/pages\/305\/revisions\/333"}],"up":[{"embeddable":true,"href":"https:\/\/servicios.unileon.es\/unidad-prevencion-riesgos-laborales\/wp-json\/wp\/v2\/pages\/27"}],"wp:attachment":[{"href":"https:\/\/servicios.unileon.es\/unidad-prevencion-riesgos-laborales\/wp-json\/wp\/v2\/media?parent=305"}],"curies":[{"name":"wp","href":"https:\/\/api.w.org\/{rel}","templated":true}]}}