{"id":266,"date":"2018-03-06T08:07:31","date_gmt":"2018-03-06T08:07:31","guid":{"rendered":"http:\/\/servicios.unileon.es\/unidad-prevencion-riesgos-laborales\/?page_id=266"},"modified":"2019-01-18T12:57:48","modified_gmt":"2019-01-18T12:57:48","slug":"informe-de-accidentes-con-baja-2017","status":"publish","type":"page","link":"https:\/\/servicios.unileon.es\/unidad-prevencion-riesgos-laborales\/accidentes-incidentes\/informe-de-accidentes-con-baja-2017\/","title":{"rendered":"Informe de accidentes con baja \u2013 2017"},"content":{"rendered":"<h2>A\u00f1o 2017<\/h2>\r\n<table>\r\n    <thead>\r\n        <tr>\r\n            <td><\/td>\r\n            <td>P.A.S.<br \/>Funcionario<\/td>\r\n            <td>P.D.I.<br \/>Laboral<\/td>\r\n            <td>P.A.S.<br \/>Funcionario<\/td>\r\n            <td>P.A.S.<br \/>Laboral<\/td>\r\n            <td>Becarios<br \/>P. Invest.<\/td>\r\n            <td>TOTAL<\/td>\r\n        <\/tr>\r\n    <\/thead>\r\n    <tbody>\r\n        <tr>\r\n            <th>N\u00famero de accidentes con baja<\/th>\r\n            <td>1<\/td>\r\n            <td>2(a)<\/td>\r\n            <td>1<\/td>\r\n            <td>0<\/td>\r\n            <td>1<\/td>\r\n            <td>4<\/td>\r\n        <\/tr>\r\n        <tr>\r\n            <th>N\u00famero de reca\u00eddas<\/th>\r\n            <td>0<\/td>\r\n            <td>0<\/td>\r\n            <td>0<\/td>\r\n            <td>0<\/td>\r\n            <td>0<\/td>\r\n            <td>0<\/td>\r\n        <\/tr>\r\n        <tr>\r\n            <th>D\u00edas reales de baja<\/th>\r\n            <td>16<\/td>\r\n            <td>11<br \/>138(a)<\/td>\r\n            <td>154<\/td>\r\n            <td>0<\/td>\r\n            <td>6<\/td>\r\n            <td>187<\/td>\r\n        <\/tr>\r\n        <tr>\r\n            <th>N\u00famero de accidentes \u00abin itinere\u00bb (o de tr\u00e1fico)<\/th>\r\n            <td>1<\/td>\r\n            <td>0<\/td>\r\n            <td>1(b)<\/td>\r\n            <td>0<\/td>\r\n            <td>1<\/td>\r\n            <td>3<\/td>\r\n        <\/tr>\r\n        <tr>\r\n            <th>N\u00famero de bajas pendientes de alta<\/th>\r\n            <td>0<\/td>\r\n            <td>0<\/td>\r\n            <td>0<\/td>\r\n            <td>0<\/td>\r\n            <td>0<\/td>\r\n            <td>0<\/td>\r\n        <\/tr>\r\n    <\/tbody>\r\n<\/table>\r\n<ol class=\"letras\">\r\n    <li>1 de ellos fue en otro centro de trabajo (NO se contabiliza como A.T. de la U.Le.).<\/li>\r\n    <li>Atropello en un paso de cebra.<\/li>\r\n<\/ol>","protected":false},"excerpt":{"rendered":"<p>A\u00f1o 2017 P.A.S.Funcionario P.D.I.Laboral P.A.S.Funcionario P.A.S.Laboral BecariosP. Invest. TOTAL N\u00famero de accidentes con baja 1 2(a) 1 0 1 4 N\u00famero de reca\u00eddas 0 0 0 0 0 0 D\u00edas reales de baja 16 11138(a) 154 0 6 187 N\u00famero de accidentes \u00abin itinere\u00bb (o de tr\u00e1fico) 1 0 1(b) 0 1 3 N\u00famero de [&hellip;]<\/p>\n","protected":false},"author":344,"featured_media":0,"parent":27,"menu_order":0,"comment_status":"closed","ping_status":"closed","template":"","meta":{"footnotes":""},"class_list":["post-266","page","type-page","status-publish","hentry"],"_links":{"self":[{"href":"https:\/\/servicios.unileon.es\/unidad-prevencion-riesgos-laborales\/wp-json\/wp\/v2\/pages\/266","targetHints":{"allow":["GET"]}}],"collection":[{"href":"https:\/\/servicios.unileon.es\/unidad-prevencion-riesgos-laborales\/wp-json\/wp\/v2\/pages"}],"about":[{"href":"https:\/\/servicios.unileon.es\/unidad-prevencion-riesgos-laborales\/wp-json\/wp\/v2\/types\/page"}],"author":[{"embeddable":true,"href":"https:\/\/servicios.unileon.es\/unidad-prevencion-riesgos-laborales\/wp-json\/wp\/v2\/users\/344"}],"replies":[{"embeddable":true,"href":"https:\/\/servicios.unileon.es\/unidad-prevencion-riesgos-laborales\/wp-json\/wp\/v2\/comments?post=266"}],"version-history":[{"count":6,"href":"https:\/\/servicios.unileon.es\/unidad-prevencion-riesgos-laborales\/wp-json\/wp\/v2\/pages\/266\/revisions"}],"predecessor-version":[{"id":302,"href":"https:\/\/servicios.unileon.es\/unidad-prevencion-riesgos-laborales\/wp-json\/wp\/v2\/pages\/266\/revisions\/302"}],"up":[{"embeddable":true,"href":"https:\/\/servicios.unileon.es\/unidad-prevencion-riesgos-laborales\/wp-json\/wp\/v2\/pages\/27"}],"wp:attachment":[{"href":"https:\/\/servicios.unileon.es\/unidad-prevencion-riesgos-laborales\/wp-json\/wp\/v2\/media?parent=266"}],"curies":[{"name":"wp","href":"https:\/\/api.w.org\/{rel}","templated":true}]}}

<h2>Año 2017</h2>
<table>
    <thead>
        <tr>
            <td></td>
            <td>P.A.S.<br />Funcionario</td>
            <td>P.D.I.<br />Laboral</td>
            <td>P.A.S.<br />Funcionario</td>
            <td>P.A.S.<br />Laboral</td>
            <td>Becarios<br />P. Invest.</td>
            <td>TOTAL</td>
        </tr>
    </thead>
    <tbody>
        <tr>
            <th>Número de accidentes con baja</th>
            <td>1</td>
            <td>2(a)</td>
            <td>1</td>
            <td>0</td>
            <td>1</td>
            <td>4</td>
        </tr>
        <tr>
            <th>Número de recaídas</th>
            <td>0</td>
            <td>0</td>
            <td>0</td>
            <td>0</td>
            <td>0</td>
            <td>0</td>
        </tr>
        <tr>
            <th>Días reales de baja</th>
            <td>16</td>
            <td>11<br />138(a)</td>
            <td>154</td>
            <td>0</td>
            <td>6</td>
            <td>187</td>
        </tr>
        <tr>
            <th>Número de accidentes «in itinere» (o de tráfico)</th>
            <td>1</td>
            <td>0</td>
            <td>1(b)</td>
            <td>0</td>
            <td>1</td>
            <td>3</td>
        </tr>
        <tr>
            <th>Número de bajas pendientes de alta</th>
            <td>0</td>
            <td>0</td>
            <td>0</td>
            <td>0</td>
            <td>0</td>
            <td>0</td>
        </tr>
    </tbody>
</table>
<ol class="letras">
    <li>1 de ellos fue en otro centro de trabajo (NO se contabiliza como A.T. de la U.Le.).</li>
    <li>Atropello en un paso de cebra.</li>
</ol>

<p>Año 2017 P.A.S.Funcionario P.D.I.Laboral P.A.S.Funcionario P.A.S.Laboral BecariosP. Invest. TOTAL Número de accidentes con baja 1 2(a) 1 0 1 4 Número de recaídas 0 0 0 0 0 0 Días reales de baja 16 11138(a) 154 0 6 187 Número de accidentes «in itinere» (o de tráfico) 1 0 1(b) 0 1 3 Número de [&hellip;]</p>
