{"id":237,"date":"2017-06-05T11:23:17","date_gmt":"2017-06-05T11:23:17","guid":{"rendered":"http:\/\/servicios.unileon.es\/unidad-prevencion-riesgos-laborales\/?page_id=237"},"modified":"2017-06-05T11:23:17","modified_gmt":"2017-06-05T11:23:17","slug":"informe-de-accidentes-con-baja-2007","status":"publish","type":"page","link":"https:\/\/servicios.unileon.es\/unidad-prevencion-riesgos-laborales\/accidentes-incidentes\/informe-de-accidentes-con-baja-2007\/","title":{"rendered":"Informe de accidentes con baja \u2013 2007"},"content":{"rendered":"<h2>A\u00f1o 2007<\/h2>\r\n<table>\r\n\t<thead>\r\n\t\t<tr>\r\n\t\t\t<td><\/td>\r\n\t\t\t<td>P.D.I.<\/td>\r\n\t\t\t<td>P.A.S.Funcionario<\/td>\r\n\t\t\t<td>P.A.S.Laboral<\/td>\r\n\t\t\t<td>Becarios<\/td>\r\n\t\t\t<td>TOTAL<\/td>\r\n\t\t<\/tr>\r\n\t<\/thead>\r\n\t<tbody>\r\n\t\t<tr>\r\n\t\t\t<th>N\u00famero de accidentes con baja<\/th>\r\n\t\t\t<td>0<\/td>\r\n\t\t\t<td>0<\/td>\r\n\t\t\t<td>6<\/td>\r\n\t\t\t<td>0<\/td>\r\n\t\t\t<td>6<\/td>\r\n\t\t<\/tr>\r\n\t\t<tr>\r\n\t\t\t<th>N\u00famero de reca\u00eddas<\/th>\r\n\t\t\t<td>0<\/td>\r\n\t\t\t<td>0<\/td>\r\n\t\t\t<td>1<\/td>\r\n\t\t\t<td>0<\/td>\r\n\t\t\t<td>1<\/td>\r\n\t\t<\/tr>\r\n\t\t<tr>\r\n\t\t\t<th>D\u00edas reales de baja<\/th>\r\n\t\t\t<td>0<\/td>\r\n\t\t\t<td>0<\/td>\r\n\t\t\t<td>312<\/td>\r\n\t\t\t<td>0<\/td>\r\n\t\t\t<td>312<\/td>\r\n\t\t<\/tr>\r\n\t\t<tr>\r\n\t\t\t<th>N\u00famero de accidentes \u00abin itinere\u00bb\r\n\t\t\t(o de tr\u00e1fico)<\/th>\r\n\t\t\t<td>0<\/td>\r\n\t\t\t<td>0<\/td>\r\n\t\t\t<td>1 (a)<\/td>\r\n\t\t\t<td>0<\/td>\r\n\t\t\t<td>1<\/td>\r\n\t\t<\/tr>\r\n\t\t<tr>\r\n\t\t\t<th>N\u00famero de bajas pendientes de alta<\/th>\r\n\t\t\t<td>0<\/td>\r\n\t\t\t<td>0<\/td>\r\n\t\t\t<td>0<\/td>\r\n\t\t\t<td>0<\/td>\r\n\t\t\t<td>0<\/td>\r\n\t\t<\/tr>\r\n\t<\/tbody>\r\n<\/table>\r\n<ol class=\"letras\">\r\n  <li>Tropez&oacute; cuando entraba a trabajar por la ma&ntilde;ana.<\/li>\r\n<\/ol>","protected":false},"excerpt":{"rendered":"<p>A\u00f1o 2007 P.D.I. P.A.S.Funcionario P.A.S.Laboral Becarios TOTAL N\u00famero de accidentes con baja 0 0 6 0 6 N\u00famero de reca\u00eddas 0 0 1 0 1 D\u00edas reales de baja 0 0 312 0 312 N\u00famero de accidentes \u00abin itinere\u00bb (o de tr\u00e1fico) 0 0 1 (a) 0 1 N\u00famero de bajas pendientes de alta 0 [&hellip;]<\/p>\n","protected":false},"author":344,"featured_media":0,"parent":27,"menu_order":0,"comment_status":"closed","ping_status":"closed","template":"","meta":{"footnotes":""},"class_list":["post-237","page","type-page","status-publish","hentry"],"_links":{"self":[{"href":"https:\/\/servicios.unileon.es\/unidad-prevencion-riesgos-laborales\/wp-json\/wp\/v2\/pages\/237","targetHints":{"allow":["GET"]}}],"collection":[{"href":"https:\/\/servicios.unileon.es\/unidad-prevencion-riesgos-laborales\/wp-json\/wp\/v2\/pages"}],"about":[{"href":"https:\/\/servicios.unileon.es\/unidad-prevencion-riesgos-laborales\/wp-json\/wp\/v2\/types\/page"}],"author":[{"embeddable":true,"href":"https:\/\/servicios.unileon.es\/unidad-prevencion-riesgos-laborales\/wp-json\/wp\/v2\/users\/344"}],"replies":[{"embeddable":true,"href":"https:\/\/servicios.unileon.es\/unidad-prevencion-riesgos-laborales\/wp-json\/wp\/v2\/comments?post=237"}],"version-history":[{"count":1,"href":"https:\/\/servicios.unileon.es\/unidad-prevencion-riesgos-laborales\/wp-json\/wp\/v2\/pages\/237\/revisions"}],"predecessor-version":[{"id":238,"href":"https:\/\/servicios.unileon.es\/unidad-prevencion-riesgos-laborales\/wp-json\/wp\/v2\/pages\/237\/revisions\/238"}],"up":[{"embeddable":true,"href":"https:\/\/servicios.unileon.es\/unidad-prevencion-riesgos-laborales\/wp-json\/wp\/v2\/pages\/27"}],"wp:attachment":[{"href":"https:\/\/servicios.unileon.es\/unidad-prevencion-riesgos-laborales\/wp-json\/wp\/v2\/media?parent=237"}],"curies":[{"name":"wp","href":"https:\/\/api.w.org\/{rel}","templated":true}]}}

<h2>Año 2007</h2>
<table>
	<thead>
		<tr>
			<td></td>
			<td>P.D.I.</td>
			<td>P.A.S.Funcionario</td>
			<td>P.A.S.Laboral</td>
			<td>Becarios</td>
			<td>TOTAL</td>
		</tr>
	</thead>
	<tbody>
		<tr>
			<th>Número de accidentes con baja</th>
			<td>0</td>
			<td>0</td>
			<td>6</td>
			<td>0</td>
			<td>6</td>
		</tr>
		<tr>
			<th>Número de recaídas</th>
			<td>0</td>
			<td>0</td>
			<td>1</td>
			<td>0</td>
			<td>1</td>
		</tr>
		<tr>
			<th>Días reales de baja</th>
			<td>0</td>
			<td>0</td>
			<td>312</td>
			<td>0</td>
			<td>312</td>
		</tr>
		<tr>
			<th>Número de accidentes «in itinere»
			(o de tráfico)</th>
			<td>0</td>
			<td>0</td>
			<td>1 (a)</td>
			<td>0</td>
			<td>1</td>
		</tr>
		<tr>
			<th>Número de bajas pendientes de alta</th>
			<td>0</td>
			<td>0</td>
			<td>0</td>
			<td>0</td>
			<td>0</td>
		</tr>
	</tbody>
</table>
<ol class="letras">
  <li>Tropez&oacute; cuando entraba a trabajar por la ma&ntilde;ana.</li>
</ol>

<p>Año 2007 P.D.I. P.A.S.Funcionario P.A.S.Laboral Becarios TOTAL Número de accidentes con baja 0 0 6 0 6 Número de recaídas 0 0 1 0 1 Días reales de baja 0 0 312 0 312 Número de accidentes «in itinere» (o de tráfico) 0 0 1 (a) 0 1 Número de bajas pendientes de alta 0 [&hellip;]</p>
