{"id":234,"date":"2017-06-05T11:19:24","date_gmt":"2017-06-05T11:19:24","guid":{"rendered":"http:\/\/servicios.unileon.es\/unidad-prevencion-riesgos-laborales\/?page_id=234"},"modified":"2017-06-05T11:19:24","modified_gmt":"2017-06-05T11:19:24","slug":"informe-de-accidentes-con-baja-2008","status":"publish","type":"page","link":"https:\/\/servicios.unileon.es\/unidad-prevencion-riesgos-laborales\/accidentes-incidentes\/informe-de-accidentes-con-baja-2008\/","title":{"rendered":"Informe de accidentes con baja \u2013 2008"},"content":{"rendered":"<h2>A\u00f1o 2008<\/h2>\r\n<table>\r\n\t<thead>\r\n\t\t<tr>\r\n\t\t\t<td><\/td>\r\n\t\t\t<td>P.D.I.<\/td>\r\n\t\t\t<td>P.A.S.Funcionario<\/td>\r\n\t\t\t<td>P.A.S.Laboral<\/td>\r\n\t\t\t<td>Becarios<\/td>\r\n\t\t\t<td>TOTAL<\/td>\r\n\t\t<\/tr>\r\n\t<\/thead>\r\n\t<tbody>\r\n\t\t<tr>\r\n\t\t\t<th>N\u00famero de accidentes con baja<\/th>\r\n\t\t\t<td>1 (a)<br>1 (b)<\/td>\r\n\t\t\t<td>3<\/td>\r\n\t\t\t<td>11<\/td>\r\n\t\t\t<td>1<\/td>\r\n\t\t\t<td>1 (a)<br>16<\/td>\r\n\t\t<\/tr>\r\n\t\t<tr>\r\n\t\t\t<th>N\u00famero de reca\u00eddas<\/th>\r\n\t\t\t<td>0<\/td>\r\n\t\t\t<td>0<\/td>\r\n\t\t\t<td>0<\/td>\r\n\t\t\t<td>1<\/td>\r\n\t\t\t<td>1<\/td>\r\n\t\t<\/tr>\r\n\t\t<tr>\r\n\t\t\t<th>D\u00edas reales de baja<\/th>\r\n\t\t\t<td>21 (a)<br>58 (b)<\/td>\r\n\t\t\t<td>97<\/td>\r\n\t\t\t<td>508<\/td>\r\n\t\t\t<td>45<\/td>\r\n\t\t\t<td>21 (a)<br>708<\/td>\r\n\t\t<\/tr>\r\n\t\t<tr>\r\n\t\t\t<th>N\u00famero de accidentes \u00abin itinere\u00bb\r\n\t\t\t(o de tr\u00e1fico)<\/th>\r\n\t\t\t<td>0<\/td>\r\n\t\t\t<td>1 (c)<\/td>\r\n\t\t\t<td>0<\/td>\r\n\t\t\t<td>1<\/td>\r\n\t\t\t<td>2<\/td>\r\n\t\t<\/tr>\r\n\t\t<tr>\r\n\t\t\t<th>N\u00famero de bajas pendientes de alta<\/th>\r\n\t\t\t<td>0<\/td>\r\n\t\t\t<td>0<\/td>\r\n\t\t\t<td>0<\/td>\r\n\t\t\t<td>0<\/td>\r\n\t\t\t<td>0<\/td>\r\n\t\t<\/tr>\r\n\t<\/tbody>\r\n<\/table>\r\n<ol class=\"letras\">\r\n  <li>El accidente tuvo lugar mientras trabajaba en  otra Empresa (NO se ha analizado ni se han contabilizado los d&iacute;as reales de  baja).<\/li>\r\n  <li>Se han contabilizado los d&iacute;as reales de baja  pero NO se ha podido encontrar la relaci&oacute;n causa-efecto del accidente.<\/li>\r\n  <li>Cargo electo en desplazamiento.<\/li>\r\n<\/ol>","protected":false},"excerpt":{"rendered":"<p>A\u00f1o 2008 P.D.I. P.A.S.Funcionario P.A.S.Laboral Becarios TOTAL N\u00famero de accidentes con baja 1 (a)1 (b) 3 11 1 1 (a)16 N\u00famero de reca\u00eddas 0 0 0 1 1 D\u00edas reales de baja 21 (a)58 (b) 97 508 45 21 (a)708 N\u00famero de accidentes \u00abin itinere\u00bb (o de tr\u00e1fico) 0 1 (c) 0 1 2 N\u00famero [&hellip;]<\/p>\n","protected":false},"author":344,"featured_media":0,"parent":27,"menu_order":0,"comment_status":"closed","ping_status":"closed","template":"","meta":{"footnotes":""},"class_list":["post-234","page","type-page","status-publish","hentry"],"_links":{"self":[{"href":"https:\/\/servicios.unileon.es\/unidad-prevencion-riesgos-laborales\/wp-json\/wp\/v2\/pages\/234","targetHints":{"allow":["GET"]}}],"collection":[{"href":"https:\/\/servicios.unileon.es\/unidad-prevencion-riesgos-laborales\/wp-json\/wp\/v2\/pages"}],"about":[{"href":"https:\/\/servicios.unileon.es\/unidad-prevencion-riesgos-laborales\/wp-json\/wp\/v2\/types\/page"}],"author":[{"embeddable":true,"href":"https:\/\/servicios.unileon.es\/unidad-prevencion-riesgos-laborales\/wp-json\/wp\/v2\/users\/344"}],"replies":[{"embeddable":true,"href":"https:\/\/servicios.unileon.es\/unidad-prevencion-riesgos-laborales\/wp-json\/wp\/v2\/comments?post=234"}],"version-history":[{"count":1,"href":"https:\/\/servicios.unileon.es\/unidad-prevencion-riesgos-laborales\/wp-json\/wp\/v2\/pages\/234\/revisions"}],"predecessor-version":[{"id":235,"href":"https:\/\/servicios.unileon.es\/unidad-prevencion-riesgos-laborales\/wp-json\/wp\/v2\/pages\/234\/revisions\/235"}],"up":[{"embeddable":true,"href":"https:\/\/servicios.unileon.es\/unidad-prevencion-riesgos-laborales\/wp-json\/wp\/v2\/pages\/27"}],"wp:attachment":[{"href":"https:\/\/servicios.unileon.es\/unidad-prevencion-riesgos-laborales\/wp-json\/wp\/v2\/media?parent=234"}],"curies":[{"name":"wp","href":"https:\/\/api.w.org\/{rel}","templated":true}]}}

<h2>Año 2008</h2>
<table>
	<thead>
		<tr>
			<td></td>
			<td>P.D.I.</td>
			<td>P.A.S.Funcionario</td>
			<td>P.A.S.Laboral</td>
			<td>Becarios</td>
			<td>TOTAL</td>
		</tr>
	</thead>
	<tbody>
		<tr>
			<th>Número de accidentes con baja</th>
			<td>1 (a)<br>1 (b)</td>
			<td>3</td>
			<td>11</td>
			<td>1</td>
			<td>1 (a)<br>16</td>
		</tr>
		<tr>
			<th>Número de recaídas</th>
			<td>0</td>
			<td>0</td>
			<td>0</td>
			<td>1</td>
			<td>1</td>
		</tr>
		<tr>
			<th>Días reales de baja</th>
			<td>21 (a)<br>58 (b)</td>
			<td>97</td>
			<td>508</td>
			<td>45</td>
			<td>21 (a)<br>708</td>
		</tr>
		<tr>
			<th>Número de accidentes «in itinere»
			(o de tráfico)</th>
			<td>0</td>
			<td>1 (c)</td>
			<td>0</td>
			<td>1</td>
			<td>2</td>
		</tr>
		<tr>
			<th>Número de bajas pendientes de alta</th>
			<td>0</td>
			<td>0</td>
			<td>0</td>
			<td>0</td>
			<td>0</td>
		</tr>
	</tbody>
</table>
<ol class="letras">
  <li>El accidente tuvo lugar mientras trabajaba en  otra Empresa (NO se ha analizado ni se han contabilizado los d&iacute;as reales de  baja).</li>
  <li>Se han contabilizado los d&iacute;as reales de baja  pero NO se ha podido encontrar la relaci&oacute;n causa-efecto del accidente.</li>
  <li>Cargo electo en desplazamiento.</li>
</ol>

<p>Año 2008 P.D.I. P.A.S.Funcionario P.A.S.Laboral Becarios TOTAL Número de accidentes con baja 1 (a)1 (b) 3 11 1 1 (a)16 Número de recaídas 0 0 0 1 1 Días reales de baja 21 (a)58 (b) 97 508 45 21 (a)708 Número de accidentes «in itinere» (o de tráfico) 0 1 (c) 0 1 2 Número [&hellip;]</p>
