{"id":231,"date":"2017-06-05T11:12:37","date_gmt":"2017-06-05T11:12:37","guid":{"rendered":"http:\/\/servicios.unileon.es\/unidad-prevencion-riesgos-laborales\/?page_id=231"},"modified":"2017-06-05T11:12:37","modified_gmt":"2017-06-05T11:12:37","slug":"informe-de-accidentes-con-baja-2009","status":"publish","type":"page","link":"https:\/\/servicios.unileon.es\/unidad-prevencion-riesgos-laborales\/accidentes-incidentes\/informe-de-accidentes-con-baja-2009\/","title":{"rendered":"Informe de accidentes con baja \u2013 2009"},"content":{"rendered":"<h2>A\u00f1o 2009<\/h2>\r\n<table>\r\n\t<thead>\r\n\t\t<tr>\r\n\t\t\t<td><\/td>\r\n\t\t\t<td>P.D.I.<\/td>\r\n\t\t\t<td>P.A.S.Funcionario<\/td>\r\n\t\t\t<td>P.A.S.Laboral<\/td>\r\n\t\t\t<td>Becarios<\/td>\r\n\t\t\t<td>TOTAL<\/td>\r\n\t\t<\/tr>\r\n\t<\/thead>\r\n\t<tbody>\r\n\t\t<tr>\r\n\t\t\t<th>N\u00famero de accidentes con baja<\/th>\r\n\t\t\t<td>1<br>1(a)<\/td>\r\n\t\t\t<td>4<\/td>\r\n\t\t\t<td>7<\/td>\r\n\t\t\t<td>1<\/td>\r\n\t\t\t<td>13<br>1(a)<\/td>\r\n\t\t<\/tr>\r\n\t\t<tr>\r\n\t\t\t<th>N\u00famero de reca\u00eddas<\/th>\r\n\t\t\t<td>0<\/td>\r\n\t\t\t<td>2<\/td>\r\n\t\t\t<td>0<\/td>\r\n\t\t\t<td>0<\/td>\r\n\t\t\t<td>2<\/td>\r\n\t\t<\/tr>\r\n\t\t<tr>\r\n\t\t\t<th>D\u00edas reales de baja<\/th>\r\n\t\t\t<td>123<br>\r\n\t\t\t\t99(b)<\/td>\r\n\t\t\t<td>468<\/td>\r\n\t\t\t<td>212<\/td>\r\n\t\t\t<td>9<\/td>\r\n\t\t\t<td>812<br>99(a)<\/td>\r\n\t\t<\/tr>\r\n\t\t<tr>\r\n\t\t\t<th>N\u00famero de accidentes \u00abin itinere\u00bb\r\n\t\t\t(o de tr\u00e1fico)<\/th>\r\n\t\t\t<td>0<\/td>\r\n\t\t\t<td>1<br>1(b)<\/td>\r\n\t\t\t<td>0<\/td>\r\n\t\t\t<td>1<\/td>\r\n\t\t\t<td>3<\/td>\r\n\t\t<\/tr>\r\n\t\t<tr>\r\n\t\t\t<th>N\u00famero de bajas pendientes de alta<\/th>\r\n\t\t\t<td>0<\/td>\r\n\t\t\t<td>0<\/td>\r\n\t\t\t<td>0<\/td>\r\n\t\t\t<td>0<\/td>\r\n\t\t\t<td>0<\/td>\r\n\t\t<\/tr>\r\n\t<\/tbody>\r\n<\/table>\r\n<ol class=\"letras\">\r\n  <li>El accidente tuvo lugar mientras trabajaba en otra Empresa (NO se ha analizado ni se han contabilizado los d&iacute;as reales de baja).<\/li>\r\n  <li>Andando.<\/li>\r\n<\/ol>","protected":false},"excerpt":{"rendered":"<p>A\u00f1o 2009 P.D.I. P.A.S.Funcionario P.A.S.Laboral Becarios TOTAL N\u00famero de accidentes con baja 11(a) 4 7 1 131(a) N\u00famero de reca\u00eddas 0 2 0 0 2 D\u00edas reales de baja 123 99(b) 468 212 9 81299(a) N\u00famero de accidentes \u00abin itinere\u00bb (o de tr\u00e1fico) 0 11(b) 0 1 3 N\u00famero de bajas pendientes de alta 0 [&hellip;]<\/p>\n","protected":false},"author":344,"featured_media":0,"parent":27,"menu_order":0,"comment_status":"closed","ping_status":"closed","template":"","meta":{"footnotes":""},"class_list":["post-231","page","type-page","status-publish","hentry"],"_links":{"self":[{"href":"https:\/\/servicios.unileon.es\/unidad-prevencion-riesgos-laborales\/wp-json\/wp\/v2\/pages\/231","targetHints":{"allow":["GET"]}}],"collection":[{"href":"https:\/\/servicios.unileon.es\/unidad-prevencion-riesgos-laborales\/wp-json\/wp\/v2\/pages"}],"about":[{"href":"https:\/\/servicios.unileon.es\/unidad-prevencion-riesgos-laborales\/wp-json\/wp\/v2\/types\/page"}],"author":[{"embeddable":true,"href":"https:\/\/servicios.unileon.es\/unidad-prevencion-riesgos-laborales\/wp-json\/wp\/v2\/users\/344"}],"replies":[{"embeddable":true,"href":"https:\/\/servicios.unileon.es\/unidad-prevencion-riesgos-laborales\/wp-json\/wp\/v2\/comments?post=231"}],"version-history":[{"count":1,"href":"https:\/\/servicios.unileon.es\/unidad-prevencion-riesgos-laborales\/wp-json\/wp\/v2\/pages\/231\/revisions"}],"predecessor-version":[{"id":232,"href":"https:\/\/servicios.unileon.es\/unidad-prevencion-riesgos-laborales\/wp-json\/wp\/v2\/pages\/231\/revisions\/232"}],"up":[{"embeddable":true,"href":"https:\/\/servicios.unileon.es\/unidad-prevencion-riesgos-laborales\/wp-json\/wp\/v2\/pages\/27"}],"wp:attachment":[{"href":"https:\/\/servicios.unileon.es\/unidad-prevencion-riesgos-laborales\/wp-json\/wp\/v2\/media?parent=231"}],"curies":[{"name":"wp","href":"https:\/\/api.w.org\/{rel}","templated":true}]}}

<h2>Año 2009</h2>
<table>
	<thead>
		<tr>
			<td></td>
			<td>P.D.I.</td>
			<td>P.A.S.Funcionario</td>
			<td>P.A.S.Laboral</td>
			<td>Becarios</td>
			<td>TOTAL</td>
		</tr>
	</thead>
	<tbody>
		<tr>
			<th>Número de accidentes con baja</th>
			<td>1<br>1(a)</td>
			<td>4</td>
			<td>7</td>
			<td>1</td>
			<td>13<br>1(a)</td>
		</tr>
		<tr>
			<th>Número de recaídas</th>
			<td>0</td>
			<td>2</td>
			<td>0</td>
			<td>0</td>
			<td>2</td>
		</tr>
		<tr>
			<th>Días reales de baja</th>
			<td>123<br>
				99(b)</td>
			<td>468</td>
			<td>212</td>
			<td>9</td>
			<td>812<br>99(a)</td>
		</tr>
		<tr>
			<th>Número de accidentes «in itinere»
			(o de tráfico)</th>
			<td>0</td>
			<td>1<br>1(b)</td>
			<td>0</td>
			<td>1</td>
			<td>3</td>
		</tr>
		<tr>
			<th>Número de bajas pendientes de alta</th>
			<td>0</td>
			<td>0</td>
			<td>0</td>
			<td>0</td>
			<td>0</td>
		</tr>
	</tbody>
</table>
<ol class="letras">
  <li>El accidente tuvo lugar mientras trabajaba en otra Empresa (NO se ha analizado ni se han contabilizado los d&iacute;as reales de baja).</li>
  <li>Andando.</li>
</ol>

<p>Año 2009 P.D.I. P.A.S.Funcionario P.A.S.Laboral Becarios TOTAL Número de accidentes con baja 11(a) 4 7 1 131(a) Número de recaídas 0 2 0 0 2 Días reales de baja 123 99(b) 468 212 9 81299(a) Número de accidentes «in itinere» (o de tráfico) 0 11(b) 0 1 3 Número de bajas pendientes de alta 0 [&hellip;]</p>
