{"id":162,"date":"2013-09-13T12:26:48","date_gmt":"2013-09-13T12:26:48","guid":{"rendered":"http:\/\/servicios.unileon.es\/unidad-prevencion-riesgos-laborales\/?page_id=162"},"modified":"2013-09-13T12:26:48","modified_gmt":"2013-09-13T12:26:48","slug":"informe-de-accidentes-con-baja-2012","status":"publish","type":"page","link":"https:\/\/servicios.unileon.es\/unidad-prevencion-riesgos-laborales\/accidentes-incidentes\/informe-de-accidentes-con-baja-2012\/","title":{"rendered":"Informe de accidentes con baja \u2013 2012"},"content":{"rendered":"<h2>A\u00f1o 2012<\/h2>\r\n<table>\r\n\t<thead>\r\n\t\t<tr>\r\n\t\t\t<td>&nbsp;<\/td>\r\n\t\t\t<td>P.D.I.<\/td>\r\n\t\t\t<td>P.A.S.Funcionario<\/td>\r\n\t\t\t<td>P.A.S.Laboral<\/td>\r\n\t\t\t<td>Becarios<\/td>\r\n\t\t\t<td>TOTAL<\/td>\r\n\t\t<\/tr>\r\n\t<\/thead>\r\n\t<tbody>\r\n\t\t<tr>\r\n\t\t\t<th>N\u00famero de accidentes con baja<\/th>\r\n\t\t\t<td>1<\/td>\r\n\t\t\t<td>4(a)<\/td>\r\n\t\t\t<td>0<\/td>\r\n\t\t\t<td>0<\/td>\r\n\t\t\t<td>5<\/td>\r\n\t\t<\/tr>\r\n\t\t<tr>\r\n\t\t\t<th>N\u00famero de reca\u00eddas<\/th>\r\n\t\t\t<td>0<\/td>\r\n\t\t\t<td>0<\/td>\r\n\t\t\t<td>0<\/td>\r\n\t\t\t<td>0<\/td>\r\n\t\t\t<td>0<\/td>\r\n\t\t<\/tr>\r\n\t\t<tr>\r\n\t\t\t<th>D\u00edas reales de baja<\/th>\r\n\t\t\t<td>92<\/td>\r\n\t\t\t<td>53<\/td>\r\n\t\t\t<td>0<\/td>\r\n\t\t\t<td>0<\/td>\r\n\t\t\t<td>145<\/td>\r\n\t\t<\/tr>\r\n\t\t<tr>\r\n\t\t\t<th>N\u00famero de accidentes \u00abin itinere\u00bb<br \/>(o de tr\u00e1fico) <\/th>\r\n\t\t\t<td>1(b)<\/td>\r\n\t\t\t<td>1(b)<\/td>\r\n\t\t\t<td>0<\/td>\r\n\t\t\t<td>0<\/td>\r\n\t\t\t<td>2<\/td>\r\n\t\t<\/tr>\r\n\t\t<tr>\r\n\t\t\t<th>N\u00famero de bajas pendientes de alta<\/th>\r\n\t\t\t<td>0<\/td>\r\n\t\t\t<td>0<\/td>\r\n\t\t\t<td>0<\/td>\r\n\t\t\t<td>0<\/td>\r\n\t\t\t<td>0<\/td>\r\n\t\t<\/tr>\r\n\t<\/tbody>\r\n<\/table>\r\n<ol class=\"letras\">\r\n\t<li>Un accidente fue andando por el Campus de Vegazana (hielo) y otro en el jard\u00edn de El Alb\u00e9itar.<\/li>\r\n\t<li>Andando \u201cin itinere\u201d antes de comenzar la jornada<\/li>\r\n<\/ol>","protected":false},"excerpt":{"rendered":"<p>A\u00f1o 2012 &nbsp; P.D.I. P.A.S.Funcionario P.A.S.Laboral Becarios TOTAL N\u00famero de accidentes con baja 1 4(a) 0 0 5 N\u00famero de reca\u00eddas 0 0 0 0 0 D\u00edas reales de baja 92 53 0 0 145 N\u00famero de accidentes \u00abin itinere\u00bb(o de tr\u00e1fico) 1(b) 1(b) 0 0 2 N\u00famero de bajas pendientes de alta 0 0 [&hellip;]<\/p>\n","protected":false},"author":1,"featured_media":0,"parent":27,"menu_order":0,"comment_status":"closed","ping_status":"closed","template":"","meta":{"footnotes":""},"class_list":["post-162","page","type-page","status-publish","hentry"],"_links":{"self":[{"href":"https:\/\/servicios.unileon.es\/unidad-prevencion-riesgos-laborales\/wp-json\/wp\/v2\/pages\/162","targetHints":{"allow":["GET"]}}],"collection":[{"href":"https:\/\/servicios.unileon.es\/unidad-prevencion-riesgos-laborales\/wp-json\/wp\/v2\/pages"}],"about":[{"href":"https:\/\/servicios.unileon.es\/unidad-prevencion-riesgos-laborales\/wp-json\/wp\/v2\/types\/page"}],"author":[{"embeddable":true,"href":"https:\/\/servicios.unileon.es\/unidad-prevencion-riesgos-laborales\/wp-json\/wp\/v2\/users\/1"}],"replies":[{"embeddable":true,"href":"https:\/\/servicios.unileon.es\/unidad-prevencion-riesgos-laborales\/wp-json\/wp\/v2\/comments?post=162"}],"version-history":[{"count":1,"href":"https:\/\/servicios.unileon.es\/unidad-prevencion-riesgos-laborales\/wp-json\/wp\/v2\/pages\/162\/revisions"}],"predecessor-version":[{"id":163,"href":"https:\/\/servicios.unileon.es\/unidad-prevencion-riesgos-laborales\/wp-json\/wp\/v2\/pages\/162\/revisions\/163"}],"up":[{"embeddable":true,"href":"https:\/\/servicios.unileon.es\/unidad-prevencion-riesgos-laborales\/wp-json\/wp\/v2\/pages\/27"}],"wp:attachment":[{"href":"https:\/\/servicios.unileon.es\/unidad-prevencion-riesgos-laborales\/wp-json\/wp\/v2\/media?parent=162"}],"curies":[{"name":"wp","href":"https:\/\/api.w.org\/{rel}","templated":true}]}}

<h2>Año 2012</h2>
<table>
	<thead>
		<tr>
			<td>&nbsp;</td>
			<td>P.D.I.</td>
			<td>P.A.S.Funcionario</td>
			<td>P.A.S.Laboral</td>
			<td>Becarios</td>
			<td>TOTAL</td>
		</tr>
	</thead>
	<tbody>
		<tr>
			<th>Número de accidentes con baja</th>
			<td>1</td>
			<td>4(a)</td>
			<td>0</td>
			<td>0</td>
			<td>5</td>
		</tr>
		<tr>
			<th>Número de recaídas</th>
			<td>0</td>
			<td>0</td>
			<td>0</td>
			<td>0</td>
			<td>0</td>
		</tr>
		<tr>
			<th>Días reales de baja</th>
			<td>92</td>
			<td>53</td>
			<td>0</td>
			<td>0</td>
			<td>145</td>
		</tr>
		<tr>
			<th>Número de accidentes «in itinere»<br />(o de tráfico) </th>
			<td>1(b)</td>
			<td>1(b)</td>
			<td>0</td>
			<td>0</td>
			<td>2</td>
		</tr>
		<tr>
			<th>Número de bajas pendientes de alta</th>
			<td>0</td>
			<td>0</td>
			<td>0</td>
			<td>0</td>
			<td>0</td>
		</tr>
	</tbody>
</table>
<ol class="letras">
	<li>Un accidente fue andando por el Campus de Vegazana (hielo) y otro en el jardín de El Albéitar.</li>
	<li>Andando “in itinere” antes de comenzar la jornada</li>
</ol>

<p>Año 2012 &nbsp; P.D.I. P.A.S.Funcionario P.A.S.Laboral Becarios TOTAL Número de accidentes con baja 1 4(a) 0 0 5 Número de recaídas 0 0 0 0 0 Días reales de baja 92 53 0 0 145 Número de accidentes «in itinere»(o de tráfico) 1(b) 1(b) 0 0 2 Número de bajas pendientes de alta 0 0 [&hellip;]</p>
