{"id":147,"date":"2012-10-25T16:18:33","date_gmt":"2012-10-25T16:18:33","guid":{"rendered":"http:\/\/servicios.unileon.es\/unidad-prevencion-riesgos-laborales\/?page_id=147"},"modified":"2012-10-25T16:18:33","modified_gmt":"2012-10-25T16:18:33","slug":"informe-de-accidentes-con-baja-2011","status":"publish","type":"page","link":"https:\/\/servicios.unileon.es\/unidad-prevencion-riesgos-laborales\/accidentes-incidentes\/informe-de-accidentes-con-baja-2011\/","title":{"rendered":"Informe de accidentes con baja \u2013 2011"},"content":{"rendered":"<h2>A\u00f1o 2011<\/h2>\r\n<table>\r\n\t<thead>\r\n        <tr>\r\n            <td>&nbsp;<\/td>\r\n            <td>P.D.I.<\/td>\r\n            <td>P.A.S.Funcionario<\/td>\r\n            <td>P.A.S.Laboral<\/td>\r\n            <td>Becarios<\/td>\r\n            <td>TOTAL<\/td>\r\n        <\/tr>\r\n\t<\/thead>\r\n\t<tbody>\r\n        <tr>\r\n            <th>N\u00famero de accidentes con baja<\/th>\r\n            <td>1<\/td>\r\n            <td>2<\/td>\r\n            <td>4(c)<\/td>\r\n            <td>0<\/td>\r\n            <td>7<\/td>\r\n        <\/tr>\r\n        <tr>\r\n            <th>N\u00famero de reca\u00eddas<\/th>\r\n            <td>0<\/td>\r\n            <td>0<\/td>\r\n            <td>1<\/td>\r\n            <td>0<\/td>\r\n            <td>1<\/td>\r\n        <\/tr>\r\n        <tr>\r\n            <th>D\u00edas reales de baja<\/th>\r\n            <td>21<\/td>\r\n            <td>514<\/td>\r\n            <td>376<\/td>\r\n            <td>0<\/td>\r\n            <td>911<\/td>\r\n        <\/tr>\r\n        <tr>\r\n            <th>N\u00famero de accidentes \u00abin itinere\u00bb<br \/>(o de tr\u00e1fico) <\/th>\r\n            <td>1(a)<\/td>\r\n            <td>1(b)<\/td>\r\n            <td>1(d)<\/td>\r\n            <td>0<\/td>\r\n            <td>3<\/td>\r\n        <\/tr>\r\n        <tr>\r\n            <th>N\u00famero de bajas pendientes de alta<\/th>\r\n            <td>0<\/td>\r\n            <td>0<\/td>\r\n            <td>0<\/td>\r\n            <td>0<\/td>\r\n            <td>0<\/td>\r\n        <\/tr>\r\n    <\/tbody>\r\n<\/table>\r\n<ol class=\"letras\">\r\n    <li>Con el coche<\/li>\r\n    <li>Atropello<\/li>\r\n    <li>Defunci\u00f3n; NO se ha contabilizado ning\u00fan d\u00eda de baja<\/li>\r\n    <li>Andando<\/li>\r\n<\/ol>","protected":false},"excerpt":{"rendered":"<p>A\u00f1o 2011 &nbsp; P.D.I. P.A.S.Funcionario P.A.S.Laboral Becarios TOTAL N\u00famero de accidentes con baja 1 2 4(c) 0 7 N\u00famero de reca\u00eddas 0 0 1 0 1 D\u00edas reales de baja 21 514 376 0 911 N\u00famero de accidentes \u00abin itinere\u00bb(o de tr\u00e1fico) 1(a) 1(b) 1(d) 0 3 N\u00famero de bajas pendientes de alta 0 0 [&hellip;]<\/p>\n","protected":false},"author":1,"featured_media":0,"parent":27,"menu_order":0,"comment_status":"closed","ping_status":"closed","template":"","meta":{"footnotes":""},"class_list":["post-147","page","type-page","status-publish","hentry"],"_links":{"self":[{"href":"https:\/\/servicios.unileon.es\/unidad-prevencion-riesgos-laborales\/wp-json\/wp\/v2\/pages\/147","targetHints":{"allow":["GET"]}}],"collection":[{"href":"https:\/\/servicios.unileon.es\/unidad-prevencion-riesgos-laborales\/wp-json\/wp\/v2\/pages"}],"about":[{"href":"https:\/\/servicios.unileon.es\/unidad-prevencion-riesgos-laborales\/wp-json\/wp\/v2\/types\/page"}],"author":[{"embeddable":true,"href":"https:\/\/servicios.unileon.es\/unidad-prevencion-riesgos-laborales\/wp-json\/wp\/v2\/users\/1"}],"replies":[{"embeddable":true,"href":"https:\/\/servicios.unileon.es\/unidad-prevencion-riesgos-laborales\/wp-json\/wp\/v2\/comments?post=147"}],"version-history":[{"count":1,"href":"https:\/\/servicios.unileon.es\/unidad-prevencion-riesgos-laborales\/wp-json\/wp\/v2\/pages\/147\/revisions"}],"predecessor-version":[{"id":148,"href":"https:\/\/servicios.unileon.es\/unidad-prevencion-riesgos-laborales\/wp-json\/wp\/v2\/pages\/147\/revisions\/148"}],"up":[{"embeddable":true,"href":"https:\/\/servicios.unileon.es\/unidad-prevencion-riesgos-laborales\/wp-json\/wp\/v2\/pages\/27"}],"wp:attachment":[{"href":"https:\/\/servicios.unileon.es\/unidad-prevencion-riesgos-laborales\/wp-json\/wp\/v2\/media?parent=147"}],"curies":[{"name":"wp","href":"https:\/\/api.w.org\/{rel}","templated":true}]}}

<h2>Año 2011</h2>
<table>
	<thead>
        <tr>
            <td>&nbsp;</td>
            <td>P.D.I.</td>
            <td>P.A.S.Funcionario</td>
            <td>P.A.S.Laboral</td>
            <td>Becarios</td>
            <td>TOTAL</td>
        </tr>
	</thead>
	<tbody>
        <tr>
            <th>Número de accidentes con baja</th>
            <td>1</td>
            <td>2</td>
            <td>4(c)</td>
            <td>0</td>
            <td>7</td>
        </tr>
        <tr>
            <th>Número de recaídas</th>
            <td>0</td>
            <td>0</td>
            <td>1</td>
            <td>0</td>
            <td>1</td>
        </tr>
        <tr>
            <th>Días reales de baja</th>
            <td>21</td>
            <td>514</td>
            <td>376</td>
            <td>0</td>
            <td>911</td>
        </tr>
        <tr>
            <th>Número de accidentes «in itinere»<br />(o de tráfico) </th>
            <td>1(a)</td>
            <td>1(b)</td>
            <td>1(d)</td>
            <td>0</td>
            <td>3</td>
        </tr>
        <tr>
            <th>Número de bajas pendientes de alta</th>
            <td>0</td>
            <td>0</td>
            <td>0</td>
            <td>0</td>
            <td>0</td>
        </tr>
    </tbody>
</table>
<ol class="letras">
    <li>Con el coche</li>
    <li>Atropello</li>
    <li>Defunción; NO se ha contabilizado ningún día de baja</li>
    <li>Andando</li>
</ol>

<p>Año 2011 &nbsp; P.D.I. P.A.S.Funcionario P.A.S.Laboral Becarios TOTAL Número de accidentes con baja 1 2 4(c) 0 7 Número de recaídas 0 0 1 0 1 Días reales de baja 21 514 376 0 911 Número de accidentes «in itinere»(o de tráfico) 1(a) 1(b) 1(d) 0 3 Número de bajas pendientes de alta 0 0 [&hellip;]</p>
