{"id":100,"date":"2011-01-18T12:16:09","date_gmt":"2011-01-18T12:16:09","guid":{"rendered":"http:\/\/servicios.unileon.es\/unidad-prevencion-riesgos-laborales\/"},"modified":"2011-01-18T12:17:23","modified_gmt":"2011-01-18T12:17:23","slug":"informe-de-accidentes-con-baja-2010","status":"publish","type":"page","link":"https:\/\/servicios.unileon.es\/unidad-prevencion-riesgos-laborales\/accidentes-incidentes\/informe-de-accidentes-con-baja-2010\/","title":{"rendered":"Informe de accidentes con baja &#8211; 2010"},"content":{"rendered":"<h2>A\u00f1o 2010<\/h2>\r\n<table>\r\n\t<thead>\r\n        <tr>\r\n            <td>&nbsp;<\/td>\r\n            <td>P.D.I.<\/td>\r\n            <td>P.A.S.Funcionario<\/td>\r\n            <td>P.A.S.Laboral<\/td>\r\n            <td>Becarios<\/td>\r\n            <td>TOTAL<\/td>\r\n        <\/tr>\r\n\t<\/thead>\r\n\t<tbody>\r\n        <tr>\r\n            <th>N\u00famero de accidentes con baja<\/th>\r\n            <td>0<\/td>\r\n            <td>2<\/td>\r\n            <td>2<\/td>\r\n            <td>0<\/td>\r\n            <td>4<\/td>\r\n        <\/tr>\r\n        <tr>\r\n            <th>N\u00famero de reca\u00eddas<\/th>\r\n            <td>0<\/td>\r\n            <td>0<\/td>\r\n            <td>1<\/td>\r\n            <td>0<\/td>\r\n            <td>0<\/td>\r\n        <\/tr>\r\n        <tr>\r\n            <th>D\u00edas reales de baja<\/th>\r\n            <td>0<\/td>\r\n            <td>71<\/td>\r\n            <td>219<\/td>\r\n            <td>0<\/td>\r\n            <td>290<\/td>\r\n        <\/tr>\r\n        <tr>\r\n            <th>N\u00famero de accidentes \u00abin itinere\u00bb<br \/>(o de tr\u00e1fico) <\/th>\r\n            <td>0<\/td>\r\n            <td>1(a)<\/td>\r\n            <td>1(b)<\/td>\r\n            <td>0<\/td>\r\n            <td>2<\/td>\r\n        <\/tr>\r\n        <tr>\r\n            <th>N\u00famero de bajas pendientes de alta<\/th>\r\n            <td>0<\/td>\r\n            <td>0<\/td>\r\n            <td>0<\/td>\r\n            <td>0<\/td>\r\n            <td>0<\/td>\r\n        <\/tr>\r\n    <\/tbody>\r\n<\/table>\r\n<ol class=\"letras\">\r\n    <li>Con una bibicleta.<\/li>\r\n    <li>Con una motocicleta.<\/li>\r\n<\/ol>","protected":false},"excerpt":{"rendered":"<p>A\u00f1o 2010 &nbsp; P.D.I. P.A.S.Funcionario P.A.S.Laboral Becarios TOTAL N\u00famero de accidentes con baja 0 2 2 0 4 N\u00famero de reca\u00eddas 0 0 1 0 0 D\u00edas reales de baja 0 71 219 0 290 N\u00famero de accidentes \u00abin itinere\u00bb(o de tr\u00e1fico) 0 1(a) 1(b) 0 2 N\u00famero de bajas pendientes de alta 0 0 [&hellip;]<\/p>\n","protected":false},"author":1,"featured_media":0,"parent":27,"menu_order":0,"comment_status":"closed","ping_status":"open","template":"","meta":{"footnotes":""},"class_list":["post-100","page","type-page","status-publish","hentry"],"_links":{"self":[{"href":"https:\/\/servicios.unileon.es\/unidad-prevencion-riesgos-laborales\/wp-json\/wp\/v2\/pages\/100","targetHints":{"allow":["GET"]}}],"collection":[{"href":"https:\/\/servicios.unileon.es\/unidad-prevencion-riesgos-laborales\/wp-json\/wp\/v2\/pages"}],"about":[{"href":"https:\/\/servicios.unileon.es\/unidad-prevencion-riesgos-laborales\/wp-json\/wp\/v2\/types\/page"}],"author":[{"embeddable":true,"href":"https:\/\/servicios.unileon.es\/unidad-prevencion-riesgos-laborales\/wp-json\/wp\/v2\/users\/1"}],"replies":[{"embeddable":true,"href":"https:\/\/servicios.unileon.es\/unidad-prevencion-riesgos-laborales\/wp-json\/wp\/v2\/comments?post=100"}],"version-history":[{"count":2,"href":"https:\/\/servicios.unileon.es\/unidad-prevencion-riesgos-laborales\/wp-json\/wp\/v2\/pages\/100\/revisions"}],"predecessor-version":[{"id":102,"href":"https:\/\/servicios.unileon.es\/unidad-prevencion-riesgos-laborales\/wp-json\/wp\/v2\/pages\/100\/revisions\/102"}],"up":[{"embeddable":true,"href":"https:\/\/servicios.unileon.es\/unidad-prevencion-riesgos-laborales\/wp-json\/wp\/v2\/pages\/27"}],"wp:attachment":[{"href":"https:\/\/servicios.unileon.es\/unidad-prevencion-riesgos-laborales\/wp-json\/wp\/v2\/media?parent=100"}],"curies":[{"name":"wp","href":"https:\/\/api.w.org\/{rel}","templated":true}]}}