{"id":18,"date":"2016-04-18T07:35:27","date_gmt":"2016-04-18T07:35:27","guid":{"rendered":"http:\/\/servicios.unileon.es\/ufi3d\/?page_id=18"},"modified":"2016-04-18T09:37:37","modified_gmt":"2016-04-18T09:37:37","slug":"prestaciones","status":"publish","type":"page","link":"https:\/\/servicios.unileon.es\/ufi3d\/prestaciones\/","title":{"rendered":"Prestaciones"},"content":{"rendered":"<p>La Unidad de Fabricaci\u00f3n e Impresi\u00f3n 3D (UFI3D) de la Universidad de Le\u00f3n pone a disposici\u00f3n de cualquier investigador o grupo de investigaci\u00f3n de la Universidad de Le\u00f3n, de otras entidades, empresas o  particulares que lo  soliciten, cualquiera de los servicios de los que disponemos as\u00ed como nuestro personal especializado para la realizaci\u00f3n de trabajos.<\/p>\n<p>Los trabajos realizados en la UFI3D ser\u00e1n facturados seg\u00fan las tarifas vigentes, aprobados anualmente por la Junta de Gobierno de la Universidad.<\/p>\n<p>El horario de la Unidad es de lunes a viernes por  la ma\u00f1ana de 10:00 h a 14:00 h y por la tarde de 16:00 h a 20:00 h (excepto el viernes por la tarde que ser\u00e1 de 16:00 h a 19:00 h), estando sujeto a variaciones seg\u00fan periodos vacacionales o festivos.<\/p>\n","protected":false},"excerpt":{"rendered":"<p>La Unidad de Fabricaci\u00f3n e Impresi\u00f3n 3D (UFI3D) de la Universidad de Le\u00f3n pone a disposici\u00f3n de cualquier investigador o grupo de investigaci\u00f3n de la Universidad de Le\u00f3n, de otras entidades, empresas o particulares que lo soliciten, cualquiera de los &hellip; <a href=\"https:\/\/servicios.unileon.es\/ufi3d\/prestaciones\/\">Sigue leyendo <span class=\"meta-nav\">&rarr;<\/span><\/a><\/p>\n","protected":false},"author":344,"featured_media":0,"parent":0,"menu_order":0,"comment_status":"closed","ping_status":"closed","template":"","meta":{"footnotes":""},"class_list":["post-18","page","type-page","status-publish","hentry"],"_links":{"self":[{"href":"https:\/\/servicios.unileon.es\/ufi3d\/wp-json\/wp\/v2\/pages\/18","targetHints":{"allow":["GET"]}}],"collection":[{"href":"https:\/\/servicios.unileon.es\/ufi3d\/wp-json\/wp\/v2\/pages"}],"about":[{"href":"https:\/\/servicios.unileon.es\/ufi3d\/wp-json\/wp\/v2\/types\/page"}],"author":[{"embeddable":true,"href":"https:\/\/servicios.unileon.es\/ufi3d\/wp-json\/wp\/v2\/users\/344"}],"replies":[{"embeddable":true,"href":"https:\/\/servicios.unileon.es\/ufi3d\/wp-json\/wp\/v2\/comments?post=18"}],"version-history":[{"count":2,"href":"https:\/\/servicios.unileon.es\/ufi3d\/wp-json\/wp\/v2\/pages\/18\/revisions"}],"predecessor-version":[{"id":66,"href":"https:\/\/servicios.unileon.es\/ufi3d\/wp-json\/wp\/v2\/pages\/18\/revisions\/66"}],"wp:attachment":[{"href":"https:\/\/servicios.unileon.es\/ufi3d\/wp-json\/wp\/v2\/media?parent=18"}],"curies":[{"name":"wp","href":"https:\/\/api.w.org\/{rel}","templated":true}]}}