{"id":16,"date":"2016-04-18T07:34:51","date_gmt":"2016-04-18T07:34:51","guid":{"rendered":"http:\/\/servicios.unileon.es\/ufi3d\/?page_id=16"},"modified":"2016-04-18T09:33:44","modified_gmt":"2016-04-18T09:33:44","slug":"area-de-inspeccion","status":"publish","type":"page","link":"https:\/\/servicios.unileon.es\/ufi3d\/equipamiento-disponible\/area-de-inspeccion\/","title":{"rendered":"Secci\u00f3n de inspecci\u00f3n y calidad"},"content":{"rendered":"<p>La inspecci\u00f3n de piezas es una actividad clave en la mayor\u00eda de los procesos.  Un ajuste adecuado entre piezas es  garant\u00eda para su montaje  y para asegurar la correcta funcionalidad  del producto o prototipo sin fallos.<\/p>\n<p>Disponemos de equipos de medici\u00f3n por coordenadas con sensores de contacto de alta precisi\u00f3n y equipos de escaneado metrol\u00f3gicos para evaluar las dimensiones y la geometr\u00eda de piezas. Tambi\u00e9n disponemos de equipos para evaluar la calidad y las propiedades superficiales  de las piezas. El software que usamos es altamente especializado (PCDMIS y Geomagic Control) lo que nos aporta una gran flexibilidad para adaptarnos a numerosas casu\u00edsticas. Entregamos un informe detallado de evaluaci\u00f3n seg\u00fan las especificaciones a comprobar.<\/p>\n<ol>\n<li>\n<p><strong>Brazo de medir por coordenadas Romer Absolute 7320<\/strong> con software de inspecci\u00f3n asistida por ordenador PC-DMIS CAD++.<\/p>\n<p><strong>Datos t\u00e9cnicos:<\/strong> repetibilidad de punto 0,03 mm; precisi\u00f3n volum\u00e9trica \u00b10,042 mm; rango de medida 2m.<\/p>\n<p class=\"aligncenter\"><img decoding=\"async\" style=\"margin: 30px 0;\" src=\"http:\/\/servicios.unileon.es\/ufi3d\/files\/2016\/04\/Brazo_de_medir_por_coordenadas_Romer_Absolute_7320-300x205.jpg\" alt=\"Brazo_de_medir_por_coordenadas_Romer_Absolute_7320\" width=\"300\" \/><\/p>\n<\/li>\n<li>\n<p><strong>Esc\u00e1ner 3D Breuckmann smartScan, con tres campos de trabajo<\/strong>. Trabaja con software profesional OptoCAT.<\/p>\n<p><strong>Datos t\u00e9cnicos:<\/strong> t\u00e9cnica luz blanca estructurada; resoluci\u00f3n del proyector 28 Megapixel; resoluci\u00f3n de c\u00e1mara 2 x 4 Megapixel; campo de visi\u00f3n m\u00ednimo\/m\u00e1ximo 55 x 52 mm \/ 910 x 910 mm; profundidad de medida m\u00e1xima 600 mm; resoluci\u00f3n XY 0,027 mm; resoluci\u00f3n Z 0,003 mm; precisi\u00f3n 0,007 mm.<\/p>\n<p class=\"aligncenter\"><img decoding=\"async\" style=\"margin: 30px 0;\" src=\"http:\/\/servicios.unileon.es\/ufi3d\/files\/2016\/04\/Escaner_3D_Breuckmann_smartScan-300x200.jpg\" alt=\"Escaner_3D_Breuckmann_smartScan\" width=\"300\" \/><\/p>\n<\/li>\n<li>\n<p><strong>Software profesional Geomagic Control<\/strong>, para la comparaci\u00f3n entre la geometr\u00eda nominal y la geometr\u00eda real reconstruida por el esc\u00e1ner o el brazo de coordenadas.<\/p>\n<p class=\"aligncenter\"><img decoding=\"async\" style=\"margin: 30px 0;\" src=\"http:\/\/servicios.unileon.es\/ufi3d\/files\/2016\/04\/Software_Geomagic_control-300x177.png\" alt=\"Software_Geomagic_control\" width=\"300\" \/><\/p>\n<\/li>\n<\/ol>\n","protected":false},"excerpt":{"rendered":"<p>La inspecci\u00f3n de piezas es una actividad clave en la mayor\u00eda de los procesos. Un ajuste adecuado entre piezas es garant\u00eda para su montaje y para asegurar la correcta funcionalidad del producto o prototipo sin fallos. Disponemos de equipos de &hellip; <a href=\"https:\/\/servicios.unileon.es\/ufi3d\/equipamiento-disponible\/area-de-inspeccion\/\">Sigue leyendo <span class=\"meta-nav\">&rarr;<\/span><\/a><\/p>\n","protected":false},"author":344,"featured_media":0,"parent":10,"menu_order":0,"comment_status":"closed","ping_status":"closed","template":"","meta":{"footnotes":""},"class_list":["post-16","page","type-page","status-publish","hentry"],"_links":{"self":[{"href":"https:\/\/servicios.unileon.es\/ufi3d\/wp-json\/wp\/v2\/pages\/16","targetHints":{"allow":["GET"]}}],"collection":[{"href":"https:\/\/servicios.unileon.es\/ufi3d\/wp-json\/wp\/v2\/pages"}],"about":[{"href":"https:\/\/servicios.unileon.es\/ufi3d\/wp-json\/wp\/v2\/types\/page"}],"author":[{"embeddable":true,"href":"https:\/\/servicios.unileon.es\/ufi3d\/wp-json\/wp\/v2\/users\/344"}],"replies":[{"embeddable":true,"href":"https:\/\/servicios.unileon.es\/ufi3d\/wp-json\/wp\/v2\/comments?post=16"}],"version-history":[{"count":4,"href":"https:\/\/servicios.unileon.es\/ufi3d\/wp-json\/wp\/v2\/pages\/16\/revisions"}],"predecessor-version":[{"id":63,"href":"https:\/\/servicios.unileon.es\/ufi3d\/wp-json\/wp\/v2\/pages\/16\/revisions\/63"}],"up":[{"embeddable":true,"href":"https:\/\/servicios.unileon.es\/ufi3d\/wp-json\/wp\/v2\/pages\/10"}],"wp:attachment":[{"href":"https:\/\/servicios.unileon.es\/ufi3d\/wp-json\/wp\/v2\/media?parent=16"}],"curies":[{"name":"wp","href":"https:\/\/api.w.org\/{rel}","templated":true}]}}