{"id":16,"date":"2010-11-11T13:19:42","date_gmt":"2010-11-11T13:19:42","guid":{"rendered":"http:\/\/servicios.unileon.es\/traduccion\/"},"modified":"2020-03-30T11:18:32","modified_gmt":"2020-03-30T11:18:32","slug":"tarifas","status":"publish","type":"page","link":"https:\/\/servicios.unileon.es\/traduccion\/tarifas\/","title":{"rendered":"Tarifas"},"content":{"rendered":"<table class=\"extendida\">\n<thead>\n<tr>\n<td>TRADUCCI&Oacute;N AL ESPA&Ntilde;OL<\/td>\n<td class=\"aligncenter\">PRECIO\/PAG.<br \/>UNIVERSIDAD<\/td>\n<td class=\"aligncenter\">PRECIO\/PAG.<br \/>INSTITUCIONES<\/td>\n<td class=\"aligncenter\">PRECIO\/PAG.<br \/>EXTERNOS<\/td>\n<\/tr>\n<\/thead>\n<tbody>\n<tr>\n<th>Alem\u00e1n<\/th>\n<td class=\"aligncenter\">15 &euro;<\/td>\n<td class=\"aligncenter\">16 &euro;<\/td>\n<td class=\"aligncenter\">17 &euro;<\/td>\n<\/tr>\n<tr>\n<th>Franc\u00e9s<\/th>\n<td class=\"aligncenter\">15 &euro;<\/td>\n<td class=\"aligncenter\">16 &euro;<\/td>\n<td class=\"aligncenter\">17 &euro;<\/td>\n<\/tr>\n<tr>\n<th>Holand\u00e9s<\/th>\n<td class=\"aligncenter\">15 &euro;<\/td>\n<td class=\"aligncenter\">16 &euro;<\/td>\n<td class=\"aligncenter\">17 &euro;<\/td>\n<\/tr>\n<tr>\n<th>Ingl\u00e9s<\/th>\n<td class=\"aligncenter\">15 &euro;<\/td>\n<td class=\"aligncenter\">16 &euro;<\/td>\n<td class=\"aligncenter\">17 &euro;<\/td>\n<\/tr>\n<tr>\n<th>Italiano<\/th>\n<td class=\"aligncenter\">15 &euro;<\/td>\n<td class=\"aligncenter\">16 &euro;<\/td>\n<td class=\"aligncenter\">17 &euro;<\/td>\n<\/tr>\n<tr>\n<th>Portugu\u00e9s<\/th>\n<td class=\"aligncenter\">15 &euro;<\/td>\n<td class=\"aligncenter\">16 &euro;<\/td>\n<td class=\"aligncenter\">17 &euro;<\/td>\n<\/tr>\n<tr>\n<th>Ruso<\/th>\n<td class=\"aligncenter\">15 &euro;<\/td>\n<td class=\"aligncenter\">16 &euro;<\/td>\n<td class=\"aligncenter\">17 &euro;<\/td>\n<\/tr>\n<\/tbody>\n<\/table>\n<p>&nbsp;<\/p>\n<table class=\"extendida\">\n<thead>\n<tr>\n<td>TRADUCCI&Oacute;N DEL ESPA&Ntilde;OL<\/td>\n<td class=\"aligncenter\">PRECIO\/PAG.<br \/>UNIVERSIDAD<\/td>\n<td class=\"aligncenter\">PRECIO\/PAG.<br \/>INSTITUCIONES<\/td>\n<td class=\"aligncenter\">PRECIO\/PAG.<br \/>EXTERNOS<\/td>\n<\/tr>\n<\/thead>\n<tbody>\n<tr>\n<th>Alem\u00e1n<\/th>\n<td class=\"aligncenter\">16 &euro;<\/td>\n<td class=\"aligncenter\">18 &euro;<\/td>\n<td class=\"aligncenter\">20 &euro;<\/td>\n<\/tr>\n<tr>\n<th>Franc\u00e9s<\/th>\n<td class=\"aligncenter\">16 &euro;<\/td>\n<td class=\"aligncenter\">18 &euro;<\/td>\n<td class=\"aligncenter\">20 &euro;<\/td>\n<\/tr>\n<tr>\n<th>Holand\u00e9s<\/th>\n<td class=\"aligncenter\">16 &euro;<\/td>\n<td class=\"aligncenter\">18 &euro;<\/td>\n<td class=\"aligncenter\">20 &euro;<\/td>\n<\/tr>\n<tr>\n<th>Ingl\u00e9s<\/th>\n<td class=\"aligncenter\">16 &euro;<\/td>\n<td class=\"aligncenter\">18 &euro;<\/td>\n<td class=\"aligncenter\">20 &euro;<\/td>\n<\/tr>\n<tr>\n<th>Italiano<\/th>\n<td class=\"aligncenter\">16 &euro;<\/td>\n<td class=\"aligncenter\">18 &euro;<\/td>\n<td class=\"aligncenter\">20 &euro;<\/td>\n<\/tr>\n<tr>\n<th>Portugu\u00e9s<\/th>\n<td class=\"aligncenter\">16 &euro;<\/td>\n<td class=\"aligncenter\">18 &euro;<\/td>\n<td class=\"aligncenter\">20 &euro;<\/td>\n<\/tr>\n<tr>\n<th>Ruso<\/th>\n<td class=\"aligncenter\">16 &euro;<\/td>\n<td class=\"aligncenter\">18 &euro;<\/td>\n<td class=\"aligncenter\">20 &euro;<\/td>\n<\/tr>\n<\/tbody>\n<\/table>\n<p>&nbsp;<\/p>\n<table class=\"extendida\">\n<thead>\n<tr>\n<th rowspan=\"2\">CORRECCI&Oacute;N TEXTO<\/th>\n<td colspan=\"2\" class=\"aligncenter\">PRECIO\/PAG.<br \/>UNIVERSIDAD<\/td>\n<td colspan=\"2\" class=\"aligncenter\">PRECIO\/PAG.<br \/>INSTITUCIONES<\/td>\n<td colspan=\"2\" class=\"aligncenter\">PRECIO\/PAG.<br \/>EXTERNOS<\/td>\n<\/tr>\n<tr>\n<td class=\"aligncenter\">&lt;30%<\/td>\n<td class=\"aligncenter\">30-50%<\/td>\n<td class=\"aligncenter\">&lt;30%<\/td>\n<td class=\"aligncenter\">30-50%<\/td>\n<td class=\"aligncenter\">&lt;30%<\/td>\n<td class=\"aligncenter\">30-50%<\/td>\n<\/tr>\n<\/thead>\n<tbody>\n<tr>\n<th>Alem\u00e1n<\/th>\n<td class=\"aligncenter\">7,50 &euro;<\/td>\n<td class=\"aligncenter\">9,50 &euro;<\/td>\n<td class=\"aligncenter\">8,50 &euro;<\/td>\n<td class=\"aligncenter\">10,50 &euro;<\/td>\n<td class=\"aligncenter\">9,50 &euro;<\/td>\n<td class=\"aligncenter\">11,50 &euro;<\/td>\n<\/tr>\n<tr>\n<th>Franc\u00e9s<\/th>\n<td class=\"aligncenter\">7,50 &euro;<\/td>\n<td class=\"aligncenter\">9,50 &euro;<\/td>\n<td class=\"aligncenter\">8,50 &euro;<\/td>\n<td class=\"aligncenter\">10,50 &euro;<\/td>\n<td class=\"aligncenter\">9,50 &euro;<\/td>\n<td class=\"aligncenter\">11,50 &euro;<\/td>\n<\/tr>\n<tr>\n<th>Holand\u00e9s<\/th>\n<td class=\"aligncenter\">7,50 &euro;<\/td>\n<td class=\"aligncenter\">9,50 &euro;<\/td>\n<td class=\"aligncenter\">8,50 &euro;<\/td>\n<td class=\"aligncenter\">10,50 &euro;<\/td>\n<td class=\"aligncenter\">9,50 &euro;<\/td>\n<td class=\"aligncenter\">11,50 &euro;<\/td>\n<\/tr>\n<tr>\n<th>Ingl\u00e9s<\/th>\n<td class=\"aligncenter\">7,50 &euro;<\/td>\n<td class=\"aligncenter\">9,50 &euro;<\/td>\n<td class=\"aligncenter\">8,50 &euro;<\/td>\n<td class=\"aligncenter\">10,50 &euro;<\/td>\n<td class=\"aligncenter\">9,50 &euro;<\/td>\n<td class=\"aligncenter\">11,50 &euro;<\/td>\n<\/tr>\n<tr>\n<th>Italiano<\/th>\n<td class=\"aligncenter\">7,50 &euro;<\/td>\n<td class=\"aligncenter\">9,50 &euro;<\/td>\n<td class=\"aligncenter\">8,50 &euro;<\/td>\n<td class=\"aligncenter\">10,50 &euro;<\/td>\n<td class=\"aligncenter\">9,50 &euro;<\/td>\n<td class=\"aligncenter\">11,50 &euro;<\/td>\n<\/tr>\n<tr>\n<th>Portugu\u00e9s<\/th>\n<td class=\"aligncenter\">7,50 &euro;<\/td>\n<td class=\"aligncenter\">9,50 &euro;<\/td>\n<td class=\"aligncenter\">8,50 &euro;<\/td>\n<td class=\"aligncenter\">10,50 &euro;<\/td>\n<td class=\"aligncenter\">9,50 &euro;<\/td>\n<td class=\"aligncenter\">11,50 &euro;<\/td>\n<\/tr>\n<tr>\n<th>Ruso<\/th>\n<td class=\"aligncenter\">7,50 &euro;<\/td>\n<td class=\"aligncenter\">9,50 &euro;<\/td>\n<td class=\"aligncenter\">8,50 &euro;<\/td>\n<td class=\"aligncenter\">10,50 &euro;<\/td>\n<td class=\"aligncenter\">9,50 &euro;<\/td>\n<td class=\"aligncenter\">11,50 &euro;<\/td>\n<\/tr>\n<\/tbody>\n<\/table>\n<p><strong>Nota:<\/strong><u>1 p&aacute;gina= 1.500 caracteres sin espacios.<\/u><\/p>\n<p>M&iacute;nimo facturable = media p&aacute;gina<\/p>\n<p>Se podr&aacute;n establecer convenios para traducci&oacute;n con otras instituciones  p&uacute;blicas as&iacute; como con grupos del &aacute;mbito privado (editoriales, bancos, centros docentes privados, etc).<\/p>\n<p>Descuentos para trabajos de gran extensi&oacute;n y recargos para trabajos urgentes a consultar en el propio Servicio.<\/p>\n","protected":false},"excerpt":{"rendered":"<p>TRADUCCI&Oacute;N AL ESPA&Ntilde;OL PRECIO\/PAG.UNIVERSIDAD PRECIO\/PAG.INSTITUCIONES PRECIO\/PAG.EXTERNOS Alem\u00e1n 15 &euro; 16 &euro; 17 &euro; Franc\u00e9s 15 &euro; 16 &euro; 17 &euro; Holand\u00e9s 15 &euro; 16 &euro; 17 &euro; Ingl\u00e9s 15 &euro; 16 &euro; 17 &euro; Italiano 15 &euro; 16 &euro; 17 &hellip; <a href=\"https:\/\/servicios.unileon.es\/traduccion\/tarifas\/\">Sigue leyendo <span class=\"meta-nav\">&rarr;<\/span><\/a><\/p>\n","protected":false},"author":1,"featured_media":0,"parent":0,"menu_order":0,"comment_status":"closed","ping_status":"closed","template":"","meta":{"footnotes":""},"class_list":["post-16","page","type-page","status-publish","hentry"],"_links":{"self":[{"href":"https:\/\/servicios.unileon.es\/traduccion\/wp-json\/wp\/v2\/pages\/16","targetHints":{"allow":["GET"]}}],"collection":[{"href":"https:\/\/servicios.unileon.es\/traduccion\/wp-json\/wp\/v2\/pages"}],"about":[{"href":"https:\/\/servicios.unileon.es\/traduccion\/wp-json\/wp\/v2\/types\/page"}],"author":[{"embeddable":true,"href":"https:\/\/servicios.unileon.es\/traduccion\/wp-json\/wp\/v2\/users\/1"}],"replies":[{"embeddable":true,"href":"https:\/\/servicios.unileon.es\/traduccion\/wp-json\/wp\/v2\/comments?post=16"}],"version-history":[{"count":5,"href":"https:\/\/servicios.unileon.es\/traduccion\/wp-json\/wp\/v2\/pages\/16\/revisions"}],"predecessor-version":[{"id":27,"href":"https:\/\/servicios.unileon.es\/traduccion\/wp-json\/wp\/v2\/pages\/16\/revisions\/27"}],"wp:attachment":[{"href":"https:\/\/servicios.unileon.es\/traduccion\/wp-json\/wp\/v2\/media?parent=16"}],"curies":[{"name":"wp","href":"https:\/\/api.w.org\/{rel}","templated":true}]}}