{"id":103,"date":"2013-11-13T07:58:02","date_gmt":"2013-11-13T07:58:02","guid":{"rendered":"http:\/\/servicios.unileon.es\/radio-universitaria\/?page_id=103"},"modified":"2021-12-03T13:10:30","modified_gmt":"2021-12-03T13:10:30","slug":"colabora-con-nosotros","status":"publish","type":"page","link":"https:\/\/servicios.unileon.es\/radio-universitaria\/colabora-con-nosotros\/","title":{"rendered":"Colabora con nosotros"},"content":{"rendered":"<p>En la Radio Universitaria estamos esperando a gente dispuesta a colaborar, aportar y mejorar para ello ponemos a disposici\u00f3n las instalaciones y los instrumentos necesarios para que cualquier universitario realice un programa de radio.<\/p>\t \r\n<p>Puedes colaborar con nosotros, desarrollando con t\u00fa propio proyecto.<\/p>\r\n<p>Rellena el siguiente formulario, <a href=\"https:\/\/servicios.unileon.es\/radio-universitaria\/files\/2021\/12\/proyecto-de-programa-de-radio-2021.pdf\">Proyecto de programa de radio<\/a> y env\u00edalo a nuestro correo <a href=\"mailto:dirradio@unileon.es?subject=Proyecto de programa de radio\">dirradio@unileon.es<\/a> con el siguiente asunto: &#8216;Proyecto de programa de radio&#8217;.<\/p>\t \r\n<p>Te dejamos informaci\u00f3n sobre una escaleta tipo para que puedas organizar mejor t\u00fa proyecto (<a href=\"https:\/\/servicios.unileon.es\/radio-universitaria\/files\/2021\/12\/escaleta-programa-radio-tipo-2021.pdf\">Escaleta de programa de radio tipo<\/a>).<\/p>\t \r\n<p>Este otro formulario por si necesitaras emitir desde el exterior (<a href=\"https:\/\/servicios.unileon.es\/radio-universitaria\/files\/2021\/12\/peticion-material-radio-2021.pdf\">Solicitud de retirada de material de la radio Universitaria de Le\u00f3n para la realizaci\u00f3n de programa de radio en el exterior<\/a>).<\/p>\t \r\n<p>Por \u00faltimo, \u00e9stas son las normas b\u00e1sicas a seguir a la hora de participar en la Radio Universitaria (<strong><a href=\"https:\/\/servicios.unileon.es\/radio-universitaria\/files\/2021\/12\/decalogo-del-locutor-2021.pdf\">Dec\u00e1logo del Locutor de Radio Universitaria<\/a><\/strong>).<\/p>\t \r\n<p>Para tu web o para tus redes sociales desc\u00e1rgate el logo y a\u00f1\u00e1delo.<\/p>\r\n<a href=\"https:\/\/servicios.unileon.es\/radio-universitaria\/files\/2021\/12\/logo-transparente-solo-2021.png\"><img loading=\"lazy\" decoding=\"async\" src=\"https:\/\/servicios.unileon.es\/radio-universitaria\/files\/2021\/12\/logo-transparente-solo-2021.png\" alt=\"Logo transparente\" width=\"150\" height=\"240\" class=\"alignleft size-thumbnail wp-image-119\" \/><\/a>\r\n<a href=\"https:\/\/servicios.unileon.es\/radio-universitaria\/files\/2021\/12\/logo-transparente-texto-blanco-2021.png\"><img loading=\"lazy\" decoding=\"async\" src=\"https:\/\/servicios.unileon.es\/radio-universitaria\/files\/2021\/12\/logo-transparente-texto-blanco-2021.png\" alt=\"Logo transparente texto blanco\" width=\"150\" height=\"240\" class=\"alignleft size-thumbnail wp-image-119\" \/><\/a>\r\n<a href=\"https:\/\/servicios.unileon.es\/radio-universitaria\/files\/2021\/12\/logo-transparente-texto-negro-2021.png\"><img loading=\"lazy\" decoding=\"async\" src=\"https:\/\/servicios.unileon.es\/radio-universitaria\/files\/2021\/12\/logo-transparente-texto-negro-2021.png\" alt=\"Logo transparente texto blanco\" width=\"150\" height=\"240\" class=\"alignleft size-thumbnail wp-image-119\" \/><\/a>","protected":false},"excerpt":{"rendered":"<p>En la Radio Universitaria estamos esperando a gente dispuesta a colaborar, aportar y mejorar para ello ponemos a disposici\u00f3n las instalaciones y los instrumentos necesarios para que cualquier universitario realice un programa de radio. Puedes colaborar con nosotros, desarrollando con t\u00fa propio proyecto. Rellena el siguiente formulario, Proyecto de programa de radio y env\u00edalo a [&hellip;]<\/p>\n","protected":false},"author":1,"featured_media":0,"parent":0,"menu_order":0,"comment_status":"closed","ping_status":"closed","template":"","meta":{"footnotes":""},"class_list":["post-103","page","type-page","status-publish","hentry"],"_links":{"self":[{"href":"https:\/\/servicios.unileon.es\/radio-universitaria\/wp-json\/wp\/v2\/pages\/103","targetHints":{"allow":["GET"]}}],"collection":[{"href":"https:\/\/servicios.unileon.es\/radio-universitaria\/wp-json\/wp\/v2\/pages"}],"about":[{"href":"https:\/\/servicios.unileon.es\/radio-universitaria\/wp-json\/wp\/v2\/types\/page"}],"author":[{"embeddable":true,"href":"https:\/\/servicios.unileon.es\/radio-universitaria\/wp-json\/wp\/v2\/users\/1"}],"replies":[{"embeddable":true,"href":"https:\/\/servicios.unileon.es\/radio-universitaria\/wp-json\/wp\/v2\/comments?post=103"}],"version-history":[{"count":8,"href":"https:\/\/servicios.unileon.es\/radio-universitaria\/wp-json\/wp\/v2\/pages\/103\/revisions"}],"predecessor-version":[{"id":228,"href":"https:\/\/servicios.unileon.es\/radio-universitaria\/wp-json\/wp\/v2\/pages\/103\/revisions\/228"}],"wp:attachment":[{"href":"https:\/\/servicios.unileon.es\/radio-universitaria\/wp-json\/wp\/v2\/media?parent=103"}],"curies":[{"name":"wp","href":"https:\/\/api.w.org\/{rel}","templated":true}]}}