{"id":7,"date":"2026-03-03T09:20:44","date_gmt":"2026-03-03T08:20:44","guid":{"rendered":"https:\/\/servicios.unileon.es\/paleolab-ule\/?page_id=7"},"modified":"2026-03-03T09:22:25","modified_gmt":"2026-03-03T08:22:25","slug":"personal","status":"publish","type":"page","link":"https:\/\/servicios.unileon.es\/paleolab-ule\/personal\/","title":{"rendered":"Personal"},"content":{"rendered":"<table class=\"extendida\" style=\"width: 100%\">\r\n    <tbody>\r\n        <tr>\r\n            <th>Director<br \/>Preparaci\u00f3n de geomateriales y digitalizaci\u00f3n<\/th>\r\n            <td><a href=\"mailto:icorv@unileon.es\">Ismael Coronado Vila<\/a><\/td>\r\n        <\/tr>\r\n        <tr>\r\n            <th>Patrimonio geol\u00f3gico y divulgaci\u00f3n<\/th>\r\n            <td><a href=\"mailto:e.fernandez@unileon.es\">Esperanza Fern\u00e1ndez Mart\u00ednez<\/a><\/td>\r\n        <\/tr>\r\n        <tr>\r\n            <th>Becario en formaci\u00f3n<\/th>\r\n            <td>Christian P\u00e9rez de la Viuda<\/td>\r\n        <\/tr>\r\n    <\/tbody>\r\n<\/table>","protected":false},"excerpt":{"rendered":"<p>DirectorPreparaci\u00f3n de geomateriales y digitalizaci\u00f3n Ismael Coronado Vila Patrimonio geol\u00f3gico y divulgaci\u00f3n Esperanza Fern\u00e1ndez Mart\u00ednez Becario en formaci\u00f3n Christian P\u00e9rez de la Viuda<\/p>\n","protected":false},"author":344,"featured_media":0,"parent":0,"menu_order":0,"comment_status":"closed","ping_status":"closed","template":"","meta":{"footnotes":""},"class_list":["post-7","page","type-page","status-publish","hentry"],"_links":{"self":[{"href":"https:\/\/servicios.unileon.es\/paleolab-ule\/wp-json\/wp\/v2\/pages\/7","targetHints":{"allow":["GET"]}}],"collection":[{"href":"https:\/\/servicios.unileon.es\/paleolab-ule\/wp-json\/wp\/v2\/pages"}],"about":[{"href":"https:\/\/servicios.unileon.es\/paleolab-ule\/wp-json\/wp\/v2\/types\/page"}],"author":[{"embeddable":true,"href":"https:\/\/servicios.unileon.es\/paleolab-ule\/wp-json\/wp\/v2\/users\/344"}],"replies":[{"embeddable":true,"href":"https:\/\/servicios.unileon.es\/paleolab-ule\/wp-json\/wp\/v2\/comments?post=7"}],"version-history":[{"count":3,"href":"https:\/\/servicios.unileon.es\/paleolab-ule\/wp-json\/wp\/v2\/pages\/7\/revisions"}],"predecessor-version":[{"id":9,"href":"https:\/\/servicios.unileon.es\/paleolab-ule\/wp-json\/wp\/v2\/pages\/7\/revisions\/9"}],"wp:attachment":[{"href":"https:\/\/servicios.unileon.es\/paleolab-ule\/wp-json\/wp\/v2\/media?parent=7"}],"curies":[{"name":"wp","href":"https:\/\/api.w.org\/{rel}","templated":true}]}}