{"id":25,"date":"2026-03-03T12:11:37","date_gmt":"2026-03-03T11:11:37","guid":{"rendered":"https:\/\/servicios.unileon.es\/paleolab-ule\/?page_id=25"},"modified":"2026-03-03T12:11:37","modified_gmt":"2026-03-03T11:11:37","slug":"instalaciones-y-equipamiento","status":"publish","type":"page","link":"https:\/\/servicios.unileon.es\/paleolab-ule\/instalaciones-y-equipamiento\/","title":{"rendered":"Instalaciones y equipamiento"},"content":{"rendered":"<p>Las instalaciones de este servicio se encuentran ubicadas en la planta baja de la Facultad de Filosof\u00eda y Letras de la Universidad de Le\u00f3n.<\/p>\r\n<p>Al laboratorio se accede a trav\u00e9s de la puerta 15.<\/p>\r\n<p>El laboratorio cuenta con 3 salas:<\/p>\r\n<ol>\r\n    <li>Sala de preparaci\u00f3n limpia (micromuestreado, impregnaci\u00f3n, secado, y preparaci\u00f3n de soluciones.<\/li>\r\n    <li>Sala de preparaci\u00f3n sucia (corte, pulido y limpieza de geomateriales).<\/li>\r\n    <li>Sala de digitalizaci\u00f3n (fotografiado, escaneado 2D y 3D, microscop\u00eda de campo claro, microscop\u00eda petrogr\u00e1fica de luz reflejada y transmitida)<\/li>\r\n<\/ol>","protected":false},"excerpt":{"rendered":"<p>Las instalaciones de este servicio se encuentran ubicadas en la planta baja de la Facultad de Filosof\u00eda y Letras de la Universidad de Le\u00f3n. Al laboratorio se accede a trav\u00e9s de la puerta 15. El laboratorio cuenta con 3 salas: Sala de preparaci\u00f3n limpia (micromuestreado, impregnaci\u00f3n, secado, y preparaci\u00f3n de soluciones. Sala de preparaci\u00f3n sucia [&hellip;]<\/p>\n","protected":false},"author":344,"featured_media":0,"parent":0,"menu_order":0,"comment_status":"closed","ping_status":"closed","template":"","meta":{"footnotes":""},"class_list":["post-25","page","type-page","status-publish","hentry"],"_links":{"self":[{"href":"https:\/\/servicios.unileon.es\/paleolab-ule\/wp-json\/wp\/v2\/pages\/25","targetHints":{"allow":["GET"]}}],"collection":[{"href":"https:\/\/servicios.unileon.es\/paleolab-ule\/wp-json\/wp\/v2\/pages"}],"about":[{"href":"https:\/\/servicios.unileon.es\/paleolab-ule\/wp-json\/wp\/v2\/types\/page"}],"author":[{"embeddable":true,"href":"https:\/\/servicios.unileon.es\/paleolab-ule\/wp-json\/wp\/v2\/users\/344"}],"replies":[{"embeddable":true,"href":"https:\/\/servicios.unileon.es\/paleolab-ule\/wp-json\/wp\/v2\/comments?post=25"}],"version-history":[{"count":1,"href":"https:\/\/servicios.unileon.es\/paleolab-ule\/wp-json\/wp\/v2\/pages\/25\/revisions"}],"predecessor-version":[{"id":26,"href":"https:\/\/servicios.unileon.es\/paleolab-ule\/wp-json\/wp\/v2\/pages\/25\/revisions\/26"}],"wp:attachment":[{"href":"https:\/\/servicios.unileon.es\/paleolab-ule\/wp-json\/wp\/v2\/media?parent=25"}],"curies":[{"name":"wp","href":"https:\/\/api.w.org\/{rel}","templated":true}]}}