{"id":57,"date":"2010-12-13T09:58:31","date_gmt":"2010-12-13T09:58:31","guid":{"rendered":"http:\/\/servicios.unileon.es\/oficina-verde\/"},"modified":"2023-05-15T09:24:11","modified_gmt":"2023-05-15T09:24:11","slug":"fomento-movilidad","status":"publish","type":"page","link":"https:\/\/servicios.unileon.es\/oficina-verde\/fomento-movilidad\/","title":{"rendered":"Fomento de la Movilidad"},"content":{"rendered":"<p>Programa de Movilidad Sostenible de la Universidad de Le\u00f3n. Mu\u00e9vete de forma sostenible y gana fant\u00e1sticos premios. Descarga la  app Ciclogreen. En tu m\u00f3vil (iOs y Andrid). Pulsa en \u2013\u201cRegistrate con tu organizaci\u00f3n\u201d y usa el c\u00f3digo \u201cleonwin\u201d Registra en la app tus deplazamientos y supera el reto.<\/p>\r\n\r\n<p>SISTEMA DE PR\u00c9STAMO GRATUITO DE BICICLETAS : <strong>\u201c<a href=\"https:\/\/ulebici.unileon.es\/\">Ulebici<\/a>\u201d<\/strong><\/p>\r\n\r\n<p>Para prestar una bicicleta es OBLIGATORIO:<\/p>\r\n<ul>\r\n    <li>Carnet universitario \/matr\u00edcula<\/li>\r\n    <li>Resguardo de la fianza 80\u20ac ingresada en la cuenta ES61 2103 4201 8400 30109364 UNICAJA BANCO<\/li>\r\n<\/ul>\r\n\r\n<p>El concepto del pago: Nombre y Apellidos, y n\u00famero de cuenta para la devoluci\u00f3n de la fianza<\/p>\r\n\r\n<p>Se renueva cada quince d\u00edas por email a <a href=\"mailto:ulebici@unileon.es\">ulebici@unileon.es<\/a>. Se entrega candado y llave al usuario. El lugar de pr\u00e9stamo es en el s\u00f3tano de la Facultad de Filosof\u00eda y Letras.<\/p>\r\n\r\n<p>El email de contacto es: <a href=\"mailto:ulebici@unileon.es\">ulebici@unileon.es<\/a><\/p>\r\n\r\n<p style=\"margin-top: 50px; margin-bottom: 20px; text-align: center;\"><a href=\"https:\/\/servicios.unileon.es\/oficina-verde\/files\/2023\/05\/oficina_verde_ulebici.gif\"><img decoding=\"async\" src=\"https:\/\/servicios.unileon.es\/oficina-verde\/files\/2023\/05\/oficina_verde_ulebici.gif\" alt=\"Imagen Decorativa Bicicleta\" style=\"width: 60%;\" \/><\/a>\r\n\r\n<p>&nbsp;<\/p>","protected":false},"excerpt":{"rendered":"<p>Programa de Movilidad Sostenible de la Universidad de Le\u00f3n. Mu\u00e9vete de forma sostenible y gana fant\u00e1sticos premios. Descarga la app Ciclogreen. En tu m\u00f3vil (iOs y Andrid). Pulsa en \u2013\u201cRegistrate con tu organizaci\u00f3n\u201d y usa el c\u00f3digo \u201cleonwin\u201d Registra en la app tus deplazamientos y supera el reto. SISTEMA DE PR\u00c9STAMO GRATUITO DE BICICLETAS : [&hellip;]<\/p>\n","protected":false},"author":10,"featured_media":0,"parent":0,"menu_order":0,"comment_status":"closed","ping_status":"open","template":"","meta":{"footnotes":""},"class_list":["post-57","page","type-page","status-publish","hentry"],"_links":{"self":[{"href":"https:\/\/servicios.unileon.es\/oficina-verde\/wp-json\/wp\/v2\/pages\/57","targetHints":{"allow":["GET"]}}],"collection":[{"href":"https:\/\/servicios.unileon.es\/oficina-verde\/wp-json\/wp\/v2\/pages"}],"about":[{"href":"https:\/\/servicios.unileon.es\/oficina-verde\/wp-json\/wp\/v2\/types\/page"}],"author":[{"embeddable":true,"href":"https:\/\/servicios.unileon.es\/oficina-verde\/wp-json\/wp\/v2\/users\/10"}],"replies":[{"embeddable":true,"href":"https:\/\/servicios.unileon.es\/oficina-verde\/wp-json\/wp\/v2\/comments?post=57"}],"version-history":[{"count":36,"href":"https:\/\/servicios.unileon.es\/oficina-verde\/wp-json\/wp\/v2\/pages\/57\/revisions"}],"predecessor-version":[{"id":2144,"href":"https:\/\/servicios.unileon.es\/oficina-verde\/wp-json\/wp\/v2\/pages\/57\/revisions\/2144"}],"wp:attachment":[{"href":"https:\/\/servicios.unileon.es\/oficina-verde\/wp-json\/wp\/v2\/media?parent=57"}],"curies":[{"name":"wp","href":"https:\/\/api.w.org\/{rel}","templated":true}]}}