{"id":496,"date":"2011-02-11T12:31:53","date_gmt":"2011-02-11T12:31:53","guid":{"rendered":"http:\/\/servicios.unileon.es\/oficina-verde\/"},"modified":"2011-03-01T11:36:45","modified_gmt":"2011-03-01T11:36:45","slug":"energia","status":"publish","type":"page","link":"https:\/\/servicios.unileon.es\/oficina-verde\/energia\/","title":{"rendered":"ENERG\u00cdA"},"content":{"rendered":"A continuaci\u00f3n os mostramos unos consejos sobre c\u00f3mo ahorrar energ\u00eda en las instalaciones de la ULe.\r\n<ul>\r\n\t<li>La temperatura de una estancia debe estar comprendida entre los <strong>20\u00ba C en invierno y los 25\u00ba C en verano<\/strong>. Por cada grado adicional se incrementa el gasto de energ\u00eda en un 8%, as\u00ed que debemos hacer un uso razonable de la calefacci\u00f3n y el aire acondicionado.<\/li>\r\n<\/ul>\r\n<ul>\r\n\t<li>Basta abrir la ventana 10 minutos al d\u00eda para ventilar correctamente una estancia. Si est\u00e1 m\u00e1s tiempo, se pierde demasiado calor. Adem\u00e1s, la ventilaci\u00f3n cruzada act\u00faa como refrescante de las estancias.<\/li>\r\n<\/ul>\r\n<ul>\r\n\t<li>Mant\u00e9n <strong>cerradas puertas y ventanas<\/strong> cuando est\u00e9 funcionando la climatizaci\u00f3n, as\u00ed se perder\u00e1 menos energ\u00eda.<\/li>\r\n<\/ul>\r\n<ul>\r\n\t<li>Aprovecha siempre que puedas la <strong>luz natural<\/strong>, y apaga las luces de una estancia cuando no vaya a ser ocupada por nadie en los pr\u00f3ximos 15 minutos.<\/li>\r\n<\/ul>\r\n<ul>\r\n\t<li>Apaga o reduce la luz de zonas poco transitadas, como por ejemplo pasillos, ya que realmente no son necesarias.<\/li>\r\n\t<li>Utiliza siempre equipos inform\u00e1ticos con sistemas de ahoro <strong>\u00abEnergy Star\u00bb<\/strong> o similares y configurar el ordenador con un <strong>salvapantallas completamente negro<\/strong>.<\/li>\r\n<\/ul>\r\n<ul>\r\n\t<li><strong>Apaga el ordenador<\/strong> cuando te vayas a ausentar m\u00e1s de media hora, por ejemplo durante una reuni\u00f3n o a la hora de comer. Por supuesto tambi\u00e9n hay que apagarlo al finalizar el d\u00eda y durante los fines de semana.<\/li>\r\n<\/ul>\r\n<ul>\r\n\t<li>Los <strong>ordenadores port\u00e1tiles<\/strong> consumen hasta un 70% menos de energ\u00eda que un ordenador de sobremesa.<\/li>\r\n<\/ul>\r\n<ul>\r\n\t<li><strong>Comparte equipos ofim\u00e1ticos<\/strong> entre varios compa\u00f1eros (impresora, esc\u00e1ner, fax&#8230;), as\u00ed reducimos el consumo de energ\u00eda latente de muchos equipos y el gasto de mantenimiento.<\/li>\r\n<\/ul>","protected":false},"excerpt":{"rendered":"<p>A continuaci\u00f3n os mostramos unos consejos sobre c\u00f3mo ahorrar energ\u00eda en las instalaciones de la ULe. La temperatura de una estancia debe estar comprendida entre los 20\u00ba C en invierno y los 25\u00ba C en verano. Por cada grado adicional se incrementa el gasto de energ\u00eda en un 8%, as\u00ed que debemos hacer un uso [&hellip;]<\/p>\n","protected":false},"author":10,"featured_media":0,"parent":0,"menu_order":0,"comment_status":"closed","ping_status":"open","template":"","meta":{"footnotes":""},"class_list":["post-496","page","type-page","status-publish","hentry"],"_links":{"self":[{"href":"https:\/\/servicios.unileon.es\/oficina-verde\/wp-json\/wp\/v2\/pages\/496","targetHints":{"allow":["GET"]}}],"collection":[{"href":"https:\/\/servicios.unileon.es\/oficina-verde\/wp-json\/wp\/v2\/pages"}],"about":[{"href":"https:\/\/servicios.unileon.es\/oficina-verde\/wp-json\/wp\/v2\/types\/page"}],"author":[{"embeddable":true,"href":"https:\/\/servicios.unileon.es\/oficina-verde\/wp-json\/wp\/v2\/users\/10"}],"replies":[{"embeddable":true,"href":"https:\/\/servicios.unileon.es\/oficina-verde\/wp-json\/wp\/v2\/comments?post=496"}],"version-history":[{"count":38,"href":"https:\/\/servicios.unileon.es\/oficina-verde\/wp-json\/wp\/v2\/pages\/496\/revisions"}],"predecessor-version":[{"id":537,"href":"https:\/\/servicios.unileon.es\/oficina-verde\/wp-json\/wp\/v2\/pages\/496\/revisions\/537"}],"wp:attachment":[{"href":"https:\/\/servicios.unileon.es\/oficina-verde\/wp-json\/wp\/v2\/media?parent=496"}],"curies":[{"name":"wp","href":"https:\/\/api.w.org\/{rel}","templated":true}]}}