{"id":1837,"date":"2014-11-28T10:09:02","date_gmt":"2014-11-28T10:09:02","guid":{"rendered":"http:\/\/servicios.unileon.es\/oficina-verde\/?page_id=1837"},"modified":"2014-12-17T11:32:42","modified_gmt":"2014-12-17T11:32:42","slug":"jornada-universidad-y-educacion-ambiental","status":"publish","type":"page","link":"https:\/\/servicios.unileon.es\/oficina-verde\/jornada-universidad-y-educacion-ambiental\/","title":{"rendered":"JORNADA \u00abUNIVERSIDAD Y EDUCACI\u00d3N AMBIENTAL\u00bb"},"content":{"rendered":"<p style=\"text-align: center;\"><a href=\"http:\/\/servicios.unileon.es\/oficina-verde\/files\/2014\/11\/EstrategiaEducacionAmbienta.gif\"><img loading=\"lazy\" decoding=\"async\" class=\"alignnone  wp-image-1871\" src=\"http:\/\/servicios.unileon.es\/oficina-verde\/files\/2014\/11\/EstrategiaEducacionAmbienta-300x126.gif\" alt=\"EstrategiaEducacionAmbienta\" width=\"240\" height=\"101\" \/><\/a><\/p>\r\nJornada \u00abUNIVERSIDAD Y EDUCACI\u00d3N AMBIENTAL\u00bb, organizada por la Junta de Castilla y Le\u00f3n y la Oficina Verde de la Universidad de Le\u00f3n. Esta jornada se enmarca dentro de las actividades relativas al desarrollo de la nueva Estrategia de Educaci\u00f3n Ambiental de CyL, por lo que se considera muy interesante la participaci\u00f3n de estudiantes, profesores y colectivos relacionados con la educaci\u00f3n ambiental.\r\n\r\n<strong>D\u00cdA:<\/strong> 10 de Diciembre de 2014.\r\n\r\n<strong>LUGAR:<\/strong> Aula Magna de la Facultad de Ciencias Biol\u00f3gicas y Ambientales.\r\n\r\n<strong>PROGRAMA:<\/strong>\r\n\r\n<strong>9.45h.- Inauguraci\u00f3n<\/strong>\r\nJunta de Castilla y Le\u00f3n &#8211; Universidad de Le\u00f3n\r\n<strong>10.00h.- La educaci\u00f3n ambiental en Castilla y Le\u00f3n.<\/strong> <strong>\u00c1mbitos para el desarrollo profesional.<\/strong>\r\nD. Javier Ju\u00e1rez Alcalde. T\u00e9cnico de Educaci\u00f3n Ambiental. Servicio Territorial de Medio Ambiente de Salamanca.\r\n1<strong>0:45h.- Evoluci\u00f3n y diversidad de la Educaci\u00f3n Ambiental.<\/strong> Referencias te\u00f3ricas m\u00e1s significativas.\r\nD. Jos\u00e9 Manuel Mu\u00f1oz Rodr\u00edguez. Profesor titular de la Universidad de Salamanca.\r\n<strong>11:45h.- Pausa caf\u00e9.<\/strong>\r\n<strong>12:15h.- Mesa redonda-debate: La educaci\u00f3n ambiental en la Universidad.<\/strong>\r\nD. Arsenio Terr\u00f3n Alfonso. Director del \u00c1rea de Sostenibilidad y Calidad Ambiental de la Universidad de Le\u00f3n. \u201cLas oficinas verdes universitarias\u201d.\r\nD. Carmelo Alonso Temi\u00f1o. Servicio de Educaci\u00f3n Ambiental. Junta de Castilla y Le\u00f3n. \u201cLa utilidad de una estrategia de educaci\u00f3n ambiental\u201d.\r\nD. \u00aa Mar\u00eda Antonia L\u00f3pez Luengo. Universidad de Valladolid. \u201cLa docencia de la educaci\u00f3n ambiental en la universidad\u201d.\r\nModerador: Estanislao de Luis Calabuig. Catedr\u00e1tico de Ecolog\u00eda. Universidad de Le\u00f3n.\r\n13:30.- Evaluaci\u00f3n y conclusiones\r\n\r\n<a href=\"http:\/\/servicios.unileon.es\/oficina-verde\/files\/2014\/11\/DSC_0108.jpg\"><img loading=\"lazy\" decoding=\"async\" class=\"alignnone size-medium wp-image-1873\" src=\"http:\/\/servicios.unileon.es\/oficina-verde\/files\/2014\/11\/DSC_0108-300x200.jpg\" alt=\"DSC_0108\" width=\"300\" height=\"200\" srcset=\"https:\/\/servicios.unileon.es\/oficina-verde\/files\/2014\/11\/DSC_0108-300x200.jpg 300w, https:\/\/servicios.unileon.es\/oficina-verde\/files\/2014\/11\/DSC_0108-1024x685.jpg 1024w, https:\/\/servicios.unileon.es\/oficina-verde\/files\/2014\/11\/DSC_0108-900x602.jpg 900w, https:\/\/servicios.unileon.es\/oficina-verde\/files\/2014\/11\/DSC_0108.jpg 1936w\" sizes=\"auto, (max-width: 300px) 100vw, 300px\" \/><\/a>\r\n\r\n<a href=\"http:\/\/servicios.unileon.es\/oficina-verde\/files\/2014\/11\/DSC_0126.jpg\"><img loading=\"lazy\" decoding=\"async\" class=\"alignnone size-medium wp-image-1874\" src=\"http:\/\/servicios.unileon.es\/oficina-verde\/files\/2014\/11\/DSC_0126-300x200.jpg\" alt=\"DSC_0126\" width=\"300\" height=\"200\" srcset=\"https:\/\/servicios.unileon.es\/oficina-verde\/files\/2014\/11\/DSC_0126-300x200.jpg 300w, https:\/\/servicios.unileon.es\/oficina-verde\/files\/2014\/11\/DSC_0126-1024x685.jpg 1024w, https:\/\/servicios.unileon.es\/oficina-verde\/files\/2014\/11\/DSC_0126-900x602.jpg 900w, https:\/\/servicios.unileon.es\/oficina-verde\/files\/2014\/11\/DSC_0126.jpg 1936w\" sizes=\"auto, (max-width: 300px) 100vw, 300px\" \/><\/a>\r\n\r\n<a href=\"http:\/\/servicios.unileon.es\/oficina-verde\/files\/2014\/11\/DSC_0200.jpg\"><img loading=\"lazy\" decoding=\"async\" class=\"alignnone size-medium wp-image-1876\" src=\"http:\/\/servicios.unileon.es\/oficina-verde\/files\/2014\/11\/DSC_0200-300x200.jpg\" alt=\"DSC_0200\" width=\"300\" height=\"200\" srcset=\"https:\/\/servicios.unileon.es\/oficina-verde\/files\/2014\/11\/DSC_0200-300x200.jpg 300w, https:\/\/servicios.unileon.es\/oficina-verde\/files\/2014\/11\/DSC_0200-1024x685.jpg 1024w, https:\/\/servicios.unileon.es\/oficina-verde\/files\/2014\/11\/DSC_0200-900x602.jpg 900w, https:\/\/servicios.unileon.es\/oficina-verde\/files\/2014\/11\/DSC_0200.jpg 1936w\" sizes=\"auto, (max-width: 300px) 100vw, 300px\" \/><\/a>\r\n\r\n&nbsp;\r\n\r\n&nbsp;","protected":false},"excerpt":{"rendered":"<p>Jornada \u00abUNIVERSIDAD Y EDUCACI\u00d3N AMBIENTAL\u00bb, organizada por la Junta de Castilla y Le\u00f3n y la Oficina Verde de la Universidad de Le\u00f3n. Esta jornada se enmarca dentro de las actividades relativas al desarrollo de la nueva Estrategia de Educaci\u00f3n Ambiental de CyL, por lo que se considera muy interesante la participaci\u00f3n de estudiantes, profesores y [&hellip;]<\/p>\n","protected":false},"author":10,"featured_media":0,"parent":0,"menu_order":0,"comment_status":"closed","ping_status":"closed","template":"","meta":{"footnotes":""},"class_list":["post-1837","page","type-page","status-publish","hentry"],"_links":{"self":[{"href":"https:\/\/servicios.unileon.es\/oficina-verde\/wp-json\/wp\/v2\/pages\/1837","targetHints":{"allow":["GET"]}}],"collection":[{"href":"https:\/\/servicios.unileon.es\/oficina-verde\/wp-json\/wp\/v2\/pages"}],"about":[{"href":"https:\/\/servicios.unileon.es\/oficina-verde\/wp-json\/wp\/v2\/types\/page"}],"author":[{"embeddable":true,"href":"https:\/\/servicios.unileon.es\/oficina-verde\/wp-json\/wp\/v2\/users\/10"}],"replies":[{"embeddable":true,"href":"https:\/\/servicios.unileon.es\/oficina-verde\/wp-json\/wp\/v2\/comments?post=1837"}],"version-history":[{"count":14,"href":"https:\/\/servicios.unileon.es\/oficina-verde\/wp-json\/wp\/v2\/pages\/1837\/revisions"}],"predecessor-version":[{"id":1856,"href":"https:\/\/servicios.unileon.es\/oficina-verde\/wp-json\/wp\/v2\/pages\/1837\/revisions\/1856"}],"wp:attachment":[{"href":"https:\/\/servicios.unileon.es\/oficina-verde\/wp-json\/wp\/v2\/media?parent=1837"}],"curies":[{"name":"wp","href":"https:\/\/api.w.org\/{rel}","templated":true}]}}