{"id":1425,"date":"2013-03-05T13:25:24","date_gmt":"2013-03-05T13:25:24","guid":{"rendered":"http:\/\/servicios.unileon.es\/oficina-verde\/?page_id=1425"},"modified":"2013-04-29T11:54:36","modified_gmt":"2013-04-29T11:54:36","slug":"curso-de-manejo-y-gestion-de-especies-animales-en-peligro-de-extincion","status":"publish","type":"page","link":"https:\/\/servicios.unileon.es\/oficina-verde\/curso-de-manejo-y-gestion-de-especies-animales-en-peligro-de-extincion\/","title":{"rendered":"CURSO DE MANEJO Y GESTI\u00d3N DE ESPECIES ANIMALES EN PELIGRO DE EXTINCI\u00d3N"},"content":{"rendered":"Fecha de celebraci\u00f3n: <strong>8, 11, 18, 25 y 29 de Abril de 2013<\/strong>.\r\n\r\nDuraci\u00f3n: 10 horas presenciales + trabajo final de evaluaci\u00f3n (para alumnos que soliciten reconocimiento de cr\u00e9ditos).\r\n\r\nLugar: <strong>Facultad de Ciencias Biol\u00f3gicas y Ambientales. Aula Magna.<\/strong>\r\n\r\nTasas de matr\u00edcula: <strong>gratuitas<\/strong>. Se ha solicitado el reconocimiento de 1 cr\u00e9dito de Libre Elecci\u00f3n Curricular y 0,5 Cr\u00e9ditos ECTS para el alumnado que supere la evaluaci\u00f3n.\r\n\r\nAquellos estudiantes que deseen optar al reconocimiento de cr\u00e9ditos en caso de concesi\u00f3n, deben rellenar y enviar el bolet\u00edn de inscripci\u00f3n (<a href=\"http:\/\/servicios.unileon.es\/oficina-verde\/files\/2013\/03\/BOLET\u00cdN-INSCRIPCI\u00d3N-CURSO-ESPECIES-PELIGRO-EXTINCI\u00d3N1.pdf\">BOLET\u00cdN INSCRIPCI\u00d3N CURSO ESPECIES PELIGRO EXTINCI\u00d3N<\/a> ).\u00a0 <strong>ATENCI\u00d3N: el l\u00edmite de plazas para los alumnos que soliciten el reconocimiento de cr\u00e9ditos en caso de concesi\u00f3n\u00a0 ya est\u00e1 cubierto.<\/strong>\r\n\r\nLas personas interesadas a asistir a las conferencias de forma aislada pueden hacerlo libre y gratuitamente, hasta completar el aforo.\r\n<blockquote><strong>PROGRAMA DEL CURSO.<\/strong><\/blockquote>\r\n<b>Lunes 8 de abril de 2013.<\/b>\r\n\r\n<i>18:30h. Presentaci\u00f3n del ciclo de conferencias<\/i>\r\n\r\n<i>Presentaci\u00f3n de la Fundaci\u00f3n y del proyecto de voluntariado de Costa Rica.<\/i>\r\n\r\n<i>19:00h. El Oso pardo. Situaci\u00f3n, l\u00edneas de trabajo e investigaci\u00f3n en marcha. Perspectivas de futuro<\/i>. Conferenciante: Juan Seijas Rodr\u00edguez. En la siguiente direcci\u00f3n web es posible ver el v\u00eddeo de esta conferencia: <a href=\"https:\/\/videos.unileon.es\/video\/521\">https:\/\/videos.unileon.es\/video\/521<\/a>\r\n\r\n<b>\u00a0Jueves 11 de abril de 2013.<\/b>\r\n\r\n<i>19:00h. El urogallo cant\u00e1brico. Momento presente de sus poblaciones y proyectos en curso. <\/i>Conferenciante: Luis Robles Gonz\u00e1lez. Coordinador LIFE+ Urogallo Cant\u00e1brico. En la siguiente direcci\u00f3n web puede verse el v\u00eddeo de esta conferencia: <a href=\"https:\/\/videos.unileon.es\/video\/522\">https:\/\/videos.unileon.es\/video\/522<\/a>\r\n\r\n<b>\u00a0Jueves 18 de abril de 2013.<\/b>\r\n\r\n<i>19:00h. Quebrantahuesos en los Picos de Europa. <\/i>Conferenciante: Gerardo B\u00e1guena S\u00e1nchez. Fundaci\u00f3n Conservaci\u00f3n del Quebrantahuesos. Puede verse el v\u00eddeo de esta conferencia aqu\u00ed: <a href=\"https:\/\/videos.unileon.es\/video\/524\">https:\/\/videos.unileon.es\/video\/524<\/a>\r\n\r\n<b>Jueves 25 de abril de 2013.<\/b>\r\n\r\n<i>19:00h. Bramar en la niebla. El Avetoro. <\/i>Conferenciante: Eduardo Sotolargo Mero\u00f1o. OIKOS, S.L. Puede verse el v\u00eddeo de esta conferencia aqu\u00ed:\u00a0<a href=\"https:\/\/videos.unileon.es\/video\/525\"> https:\/\/videos.unileon.es\/video\/525<\/a>\r\n\r\n<b>Lunes 29 de abril de 2013.<\/b>\r\n\r\n<i>11:00h. Actividad de campo: Muestra de aves de presa empleadas en la cetrer\u00eda.<\/i>\r\n\r\nCoordinador: Benedicto Gonz\u00e1lez Yag\u00fce. (Locus Avis S.L.).\u00a0 11:00h. Campa situada entre Facultad de Biolog\u00eda y Ciencias Ambientales y Facultad de Filosof\u00eda y Letras, Campus de Vegazana.\r\n\r\nM\u00e1s informaci\u00f3n: <a href=\"oficinaverde@unileon.es\">oficinaverde@unileon.es<\/a>, 987 29 31 28.\r\n\r\n&nbsp;\r\n\r\nInformaci\u00f3n sobre las ponencias:\r\n\r\n<strong>Oso pardo<\/strong>\r\n\r\n<a href=\"http:\/\/www.fundacionosopardo.org\/index.php\/el-oso-pardo\/\">http:\/\/www.fundacionosopardo.org\/index.php\/el-oso-pardo\/<\/a>\r\n\r\n<a href=\"http:\/\/www.fundacionosopardo.org\/index.php\/publicaciones\/\">http:\/\/www.fundacionosopardo.org\/index.php\/publicaciones\/<\/a>\r\n\r\n<a href=\"http:\/\/www.magrama.gob.es\/es\/biodiversidad\/temas\/conservacion-de-especies-amenazadas\/vertebrados\/oso_pardo_espana.aspx\">http:\/\/www.magrama.gob.es\/es\/biodiversidad\/temas\/conservacion-de-especies-amenazadas\/vertebrados\/oso_pardo_espana.aspx<\/a>\r\n\r\n<a href=\"http:\/\/www.magrama.gob.es\/es\/biodiversidad\/temas\/conservacion-de-especies-amenazadas\/estrategias-y-planes-de-especies\/Estrategia_oso_pardo.aspx\">http:\/\/www.magrama.gob.es\/es\/biodiversidad\/temas\/conservacion-de-especies-amenazadas\/estrategias-y-planes-de-especies\/Estrategia_oso_pardo.aspx<\/a>\r\n\r\n<a href=\"http:\/\/www.magrama.gob.es\/es\/biodiversidad\/temas\/conservacion-de-especies-amenazadas\/estrategias-y-planes-de-especies\/Estrategia_oso_pardo_pirineos.aspx\">http:\/\/www.magrama.gob.es\/es\/biodiversidad\/temas\/conservacion-de-especies-amenazadas\/estrategias-y-planes-de-especies\/Estrategia_oso_pardo_pirineos.aspx<\/a>\r\n\r\n<a href=\"http:\/\/www.magrama.gob.es\/es\/biodiversidad\/temas\/conservacion-de-especies-amenazadas\/vertebrados\/oso_pardo_estudio.aspx\">http:\/\/www.magrama.gob.es\/es\/biodiversidad\/temas\/conservacion-de-especies-amenazadas\/vertebrados\/oso_pardo_estudio.aspx<\/a>\r\n\r\n<a href=\"http:\/\/www.jcyl.es\/web\/jcyl\/MedioAmbiente\/es\/Plantilla100Detalle\/1284225376518\/_\/1284211643565\/Redaccion\">http:\/\/www.jcyl.es\/web\/jcyl\/MedioAmbiente\/es\/Plantilla100Detalle\/1284225376518\/_\/1284211643565\/Redaccion<\/a>\r\n\r\n<a href=\"http:\/\/www.magrama.gob.es\/es\/organismo-autonomo-parques-nacionales-oapn\/publicaciones\/oapn_editorial_libro_07.aspx\">http:\/\/www.magrama.gob.es\/es\/organismo-autonomo-parques-nacionales-oapn\/publicaciones\/oapn_editorial_libro_07.aspx<\/a>\r\n\r\n<strong>Urogallo cant\u00e1brico<\/strong>\r\n\r\n<a href=\"http:\/\/www.lifeurogallo.es\/\">http:\/\/www.lifeurogallo.es\/<\/a>\r\n\r\n<a href=\"http:\/\/www.seo.org\/wp-content\/uploads\/2012\/04\/10_urogallo1.pdf\">http:\/\/www.seo.org\/wp-content\/uploads\/2012\/04\/10_urogallo1.pdf<\/a>\r\n\r\n<a href=\"http:\/\/www.lifeurogallo.es\/contenido\/materiales-divulgativos\">http:\/\/www.lifeurogallo.es\/contenido\/materiales-divulgativos<\/a>\r\n\r\n<a href=\"http:\/\/www.lifeurogallo.es\/contenido\/bibliografia\">http:\/\/www.lifeurogallo.es\/contenido\/bibliografia<\/a>\r\n\r\n<a href=\"http:\/\/www.lifeurogallo.es\/contenido\/documentos-tecnicos-life-urogallo\">http:\/\/www.lifeurogallo.es\/contenido\/documentos-tecnicos-life-urogallo<\/a>\r\n\r\n<a href=\"http:\/\/188.93.77.222\/urogallo\/urogallo.php\">http:\/\/188.93.77.222\/urogallo\/urogallo.php<\/a>\r\n\r\n<a href=\"http:\/\/lifeurogallo.es\/video_galeria\">http:\/\/lifeurogallo.es\/video_galeria<\/a>\r\n\r\n<a href=\"http:\/\/www.youtube.com\/watch?v=Z_m-cO_BELw\">http:\/\/www.youtube.com\/watch?v=Z_m-cO_BELw<\/a>\r\n\r\n<a href=\"http:\/\/www.magrama.gob.es\/es\/biodiversidad\/temas\/conservacion-de-especies-amenazadas\/estrategias-y-planes-de-especies\/Estrategia_urogallo_cantabrico.aspx\">http:\/\/www.magrama.gob.es\/es\/biodiversidad\/temas\/conservacion-de-especies-amenazadas\/estrategias-y-planes-de-especies\/Estrategia_urogallo_cantabrico.aspx<\/a>\r\n\r\n<a href=\"http:\/\/www.magrama.gob.es\/es\/biodiversidad\/temas\/conservacion-de-especies-amenazadas\/estrategias-y-planes-de-especies\/Estrategia_urogallo_pirenaico.aspx\">http:\/\/www.magrama.gob.es\/es\/biodiversidad\/temas\/conservacion-de-especies-amenazadas\/estrategias-y-planes-de-especies\/Estrategia_urogallo_pirenaico.aspx<\/a>\r\n\r\n<strong>Quebrantahuesos<\/strong>\r\n\r\n<a href=\"http:\/\/www.rtve.es\/alacarta\/videos\/informe-semanal\/informe-semanal-pajaro-barro-regresa-picos\/831945\/\">http:\/\/www.rtve.es\/alacarta\/videos\/informe-semanal\/informe-semanal-pajaro-barro-regresa-picos\/831945\/<\/a>\r\n\r\n<a href=\"http:\/\/www.quebrantahuesos.org\/htm\/es\/descargas\/control?zone=pub&amp;sec=pdf&amp;pag=abrirAlbum&amp;loc=es\">http:\/\/www.quebrantahuesos.org\/htm\/es\/descargas\/control?zone=pub&amp;sec=pdf&amp;pag=abrirAlbum&amp;loc=es<\/a>\r\n\r\n<a href=\"http:\/\/www.gypaetus.org\/\">http:\/\/www.gypaetus.org\/<\/a>\r\n\r\n<a href=\"http:\/\/www.gyp-monitoring.com\/\">http:\/\/www.gyp-monitoring.com\/<\/a>\r\n\r\n<a href=\"http:\/\/www.magrama.gob.es\/es\/biodiversidad\/temas\/conservacion-de-especies-amenazadas\/estrategias-y-planes-de-especies\/Estrategia_quebrantahuesos.aspx\">http:\/\/www.magrama.gob.es\/es\/biodiversidad\/temas\/conservacion-de-especies-amenazadas\/estrategias-y-planes-de-especies\/Estrategia_quebrantahuesos.aspx<\/a>\r\n\r\n<a href=\"http:\/\/www.animalrecord.net\/quebrantahuesos.pdf\">http:\/\/www.animalrecord.net\/quebrantahuesos.pdf<\/a>\r\n\r\n<a href=\"http:\/\/www.aragon.es\/estaticos\/ImportFiles\/06\/docs\/%C3%81reas\/Biodiversidad\/PlanAccEspAmenz\/PlanesAccionFaunaAmenazada\/QUEBRANTAHUESOS%20(Gypaetus%20barbatus)\/QUEBRANTAHUESOS.pdf\">http:\/\/www.aragon.es\/estaticos\/ImportFiles\/06\/docs\/%C3%81reas\/Biodiversidad\/PlanAccEspAmenz\/PlanesAccionFaunaAmenazada\/QUEBRANTAHUESOS%20(Gypaetus%20barbatus)\/QUEBRANTAHUESOS.pdf<\/a>\r\n\r\n<a href=\"http:\/\/www.gypaetus.org\/uploads\/assets\/file\/Ficha%20Identificaci%C3%B3n%202012.pdf\">http:\/\/www.gypaetus.org\/uploads\/assets\/file\/Ficha%20Identificaci%C3%B3n%202012.pdf<\/a>\r\n\r\n<a href=\"http:\/\/www.quebrantahuesos.org\/media\/uploads\/descargas\/pdf\/pdf_27.pdf\">http:\/\/www.quebrantahuesos.org\/media\/uploads\/descargas\/pdf\/pdf_27.pdf<\/a>\r\n\r\n<strong>Avetoro<\/strong>\r\n\r\n<a href=\"http:\/\/www.seo.org\/wp-content\/uploads\/2012\/07\/38garzas.pdf\">http:\/\/www.seo.org\/wp-content\/uploads\/2012\/07\/38garzas.pdf<\/a>\r\n\r\n<a href=\"http:\/\/lifecanaldecastilla.org\/lifecanal\/uploads\/pdfs\/conclusiones_workshop_07.pdf\">http:\/\/lifecanaldecastilla.org\/lifecanal\/uploads\/pdfs\/conclusiones_workshop_07.pdf<\/a>\r\n\r\n<a href=\"http:\/\/lifecanaldecastilla.org\/lifecanal\/uploads\/rutas_interpretativas\/r2_mesa5.pdf\">http:\/\/lifecanaldecastilla.org\/lifecanal\/uploads\/rutas_interpretativas\/r2_mesa5.pdf<\/a>\r\n\r\n<a href=\"http:\/\/www.ibercajalav.net\/img\/34_Botaurus_stellaris.pdf\">http:\/\/www.ibercajalav.net\/img\/34_Botaurus_stellaris.pdf<\/a>\r\n\r\n<a href=\"http:\/\/www.magrama.gob.es\/es\/biodiversidad\/temas\/inventarios-nacionales\/avetoro_comun_tcm7-21655.pdf\">http:\/\/www.magrama.gob.es\/es\/biodiversidad\/temas\/inventarios-nacionales\/avetoro_comun_tcm7-21655.pdf<\/a>\r\n\r\n<a href=\"http:\/\/www.avesdeburgos.com\/anuario\/anuario2\/Botaurus_stellaris2.pdf\">http:\/\/www.avesdeburgos.com\/anuario\/anuario2\/Botaurus_stellaris2.pdf<\/a>\r\n\r\n<a href=\"http:\/\/lifecanaldecastilla.org\/lifecanal\/uploads\/pdfs\/workshop_esp_25_05.pdf\">http:\/\/lifecanaldecastilla.org\/lifecanal\/uploads\/pdfs\/workshop_esp_25_05.pdf<\/a>\r\n\r\n<strong>Enlaces generales relacionados con la conservaci\u00f3n de especies amenazadas<\/strong>\r\n\r\n<a href=\"http:\/\/ec.europa.eu\/environment\/index_en.htm\">http:\/\/ec.europa.eu\/environment\/index_en.htm<\/a>\r\n\r\n<a href=\"http:\/\/ec.europa.eu\/environment\/life\/\">http:\/\/ec.europa.eu\/environment\/life\/<\/a>\r\n\r\n<a href=\"http:\/\/www.magrama.gob.es\/es\/\">http:\/\/www.magrama.gob.es\/es\/<\/a>\r\n\r\n<a href=\"http:\/\/www.seo.org\/trabajamos-en\/aves-amenazadas\/\">http:\/\/www.seo.org\/trabajamos-en\/aves-amenazadas\/<\/a>\r\n\r\n<a href=\"http:\/\/www.seo.org\/participa\/censo\/\">http:\/\/www.seo.org\/participa\/censo\/<\/a>\r\n\r\n<a href=\"http:\/\/www.seo.org\/2012\/07\/02\/monografias-seuimiento-de-aves\/\">http:\/\/www.seo.org\/2012\/07\/02\/monografias-seuimiento-de-aves\/<\/a>\r\n\r\n<a href=\"http:\/\/www.seo.org\/2012\/04\/25\/estado-de-conservacion-de-las-aves-de-espana\/\">http:\/\/www.seo.org\/2012\/04\/25\/estado-de-conservacion-de-las-aves-de-espana\/<\/a>\r\n\r\n<a href=\"http:\/\/www.seo.org\/2012\/05\/07\/resultados-de-los-programas-de-seguimiento-de-avifauna\/\">http:\/\/www.seo.org\/2012\/05\/07\/resultados-de-los-programas-de-seguimiento-de-avifauna\/<\/a>\r\n\r\n<a href=\"http:\/\/www.secem.es\/\">http:\/\/www.secem.es\/<\/a>\r\n\r\n<a href=\"http:\/\/www.magrama.gob.es\/es\/biodiversidad\/servicios\/banco-datos-naturaleza\/informacion-disponible\/libro_rojo_vertebrados.aspx\">http:\/\/www.magrama.gob.es\/es\/biodiversidad\/servicios\/banco-datos-naturaleza\/informacion-disponible\/libro_rojo_vertebrados.aspx<\/a>\r\n\r\n<a href=\"http:\/\/www.magrama.gob.es\/es\/organismo-autonomo-parques-nacionales-oapn\/publicaciones\/oapn_editorial_desc_01.aspx\">http:\/\/www.magrama.gob.es\/es\/organismo-autonomo-parques-nacionales-oapn\/publicaciones\/oapn_editorial_desc_01.aspx<\/a>\r\n\r\n<a href=\"http:\/\/www.magrama.gob.es\/es\/biodiversidad\/temas\/conservacion-de-especies-amenazadas\/catalogo-nacional-de-especies-amenazadas\/default.aspx\">http:\/\/www.magrama.gob.es\/es\/biodiversidad\/temas\/conservacion-de-especies-amenazadas\/catalogo-nacional-de-especies-amenazadas\/default.aspx<\/a>\r\n\r\n<a href=\"http:\/\/www.jcyl.es\/web\/jcyl\/MedioAmbiente\/es\/Plantilla100\/1284225376518\/_\/_\/_\">http:\/\/www.jcyl.es\/web\/jcyl\/MedioAmbiente\/es\/Plantilla100\/1284225376518\/_\/_\/_<\/a>\r\n\r\n<a href=\"http:\/\/www.fundacionglobalnature.org\/proyectos\/conservacion_floyfau\/proyecto_canal_castilla.htm\">http:\/\/www.fundacionglobalnature.org\/proyectos\/conservacion_floyfau\/proyecto_canal_castilla.htm<\/a>\r\n\r\n<a href=\"http:\/\/www.magrama.gob.es\/es\/organismo-autonomo-parques-nacionales-oapn\/publicaciones\/oapn_editorial_descargas.aspx\">http:\/\/www.magrama.gob.es\/es\/organismo-autonomo-parques-nacionales-oapn\/publicaciones\/oapn_editorial_descargas.aspx<\/a>\r\n\r\n<a href=\"http:\/\/www.fundacionglobalnature.org\/publicaciones\/folletos.htm\">http:\/\/www.fundacionglobalnature.org\/publicaciones\/folletos.htm<\/a>\r\n\r\n&nbsp;\r\n\r\n<a href=\"http:\/\/servicios.unileon.es\/oficina-verde\/files\/2013\/03\/curso-peligro-extinci\u00f3n-002.jpg\"><img loading=\"lazy\" decoding=\"async\" class=\"alignnone size-medium wp-image-1529\" alt=\"curso peligro extinci\u00f3n 002\" src=\"http:\/\/servicios.unileon.es\/oficina-verde\/files\/2013\/03\/curso-peligro-extinci\u00f3n-002-300x200.jpg\" width=\"300\" height=\"200\" srcset=\"https:\/\/servicios.unileon.es\/oficina-verde\/files\/2013\/03\/curso-peligro-extinci\u00f3n-002-300x200.jpg 300w, https:\/\/servicios.unileon.es\/oficina-verde\/files\/2013\/03\/curso-peligro-extinci\u00f3n-002-1024x685.jpg 1024w, https:\/\/servicios.unileon.es\/oficina-verde\/files\/2013\/03\/curso-peligro-extinci\u00f3n-002.jpg 1936w\" sizes=\"auto, (max-width: 300px) 100vw, 300px\" \/><\/a>\r\n\r\n<a href=\"http:\/\/servicios.unileon.es\/oficina-verde\/files\/2013\/03\/curso-peligro-extinci\u00f3n-013.jpg\"><img loading=\"lazy\" decoding=\"async\" class=\"alignnone size-medium wp-image-1530\" alt=\"curso peligro extinci\u00f3n 013\" src=\"http:\/\/servicios.unileon.es\/oficina-verde\/files\/2013\/03\/curso-peligro-extinci\u00f3n-013-300x200.jpg\" width=\"300\" height=\"200\" srcset=\"https:\/\/servicios.unileon.es\/oficina-verde\/files\/2013\/03\/curso-peligro-extinci\u00f3n-013-300x200.jpg 300w, https:\/\/servicios.unileon.es\/oficina-verde\/files\/2013\/03\/curso-peligro-extinci\u00f3n-013-1024x685.jpg 1024w, https:\/\/servicios.unileon.es\/oficina-verde\/files\/2013\/03\/curso-peligro-extinci\u00f3n-013.jpg 1936w\" sizes=\"auto, (max-width: 300px) 100vw, 300px\" \/><\/a>\r\n\r\n<a href=\"http:\/\/servicios.unileon.es\/oficina-verde\/files\/2013\/03\/curso-peligro-extinci\u00f3n-016.jpg\"><img loading=\"lazy\" decoding=\"async\" class=\"alignnone size-medium wp-image-1531\" alt=\"curso peligro extinci\u00f3n 016\" src=\"http:\/\/servicios.unileon.es\/oficina-verde\/files\/2013\/03\/curso-peligro-extinci\u00f3n-016-300x200.jpg\" width=\"300\" height=\"200\" srcset=\"https:\/\/servicios.unileon.es\/oficina-verde\/files\/2013\/03\/curso-peligro-extinci\u00f3n-016-300x200.jpg 300w, https:\/\/servicios.unileon.es\/oficina-verde\/files\/2013\/03\/curso-peligro-extinci\u00f3n-016-1024x685.jpg 1024w, https:\/\/servicios.unileon.es\/oficina-verde\/files\/2013\/03\/curso-peligro-extinci\u00f3n-016.jpg 1936w\" sizes=\"auto, (max-width: 300px) 100vw, 300px\" \/><\/a>\r\n\r\n<a href=\"http:\/\/servicios.unileon.es\/oficina-verde\/files\/2013\/03\/charla-quebrantahuesos-006.jpg\"><img loading=\"lazy\" decoding=\"async\" class=\"alignnone size-medium wp-image-1543\" alt=\"charla  quebrantahuesos 006\" src=\"http:\/\/servicios.unileon.es\/oficina-verde\/files\/2013\/03\/charla-quebrantahuesos-006-300x200.jpg\" width=\"300\" height=\"200\" srcset=\"https:\/\/servicios.unileon.es\/oficina-verde\/files\/2013\/03\/charla-quebrantahuesos-006-300x200.jpg 300w, https:\/\/servicios.unileon.es\/oficina-verde\/files\/2013\/03\/charla-quebrantahuesos-006-1024x685.jpg 1024w, https:\/\/servicios.unileon.es\/oficina-verde\/files\/2013\/03\/charla-quebrantahuesos-006.jpg 1936w\" sizes=\"auto, (max-width: 300px) 100vw, 300px\" \/><\/a>\r\n\r\n<a href=\"http:\/\/servicios.unileon.es\/oficina-verde\/files\/2013\/03\/cetrer\u00eda-29-de-abril-2013-082.jpg\"><img loading=\"lazy\" decoding=\"async\" class=\"alignnone size-medium wp-image-1548\" alt=\"cetrer\u00eda 29 de abril 2013 082\" src=\"http:\/\/servicios.unileon.es\/oficina-verde\/files\/2013\/03\/cetrer\u00eda-29-de-abril-2013-082-300x200.jpg\" width=\"300\" height=\"200\" srcset=\"https:\/\/servicios.unileon.es\/oficina-verde\/files\/2013\/03\/cetrer\u00eda-29-de-abril-2013-082-300x200.jpg 300w, https:\/\/servicios.unileon.es\/oficina-verde\/files\/2013\/03\/cetrer\u00eda-29-de-abril-2013-082-1024x685.jpg 1024w, https:\/\/servicios.unileon.es\/oficina-verde\/files\/2013\/03\/cetrer\u00eda-29-de-abril-2013-082.jpg 1936w\" sizes=\"auto, (max-width: 300px) 100vw, 300px\" \/><\/a>\r\n\r\n<a href=\"http:\/\/servicios.unileon.es\/oficina-verde\/files\/2013\/03\/cetrer\u00eda-29-de-abril-2013-114.jpg\"><img loading=\"lazy\" decoding=\"async\" class=\"alignnone size-medium wp-image-1549\" alt=\"cetrer\u00eda 29 de abril 2013 114\" src=\"http:\/\/servicios.unileon.es\/oficina-verde\/files\/2013\/03\/cetrer\u00eda-29-de-abril-2013-114-300x200.jpg\" width=\"300\" height=\"200\" srcset=\"https:\/\/servicios.unileon.es\/oficina-verde\/files\/2013\/03\/cetrer\u00eda-29-de-abril-2013-114-300x200.jpg 300w, https:\/\/servicios.unileon.es\/oficina-verde\/files\/2013\/03\/cetrer\u00eda-29-de-abril-2013-114-1024x685.jpg 1024w, https:\/\/servicios.unileon.es\/oficina-verde\/files\/2013\/03\/cetrer\u00eda-29-de-abril-2013-114.jpg 1936w\" sizes=\"auto, (max-width: 300px) 100vw, 300px\" \/><\/a>\r\n\r\n<a href=\"http:\/\/servicios.unileon.es\/oficina-verde\/files\/2013\/03\/cetrer\u00eda-29-de-abril-2013-071.jpg\"><img loading=\"lazy\" decoding=\"async\" class=\"alignnone size-medium wp-image-1550\" alt=\"cetrer\u00eda 29 de abril 2013 071\" src=\"http:\/\/servicios.unileon.es\/oficina-verde\/files\/2013\/03\/cetrer\u00eda-29-de-abril-2013-071-300x200.jpg\" width=\"300\" height=\"200\" srcset=\"https:\/\/servicios.unileon.es\/oficina-verde\/files\/2013\/03\/cetrer\u00eda-29-de-abril-2013-071-300x200.jpg 300w, https:\/\/servicios.unileon.es\/oficina-verde\/files\/2013\/03\/cetrer\u00eda-29-de-abril-2013-071-1024x685.jpg 1024w, https:\/\/servicios.unileon.es\/oficina-verde\/files\/2013\/03\/cetrer\u00eda-29-de-abril-2013-071.jpg 1936w\" sizes=\"auto, (max-width: 300px) 100vw, 300px\" \/><\/a>\r\n\r\n<a href=\"http:\/\/servicios.unileon.es\/oficina-verde\/files\/2013\/03\/cetrer\u00eda-29-de-abril-2013-140.jpg\"><img loading=\"lazy\" decoding=\"async\" class=\"alignnone size-medium wp-image-1551\" alt=\"cetrer\u00eda 29 de abril 2013 140\" src=\"http:\/\/servicios.unileon.es\/oficina-verde\/files\/2013\/03\/cetrer\u00eda-29-de-abril-2013-140-300x200.jpg\" width=\"300\" height=\"200\" srcset=\"https:\/\/servicios.unileon.es\/oficina-verde\/files\/2013\/03\/cetrer\u00eda-29-de-abril-2013-140-300x200.jpg 300w, https:\/\/servicios.unileon.es\/oficina-verde\/files\/2013\/03\/cetrer\u00eda-29-de-abril-2013-140-1024x685.jpg 1024w, https:\/\/servicios.unileon.es\/oficina-verde\/files\/2013\/03\/cetrer\u00eda-29-de-abril-2013-140.jpg 1936w\" sizes=\"auto, (max-width: 300px) 100vw, 300px\" \/><\/a>\r\n\r\n<a href=\"http:\/\/servicios.unileon.es\/oficina-verde\/files\/2013\/03\/cetrer\u00eda-29-de-abril-2013-153.jpg\"><img loading=\"lazy\" decoding=\"async\" class=\"alignnone size-medium wp-image-1553\" alt=\"cetrer\u00eda 29 de abril 2013 153\" src=\"http:\/\/servicios.unileon.es\/oficina-verde\/files\/2013\/03\/cetrer\u00eda-29-de-abril-2013-153-300x200.jpg\" width=\"300\" height=\"200\" srcset=\"https:\/\/servicios.unileon.es\/oficina-verde\/files\/2013\/03\/cetrer\u00eda-29-de-abril-2013-153-300x200.jpg 300w, https:\/\/servicios.unileon.es\/oficina-verde\/files\/2013\/03\/cetrer\u00eda-29-de-abril-2013-153-1024x685.jpg 1024w, https:\/\/servicios.unileon.es\/oficina-verde\/files\/2013\/03\/cetrer\u00eda-29-de-abril-2013-153.jpg 1936w\" sizes=\"auto, (max-width: 300px) 100vw, 300px\" \/><\/a>\r\n\r\n&nbsp;\r\n\r\n&nbsp;\r\n\r\n&nbsp;\r\n\r\n&nbsp;","protected":false},"excerpt":{"rendered":"<p>Fecha de celebraci\u00f3n: 8, 11, 18, 25 y 29 de Abril de 2013. Duraci\u00f3n: 10 horas presenciales + trabajo final de evaluaci\u00f3n (para alumnos que soliciten reconocimiento de cr\u00e9ditos). Lugar: Facultad de Ciencias Biol\u00f3gicas y Ambientales. Aula Magna. Tasas de matr\u00edcula: gratuitas. Se ha solicitado el reconocimiento de 1 cr\u00e9dito de Libre Elecci\u00f3n Curricular y [&hellip;]<\/p>\n","protected":false},"author":10,"featured_media":0,"parent":0,"menu_order":0,"comment_status":"closed","ping_status":"closed","template":"","meta":{"footnotes":""},"class_list":["post-1425","page","type-page","status-publish","hentry"],"_links":{"self":[{"href":"https:\/\/servicios.unileon.es\/oficina-verde\/wp-json\/wp\/v2\/pages\/1425","targetHints":{"allow":["GET"]}}],"collection":[{"href":"https:\/\/servicios.unileon.es\/oficina-verde\/wp-json\/wp\/v2\/pages"}],"about":[{"href":"https:\/\/servicios.unileon.es\/oficina-verde\/wp-json\/wp\/v2\/types\/page"}],"author":[{"embeddable":true,"href":"https:\/\/servicios.unileon.es\/oficina-verde\/wp-json\/wp\/v2\/users\/10"}],"replies":[{"embeddable":true,"href":"https:\/\/servicios.unileon.es\/oficina-verde\/wp-json\/wp\/v2\/comments?post=1425"}],"version-history":[{"count":85,"href":"https:\/\/servicios.unileon.es\/oficina-verde\/wp-json\/wp\/v2\/pages\/1425\/revisions"}],"predecessor-version":[{"id":1427,"href":"https:\/\/servicios.unileon.es\/oficina-verde\/wp-json\/wp\/v2\/pages\/1425\/revisions\/1427"}],"wp:attachment":[{"href":"https:\/\/servicios.unileon.es\/oficina-verde\/wp-json\/wp\/v2\/media?parent=1425"}],"curies":[{"name":"wp","href":"https:\/\/api.w.org\/{rel}","templated":true}]}}