{"id":1072,"date":"2012-03-26T09:19:06","date_gmt":"2012-03-26T09:19:06","guid":{"rendered":"http:\/\/servicios.unileon.es\/oficina-verde\/?page_id=1072"},"modified":"2012-03-26T09:21:36","modified_gmt":"2012-03-26T09:21:36","slug":"documento-buenas-practicas","status":"publish","type":"page","link":"https:\/\/servicios.unileon.es\/oficina-verde\/documento-buenas-practicas\/","title":{"rendered":"DOCUMENTO BUENAS PR\u00c1CTICAS"},"content":{"rendered":"En esta p\u00e1gina, os mostramos el documento que realiz\u00f3 nuestra compa\u00f1era Miriam Fern\u00e1ndez \u00c1lvarez (PAS ULe) sobre buenas pr\u00e1cticas ambientales. Este documento, que se comenta en los cursos de formaci\u00f3n del PAS,\u00a0 recoge los aspectos m\u00e1s importantes relativos al medio ambiente que los trabajadores\/as de la ULe deben tener en cuenta en su desempe\u00f1o diario.\r\n\r\nPara consultar el documento, haz click aqui: <a href=\"http:\/\/servicios.unileon.es\/oficina-verde\/files\/2012\/03\/bUENAS-PR\u00c1CTICAS-DOC.-FINAL.pdf\">DOC. BUENAS PR\u00c1CTICAS UNIVERSIDAD DE LE\u00d3N.<\/a>","protected":false},"excerpt":{"rendered":"<p>En esta p\u00e1gina, os mostramos el documento que realiz\u00f3 nuestra compa\u00f1era Miriam Fern\u00e1ndez \u00c1lvarez (PAS ULe) sobre buenas pr\u00e1cticas ambientales. Este documento, que se comenta en los cursos de formaci\u00f3n del PAS,\u00a0 recoge los aspectos m\u00e1s importantes relativos al medio ambiente que los trabajadores\/as de la ULe deben tener en cuenta en su desempe\u00f1o diario. [&hellip;]<\/p>\n","protected":false},"author":10,"featured_media":0,"parent":0,"menu_order":0,"comment_status":"closed","ping_status":"open","template":"","meta":{"footnotes":""},"class_list":["post-1072","page","type-page","status-publish","hentry"],"_links":{"self":[{"href":"https:\/\/servicios.unileon.es\/oficina-verde\/wp-json\/wp\/v2\/pages\/1072","targetHints":{"allow":["GET"]}}],"collection":[{"href":"https:\/\/servicios.unileon.es\/oficina-verde\/wp-json\/wp\/v2\/pages"}],"about":[{"href":"https:\/\/servicios.unileon.es\/oficina-verde\/wp-json\/wp\/v2\/types\/page"}],"author":[{"embeddable":true,"href":"https:\/\/servicios.unileon.es\/oficina-verde\/wp-json\/wp\/v2\/users\/10"}],"replies":[{"embeddable":true,"href":"https:\/\/servicios.unileon.es\/oficina-verde\/wp-json\/wp\/v2\/comments?post=1072"}],"version-history":[{"count":5,"href":"https:\/\/servicios.unileon.es\/oficina-verde\/wp-json\/wp\/v2\/pages\/1072\/revisions"}],"predecessor-version":[{"id":1078,"href":"https:\/\/servicios.unileon.es\/oficina-verde\/wp-json\/wp\/v2\/pages\/1072\/revisions\/1078"}],"wp:attachment":[{"href":"https:\/\/servicios.unileon.es\/oficina-verde\/wp-json\/wp\/v2\/media?parent=1072"}],"curies":[{"name":"wp","href":"https:\/\/api.w.org\/{rel}","templated":true}]}}