{"id":63,"date":"2011-02-15T13:28:58","date_gmt":"2011-02-15T13:28:58","guid":{"rendered":"http:\/\/servicios.unileon.es\/coie\/"},"modified":"2020-04-18T12:01:59","modified_gmt":"2020-04-18T11:01:59","slug":"area-de-ciencias-sociales-y-juridicas","status":"publish","type":"page","link":"https:\/\/servicios.unileon.es\/oficina-de-practicas-y-empleabilidad\/area-de-ciencias-sociales-y-juridicas\/","title":{"rendered":"\u00c1rea de Ciencias Sociales y Jur\u00eddicas"},"content":{"rendered":"<h2>SALIDAS PROFESIONALES<\/h2>\r\n<dl id=\"salidasprofesionales\">\r\n \t<dt><a id=\"m01ld\" href=\"#1\">Graduado\/a en Derecho<\/a><\/dt>\r\n \t<dd id=\"01ld\">\r\n<p style=\"text-align: justify;\">El objetivo general del Grado en Derecho es proporcionar una formaci\u00f3n jur\u00eddica adecuada, tanto en el plano te\u00f3rico como en el pr\u00e1ctico, que habilite al graduado para el ejercicio de las profesiones a las que la titulaci\u00f3n le da acceso y para su posterior especializaci\u00f3n, dot\u00e1ndole de juicio cr\u00edtico, responsabilidad social y capacidad de trabajo aut\u00f3nomo y en equipo para las cuestiones relacionadas con el Derecho.<\/p>\r\n<p style=\"text-align: justify;\">El graduado en Derecho estar\u00e1 capacitado para poder acceder, a trav\u00e9s de los requisitos legales exigibles en cada caso, principalmente a las siguientes actividades profesionales:<\/p>\r\n\r\n<ul style=\"text-align: justify;\">\r\n \t<li>Ejercicio Profesional Libre (Abogados, Procuradores, Asesores, Gestores, etc.)<\/li>\r\n \t<li>Trabajo dependiente en la empresa privada (Abogados, Asesores, Ejecutivos, Banca, etc.)<\/li>\r\n<\/ul>\r\n<p style=\"text-align: justify;\">Puestos en las Administraciones P\u00fablicas:<\/p>\r\n\r\n<ul style=\"text-align: justify;\">\r\n \t<li>Estatal<\/li>\r\n \t<li>Comunidades Aut\u00f3nomas y Corporaciones Locales (Letrados, T\u00e9cnicos, Secretarios de Ayuntamiento, etc.)<\/li>\r\n \t<li>Todos los Ministerios (Letrados, T\u00e9cnicos de la Administraci\u00f3n Civil, etc.)<\/li>\r\n \t<li>Ministerios de Justicia (Notarios, Registradores de la Propiedad, Jueces y Magistrados, Fiscales, Secretarios Judiciales, Abogados del Estado, etc.)<\/li>\r\n \t<li>Ministerio de Hacienda (Inspectores de Hacienda, Auditores de Cuentas, etc.)<\/li>\r\n \t<li>Ministerio de Trabajo y Seguridad Social (Letrados, Inspectores de Trabajo, T\u00e9cnicos del INSS, etc.)<\/li>\r\n \t<li>Ministerio de Defensa (Cuerpos Jur\u00eddicos militares).<\/li>\r\n \t<li>Cortes Espa\u00f1olas, Consejo de Estado, Tribunal Constitucional (Letrados).<\/li>\r\n \t<li>Comunidades Europeas (T\u00e9cnicos).<\/li>\r\n<\/ul>\r\n<\/dd>\r\n \t<dt><a id=\"m01lade\" href=\"#1\">Graduado\/a en Administraci\u00f3n y Direcci\u00f3n de Empresas<\/a><\/dt>\r\n \t<dd id=\"01lade\">\r\n<p style=\"text-align: justify;\">El T\u00edtulo proporciona a los alumnos una extensa formaci\u00f3n econ\u00f3mica de car\u00e1cter empresarial que les capacita para acceder a puestos de trabajo de responsabilidad media o alta en cualquier empresa. Dada la gran versatilidad de esta titulaci\u00f3n, los graduados y graduadas en Administraci\u00f3n y Direcci\u00f3n de Empresas pueden trabajar en cualquier sector econ\u00f3mico realizando una gama muy amplia de funciones, tanto en instituciones p\u00fablicas como en empresas privadas. As\u00ed, los graduados\/as, est\u00e1n capacitados para asumir un triple perfil profesional (acad\u00e9mico, t\u00e9cnico y social) y emplearse en diversos \u00e1mbitos del mercado laboral: empresas de todos los sectores de actividad, entidades financieras, consultor\u00edas, Administraci\u00f3n P\u00fablica, docencia o investigaci\u00f3n, centros de formaci\u00f3n de empresas, etc&#8230;<\/p>\r\n<p style=\"text-align: justify;\">El Grado en ADE ofrece un amplio abanico de oportunidades profesionales, entre las que destacan las siguientes:<\/p>\r\n\r\n<ul>\r\n \t<li style=\"text-align: justify;\">Incorporaci\u00f3n en los principales departamentos de cualquier empresa, ocupando puestos de responsabilidad media o superior.<\/li>\r\n \t<li style=\"text-align: justify;\">Empresas de Auditor\u00eda o Consultor\u00eda.<\/li>\r\n \t<li style=\"text-align: justify;\">Autoempleo, mediante la creaci\u00f3n de empresas propias.<\/li>\r\n \t<li style=\"text-align: justify;\">Ingreso en los Cuerpos de Funcionarios de las Administraciones P\u00fablicas.<\/li>\r\n<\/ul>\r\n<\/dd>\r\n \t<dt><a id=\"m01dce\" href=\"#1\">Graduado\/a en Comercio Internacional<\/a><\/dt>\r\n \t<dd id=\"01dce\">\r\n<p style=\"text-align: justify;\">La formaci\u00f3n proporcionada por este t\u00edtulo el (CGI) faculta a sus graduados para realizar su actividad profesional en los siguientes \u00e1mbitos laborales:<\/p>\r\n\r\n<ul>\r\n \t<li style=\"text-align: justify;\">Sector P\u00fablico Nacional y Auton\u00f3mico: Organismos promotores de la internacionalizaci\u00f3n de la empresa y del comercio exterior.<\/li>\r\n \t<li style=\"text-align: justify;\">Sector Empresarial no lucrativo: C\u00e1maras de Comercio, Industria y Navegaci\u00f3n, y Asociaciones Empresariales.<\/li>\r\n \t<li style=\"text-align: justify;\">Sector Financiero: Unidades de Negocio internacional de Bancos y Cajas de Ahorros.<\/li>\r\n \t<li style=\"text-align: justify;\">Sector Empresarial lucrativo: Departamentos Comerciales, Departamentos de Exportaci\u00f3n\/Internacionalizaci\u00f3n de empresas privadas y\/o p\u00fablicas.<\/li>\r\n \t<li style=\"text-align: justify;\">Sector Servicios a la empresa: Empresas intermedias en el comercio internacional, Empresas consignatarias y\/o de log\u00edstica, Agencias de aduanas, etc.<\/li>\r\n \t<li style=\"text-align: justify;\">Profesi\u00f3n libre: Consultor\u00eda en comercio exterior e internacionalizaci\u00f3n de la empresa.<\/li>\r\n<\/ul>\r\n<\/dd>\r\n \t<dt><a id=\"m01le\" href=\"#1\">Graduado\/a en Econom\u00eda<\/a><\/dt>\r\n \t<dd id=\"01le\">Este t\u00edtulo proporciona a los graduados una gran versatilidad que les permite el desempe\u00f1o de una gran variedad de ocupaciones en diferentes \u00e1mbitos econ\u00f3micos y empresariales:\r\n<ul>\r\n \t<li style=\"text-align: justify;\">Tareas de responsabilidad media y superior en entidades financieras, de seguros, PYMES y empresas multinacionales.<\/li>\r\n \t<li style=\"text-align: justify;\">Labores de consultor\u00eda y asesor\u00eda empresarial.<\/li>\r\n \t<li style=\"text-align: justify;\">Actividades de analista financiero, burs\u00e1til o comercial.<\/li>\r\n \t<li style=\"text-align: justify;\">Trabajos en servicios de estudios de entidades p\u00fablicas y privadas.<\/li>\r\n \t<li style=\"text-align: justify;\">Puestos cualificados en los distintos niveles de la Administraci\u00f3n P\u00fablica y de Instituciones y Organismos Internacionales.<\/li>\r\n \t<li style=\"text-align: justify;\">Docencia tanto universitaria como en ense\u00f1anza media.<\/li>\r\n<\/ul>\r\n<\/dd>\r\n \t<dt><\/dt>\r\n \t<dt><a href=\"https:\/\/www.unileon.es\/ficheros\/estudiantes\/tripticos\/finanzas.pdf\">Graduado\/a en Finanzas<\/a><\/dt>\r\n \t<dd>Este t\u00edtulo capacita al graduado\/a\u00a0 para desempe\u00f1ar funciones de gesti\u00f3n y asesoramiento financiero, de valoraci\u00f3n de inversiones y activos financieros, as\u00ed como de an\u00e1lisis de riesgos, tanto en entidades financieras y aseguradoras como en cualquier tipo de empresa<\/dd>\r\n \t<dd>Salidas profesionales:<\/dd>\r\n \t<dd>\r\n<ul>\r\n \t<li>Sector financiero: bancos comerciales y de inversi\u00f3n, gestoras de planes y fondos de inversi\u00f3n.<\/li>\r\n \t<li>Entidades aseguradoras: mutualidades y compa\u00f1\u00edas de seguros.<\/li>\r\n \t<li>Mercados financieros.<\/li>\r\n \t<li>Departamentos financieros de cualquier empresa. *Profesi\u00f3n libre: asesor financiero, t\u00e9cnico de inversiones, actuario, etc.<\/li>\r\n<\/ul>\r\n<\/dd>\r\n \t<dt><\/dt>\r\n \t<dt><a id=\"m01litm\" href=\"#1\">Graduado\/a en M\u00e1rketing e Investigaci\u00f3n de Mercados <\/a><\/dt>\r\n \t<dd id=\"01litm\">\r\n<p style=\"text-align: justify;\">Formar profesionales capaces de desempe\u00f1ar actividades y funciones en marketing e investigaci\u00f3n de mercados en entornos nacionales e internacionales. En la titulaci\u00f3n se adquieren conocimientos de an\u00e1lisis y t\u00e9cnicas de investigaci\u00f3n de mercados, fuentes de informaci\u00f3n, comportamiento del consumidor, campa\u00f1as de publicidad y promoci\u00f3n comercial, distribuci\u00f3n comercial, estrategias de marketing de productos y precios, nuevas tendencias en marketing.<\/p>\r\n<p style=\"text-align: justify;\">Las salidas profesionales m\u00e1s habituales son:<\/p>\r\n\r\n<ul>\r\n \t<li style=\"text-align: justify;\">Departamentos de marketing.<\/li>\r\n \t<li style=\"text-align: justify;\">Investigaci\u00f3n de mercados.<\/li>\r\n \t<li style=\"text-align: justify;\">Publicidad.<\/li>\r\n \t<li style=\"text-align: justify;\">Marketing promocional y directo.<\/li>\r\n \t<li style=\"text-align: justify;\">Agencias de compras.<\/li>\r\n \t<li style=\"text-align: justify;\">Atenci\u00f3n al cliente.<\/li>\r\n \t<li style=\"text-align: justify;\">Distribuci\u00f3n comercial y ventas.<\/li>\r\n \t<li style=\"text-align: justify;\">Direcci\u00f3n general<\/li>\r\n<\/ul>\r\n<\/dd>\r\n \t<dt><a id=\"m01lcaf\" href=\"#1\">Graduado\/a en Turismo <\/a><\/dt>\r\n \t<dd id=\"01lcaf\">\r\n<p style=\"text-align: justify;\">Las salidas profesionales de estos Diplomados\/as universitarios son diversas y amplias. Es frecuente que ejerzan su actividad profesional en el \u00e1mbito de la restauraci\u00f3n, en agencias de viajes, en compa\u00f1\u00edas de aviaci\u00f3n comercial, en ferias y congresos y en las administraciones p\u00fablicas.\r\nEn cuanto a las funciones m\u00e1s comunes, citaremos:\r\nTraductor y\/o int\u00e9rprete en organismos internacionales, traductor y\/o int\u00e9rprete de congresos y conferencias, traductor especializado en econom\u00eda y ciencias empresariales, ciencias jur\u00eddicas y en lenguaje cient\u00edfico-t\u00e9cnico. Staff directivo y puestos de relaciones p\u00fablicas y otros de responsabilidad en Hoteles, Paradores, Moteles, Hostales, Residencias, Apartamentos Tur\u00edsticos, Urbanizaciones Tur\u00edsticas, Centros de Inter\u00e9s Tur\u00edstico, Campings, Restaurantes, Caterings, Paradores y Albergues de Turismo, Compa\u00f1\u00edas de Transporte, Agencias de Viaje, Oficinas de Informaci\u00f3n, Servicios de Gu\u00edas Tur\u00edsticos, Parques tem\u00e1ticos, Casinos, Museos, Parques Acu\u00e1ticos, Parques Naturales, Estaciones de Esqu\u00ed, Campos de Golf, Empresas de Deportes de aventura&#8230;<\/p>\r\n<\/dd>\r\n \t<dt><a id=\"m01dm\" href=\"#1\">Graduado\/a en Educaci\u00f3n Infantil<\/a><\/dt>\r\n \t<dd id=\"01dm\">\r\n<p style=\"text-align: justify;\">La profesi\u00f3n de Maestro de Educaci\u00f3n Infantil es una profesi\u00f3n regulada a la que se accede, \u00fanicamente, cursando el correspondiente grado en Educaci\u00f3n Infantil.<\/p>\r\n<p style=\"text-align: justify;\">La etapa de Educaci\u00f3n Infantil abarca desde los 0 a los 6 a\u00f1os. Estos maestros pueden ejercer su profesi\u00f3n en colegios concertados y privados mediante contrato laboral y en colegios p\u00fablicos como interinos o funcionarios si superan la correspondiente oposici\u00f3n<\/p>\r\n<\/dd>\r\n \t<dt><a id=\"m01lp\" href=\"#1\">Graduado\/a en Educaci\u00f3n Primaria<\/a><\/dt>\r\n \t<dd id=\"01lp\">\r\n<p style=\"text-align: justify;\">La profesi\u00f3n de Maestro de Educaci\u00f3n Primaria es una profesi\u00f3n regulada a la que se accede \u00fanicamente, cursando el correspondiente grado en Educaci\u00f3n Primaria.<\/p>\r\n<p style=\"text-align: justify;\">La etapa de Educaci\u00f3n Primaria abarca desde los 6 hasta los 12 a\u00f1os. Estos maestros pueden ejercer su profesi\u00f3n en colegios concertados y privados mediante contrato laboral y en colegios p\u00fablicos como interinos o funcionarios si superan la correspondiente oposici\u00f3n<\/p>\r\n<\/dd>\r\n \t<dt><a id=\"m01db\" href=\"#1\">Graduado\/a en Educaci\u00f3n Social<\/a><\/dt>\r\n \t<dd id=\"01db\">\r\n<p style=\"text-align: justify;\">La etapa de Educaci\u00f3n Infantil abarca desde los 0 a los 6 a\u00f1os. Estos maestros pueden ejercer su profesi\u00f3n en colegios concertados y privados mediante contrato laboral y en colegios p\u00fablicos como interinos o funcionarios si superan la correspondiente oposici\u00f3n<\/p>\r\n<\/dd>\r\n \t<dt><a id=\"m01drl\" href=\"#1\">Graduado\/a en Relaciones Laborales y Recursos Humanos<\/a><\/dt>\r\n \t<dd id=\"01drl\">\r\n<p style=\"text-align: justify;\">Esta titulaci\u00f3n ofrece una amplia gama de salidas profesionales. En t\u00e9rminos generales, son cinco las principales alternativas por las que suelen optar estos Graduados Universitarios:<\/p>\r\n\r\n<ul style=\"text-align: justify;\">\r\n \t<li>El ejercicio libre de la profesi\u00f3n.<\/li>\r\n \t<li>Formando parte del staff empresarial.<\/li>\r\n \t<li>Direcci\u00f3n de gabinetes y asesor\u00edas sociolaborales.<\/li>\r\n \t<li>Representaci\u00f3n y defensa de las partes en los procedimientos laborales suscitados ante las Magistraturas de Trabajo.<\/li>\r\n \t<li>El ejercicio profesional dentro del grupo B de la Administraci\u00f3n del Estado.<\/li>\r\n<\/ul>\r\n<p style=\"text-align: justify;\">Los\/as egresados en esta titulaci\u00f3n tienen interesantes perspectivas laborales en puestos de trabajo con denominaciones y responsabilidades diversas, ya sea director de personal, jefe de administraci\u00f3n de personal, director de recursos humanos, administrativos de personal, etc. Seg\u00fan datos de la Asociaci\u00f3n Espa\u00f1ola de Directores de Personal, el 60 por 100 de sus miembros, trabajadores de los departamentos de personal de las empresas espa\u00f1olas ostentaban la titulaci\u00f3n de Graduado Social Diplomado o de Diplomado en Relaciones Laborales.<\/p>\r\n<\/dd>\r\n \t<dt><a id=\"m01lcafd\" href=\"#1\">Graduado\/a en Ciencias de la Actividad F\u00edsica y del Deporte<\/a><\/dt>\r\n \t<dd id=\"01lcafd\">\r\n<p style=\"text-align: justify;\">Se trata de una licenciatura con amplia demanda de servicios profesionales en el \u00e1mbito de la actividad f\u00edsica y del deporte como medio ocupacional del tiempo libre, as\u00ed como fuente generadora de salud y de calidad de vida en una sociedad actual que persigue como objetivo el \u00abbienestar social\u00bb.<\/p>\r\n<p style=\"text-align: justify;\">Dada la preocupaci\u00f3n de la sociedad actual por la actividad f\u00edsica, el deporte y la salud, las perspectivas ocupacionales de estos profesionales se est\u00e1n incrementando.<\/p>\r\n<p style=\"text-align: justify;\">El horizonte laboral de esta licenciatura abarca diferentes aspectos como la docencia, la recreaci\u00f3n y el ocio, la competici\u00f3n, el rendimiento deportivo y la administraci\u00f3n y gesti\u00f3n del deporte.<\/p>\r\n<p style=\"text-align: justify;\">Dicho horizonte laboral se concreta fundamentalmente en: docencia en las Universidades, Institutos y Centros de ense\u00f1anza secundaria y de formaci\u00f3n profesional; entrenadores y asesores deportivos, investigaci\u00f3n en Centros e Institutos Universitarios y Centros de Alto Rendimiento Deportivo, gesti\u00f3n deportiva (gerencia, administraci\u00f3n y organizaci\u00f3n); rendimiento deportivo (preparaci\u00f3n f\u00edsica y entrenamiento); deporte recreaci\u00f3n (ocio, turismo y otras pr\u00e1cticas deportivas); deporte de salud; escuelas deportivas, actividad f\u00edsica y deporte para poblaciones especiales, escuelas de formaci\u00f3n de t\u00e9cnicos deportivos, etc.<\/p>\r\n<\/dd>\r\n \t<dt><a id=\"m01dts\" href=\"#1\">Graduado\/a en Trabajo Social<\/a><\/dt>\r\n \t<dd id=\"01dts\">\r\n<p style=\"text-align: justify;\">Los\/as Graduados en Trabajo Social ejercen habitualmente su profesi\u00f3n por cuenta ajena. Probablemente el sector ocupacional m\u00e1s frecuente sea en \u00e1reas de bienestar social de las corporaciones locales (ayuntamientos y diputaciones), en los servicios sociales, comunitarios y sectoriales (CEAS, familia y menores, juventud, tercera edad, minusval\u00edas, desempleo, integraci\u00f3n social, juventud, sectores marginales, centros de rehabilitaci\u00f3n de drogodependientes, prisiones y en organizaciones no gubernamentales (C\u00e1ritas, Cruz Roja, ONCE), Fundaciones y movimientos asociativos.<\/p>\r\n<p style=\"text-align: justify;\">Asimismo, es frecuente encontrar trabajadores sociales en medianas o grandes empresas de cualquier sector y sobre todo del \u00e1rea de servicio social: en guarder\u00edas, servicios de protecci\u00f3n maternal, infantil, de la mujer; escuelas de alfabetizaci\u00f3n de adultos, escuelas de promoci\u00f3n social, centros de planificaci\u00f3n familiar, residencias de ancianos, comedores sociales, centros sociales y culturales, centros de reinserci\u00f3n social y centros de rehabilitaci\u00f3n de toxic\u00f3manos.<\/p>\r\n&nbsp;\r\n<p style=\"text-align: justify;\">La Administraci\u00f3n P\u00fablica, as\u00ed como sus organismos dependientes, suelen convocar oposiciones a las que pueden acceder los trabajadores sociales.<\/p>\r\n<\/dd>\r\n<\/dl>\r\n<h2>M\u00c1STERES<\/h2>\r\n<p style=\"text-align: justify;\"><strong><a href=\"http:\/\/www.unileon.es\/files\/triptico_master_asesoria_juridica.pdf\">M\u00e1ster Universitario en Asesor\u00eda Jur\u00eddica de Empresa<\/a><\/strong>\r\n<strong><a href=\"https:\/\/www.unileon.es\/ficheros\/estudiantes\/tripticos\/masteres\/master-universitario-en-ciencias-actuariales-y-financieras.pdf\">M\u00e1ster Universitario en Ciencias Actuariales y Financieras<\/a><\/strong>\r\n<strong><a href=\"https:\/\/www.unileon.es\/ficheros\/estudiantes\/tripticos\/masteres\/master-universitario-en-investigacion-en-administracion-y-economia-de-la-empresa.pdf\">M\u00e1ster Universitario en Investigaci\u00f3n en Administraci\u00f3n y Econom\u00eda de Empresa<\/a><\/strong>\r\n<strong><a href=\"https:\/\/www.unileon.es\/ficheros\/estudiantes\/tripticos\/masteres\/master-universitario-en-cooperacion-internacional-para-el-desarrollo20190528.pdf\">M\u00e1ster Universitario en Cooperaci\u00f3n Internacional para Desarrollo<\/a><\/strong>\r\n<strong> <a href=\"http:\/\/economicas.unileon.es\/wp-content\/blogs.dir\/5\/files\/2012\/07\/EMBS-flyer-temp-Feb-2012-.pdf\">M\u00e1ster Universitario Europeo en Direcci\u00f3n de Empresas <\/a><\/strong>\r\n<strong> <a href=\"http:\/\/www.unileon.es\/files\/triptico_master_riesgos_laborales.pdf\">M\u00e1ster Universitario en Gesti\u00f3n de Prevenci\u00f3n de Riesgos Laborales<\/a><\/strong>\r\n<strong> <a href=\"http:\/\/www.unileon.es\/files\/triptico_master_profesorado.pdf\">M\u00e1ster Universitario en Formaci\u00f3n del Profesorado de Educaci\u00f3n Secundaria Obligatoria y Bachillerato, Formaci\u00f3n Profesional y Ense\u00f1anzas de Idiomas<\/a><\/strong>\r\n<strong> <a href=\"http:\/\/www.unileon.es\/files\/TRIPTICO-Master_Orientacion_Educativa.pdf\">M\u00e1ster Universitario en Orientaci\u00f3n Educativa<\/a><\/strong>\r\n<strong> <a href=\"http:\/\/www.unileon.es\/files\/triptico_master_inv_psicologia.pdf\">M\u00e1ster Universitario en Investigaci\u00f3n en Psicolog\u00eda y Ciencias de la Educaci\u00f3n<\/a><\/strong>\r\n<strong> <a href=\"http:\/\/www.unileon.es\/files\/triptico_master_antropologia_iberoamerica.pdf\">M\u00e1ster Universitario en Antropolog\u00eda de Iberoam\u00e9rica<\/a><\/strong>\r\n<strong> <a href=\"http:\/\/www.unileon.es\/files\/triptico-master-recreacion.pdf\">M\u00e1ster Universitario en Actividad F\u00edsica: Creaci\u00f3n, Recreaci\u00f3n y Bienestar<\/a><\/strong>\r\n<strong><a href=\"https:\/\/www.unileon.es\/ficheros\/estudiantes\/tripticos\/masteres\/master-universitario-en-entrenamiento-y-rendimiento-deportivo.pdf\">M\u00e1ster Universitario en Entrenamiento y Rendimiento Deportivo<\/a><\/strong>\r\n<strong><a href=\"https:\/\/www.unileon.es\/ficheros\/estudiantes\/tripticos\/masteres\/master-universitario-en-direccion-de-organizaciones-e-instalaciones-de-la-actividad-fisica-y-del-deporte.pdf\">M\u00e1ster Universitario en Direcci\u00f3n de Organizaciones e Instalaciones de la Actividad F\u00edsica y del Deporte.<\/a><\/strong>\r\n<strong> <a href=\"http:\/\/www.unileon.es\/files\/Planificaci%C3%B3n%20ense%C3%B1anzas%20para%20Web%20Abogac%C3%ADa.pdf\">M\u00e1ster Universitario en Abogac\u00eda<\/a><\/strong>\r\n<strong> <a href=\"http:\/\/www.unileon.es\/files\/triptico_master_gestion.pdf\">M\u00e1ster Universitario en Gesti\u00f3n de Personal y Pr\u00e1ctica Laboral<\/a><\/strong>\r\n<strong><a href=\"https:\/\/www.unileon.es\/ficheros\/estudiantes\/tripticos\/masteres\/master-universitario-en-derecho-de-la-ciberseguridad-y-entorno-digital20190620.pdf\">M\u00e1ster Universitario en Derecho de la Ciberseguridad y Entorno Digital<\/a><\/strong><\/p>","protected":false},"excerpt":{"rendered":"<p>SALIDAS PROFESIONALES Graduado\/a en Derecho El objetivo general del Grado en Derecho es proporcionar una formaci\u00f3n jur\u00eddica adecuada, tanto en el plano te\u00f3rico como en el pr\u00e1ctico, que habilite al graduado para el ejercicio de las profesiones a las que la titulaci\u00f3n le da acceso y para su posterior especializaci\u00f3n, dot\u00e1ndole de juicio cr\u00edtico, responsabilidad [&hellip;]<\/p>\n","protected":false},"author":1,"featured_media":0,"parent":0,"menu_order":0,"comment_status":"closed","ping_status":"closed","template":"","meta":{"footnotes":""},"class_list":["post-63","page","type-page","status-publish","hentry"],"_links":{"self":[{"href":"https:\/\/servicios.unileon.es\/oficina-de-practicas-y-empleabilidad\/wp-json\/wp\/v2\/pages\/63","targetHints":{"allow":["GET"]}}],"collection":[{"href":"https:\/\/servicios.unileon.es\/oficina-de-practicas-y-empleabilidad\/wp-json\/wp\/v2\/pages"}],"about":[{"href":"https:\/\/servicios.unileon.es\/oficina-de-practicas-y-empleabilidad\/wp-json\/wp\/v2\/types\/page"}],"author":[{"embeddable":true,"href":"https:\/\/servicios.unileon.es\/oficina-de-practicas-y-empleabilidad\/wp-json\/wp\/v2\/users\/1"}],"replies":[{"embeddable":true,"href":"https:\/\/servicios.unileon.es\/oficina-de-practicas-y-empleabilidad\/wp-json\/wp\/v2\/comments?post=63"}],"version-history":[{"count":29,"href":"https:\/\/servicios.unileon.es\/oficina-de-practicas-y-empleabilidad\/wp-json\/wp\/v2\/pages\/63\/revisions"}],"predecessor-version":[{"id":3592,"href":"https:\/\/servicios.unileon.es\/oficina-de-practicas-y-empleabilidad\/wp-json\/wp\/v2\/pages\/63\/revisions\/3592"}],"wp:attachment":[{"href":"https:\/\/servicios.unileon.es\/oficina-de-practicas-y-empleabilidad\/wp-json\/wp\/v2\/media?parent=63"}],"curies":[{"name":"wp","href":"https:\/\/api.w.org\/{rel}","templated":true}]}}