{"id":5513,"date":"2026-03-09T10:20:09","date_gmt":"2026-03-09T09:20:09","guid":{"rendered":"https:\/\/servicios.unileon.es\/oficina-de-practicas-y-empleabilidad\/?page_id=5513"},"modified":"2026-03-09T10:25:47","modified_gmt":"2026-03-09T09:25:47","slug":"otras_convocatorias","status":"publish","type":"page","link":"https:\/\/servicios.unileon.es\/oficina-de-practicas-y-empleabilidad\/otras_convocatorias\/","title":{"rendered":"Otras Convocatorias"},"content":{"rendered":"<style>\r\n    h3 { \r\n        font-size: 18px; \r\n        border-bottom: dotted 1px #007314;   \r\n        color: #5e4f1d; \r\n        font-weight: 550;\r\n        margin-top: 50px;\r\n    }\r\n    h2 {  \r\n        font-size: 26px; \r\n        border-bottom: dotted 1px #007314;   \r\n        color: #17385e; \r\n        font-weight: 550;\r\n        margin-top: 50px;\r\n    }\r\n    h4 { \r\n        font-size: 17px; \r\n        color: #17385e; \r\n       font-weight: 550;\r\n    }\r\n<\/style>\r\n<h3>OFICINA DE PROYECTOS INTERNACIONALES. Convocatoria de pr\u00e1cticas acad\u00e9micas remuneradas en el Centro Europe Direct Le\u00f3n. <\/h3>\r\n<a href=\"https:\/\/www.unileon.es\/internacional\/vicerrectorado\/opi\/convocatorias\">M\u00e1s informaci\u00f3n<\/a>","protected":false},"excerpt":{"rendered":"<p>OFICINA DE PROYECTOS INTERNACIONALES. Convocatoria de pr\u00e1cticas acad\u00e9micas remuneradas en el Centro Europe Direct Le\u00f3n. M\u00e1s informaci\u00f3n<\/p>\n","protected":false},"author":13,"featured_media":0,"parent":0,"menu_order":0,"comment_status":"closed","ping_status":"closed","template":"","meta":{"footnotes":""},"class_list":["post-5513","page","type-page","status-publish","hentry"],"_links":{"self":[{"href":"https:\/\/servicios.unileon.es\/oficina-de-practicas-y-empleabilidad\/wp-json\/wp\/v2\/pages\/5513","targetHints":{"allow":["GET"]}}],"collection":[{"href":"https:\/\/servicios.unileon.es\/oficina-de-practicas-y-empleabilidad\/wp-json\/wp\/v2\/pages"}],"about":[{"href":"https:\/\/servicios.unileon.es\/oficina-de-practicas-y-empleabilidad\/wp-json\/wp\/v2\/types\/page"}],"author":[{"embeddable":true,"href":"https:\/\/servicios.unileon.es\/oficina-de-practicas-y-empleabilidad\/wp-json\/wp\/v2\/users\/13"}],"replies":[{"embeddable":true,"href":"https:\/\/servicios.unileon.es\/oficina-de-practicas-y-empleabilidad\/wp-json\/wp\/v2\/comments?post=5513"}],"version-history":[{"count":4,"href":"https:\/\/servicios.unileon.es\/oficina-de-practicas-y-empleabilidad\/wp-json\/wp\/v2\/pages\/5513\/revisions"}],"predecessor-version":[{"id":5517,"href":"https:\/\/servicios.unileon.es\/oficina-de-practicas-y-empleabilidad\/wp-json\/wp\/v2\/pages\/5513\/revisions\/5517"}],"wp:attachment":[{"href":"https:\/\/servicios.unileon.es\/oficina-de-practicas-y-empleabilidad\/wp-json\/wp\/v2\/media?parent=5513"}],"curies":[{"name":"wp","href":"https:\/\/api.w.org\/{rel}","templated":true}]}}

<style>
    h3 { 
        font-size: 18px; 
        border-bottom: dotted 1px #007314;   
        color: #5e4f1d; 
        font-weight: 550;
        margin-top: 50px;
    }
    h2 {  
        font-size: 26px; 
        border-bottom: dotted 1px #007314;   
        color: #17385e; 
        font-weight: 550;
        margin-top: 50px;
    }
    h4 { 
        font-size: 17px; 
        color: #17385e; 
       font-weight: 550;
    }
</style>
<h3>OFICINA DE PROYECTOS INTERNACIONALES. Convocatoria de prácticas académicas remuneradas en el Centro Europe Direct León. </h3>
<a href="https://www.unileon.es/internacional/vicerrectorado/opi/convocatorias">Más información</a>

<p>OFICINA DE PROYECTOS INTERNACIONALES. Convocatoria de prácticas académicas remuneradas en el Centro Europe Direct León. Más información</p>
