{"id":5438,"date":"2026-02-11T20:02:27","date_gmt":"2026-02-11T19:02:27","guid":{"rendered":"https:\/\/servicios.unileon.es\/oficina-de-practicas-y-empleabilidad\/?page_id=5438"},"modified":"2026-02-17T13:09:22","modified_gmt":"2026-02-17T12:09:22","slug":"estancia-tfg-tfm","status":"publish","type":"page","link":"https:\/\/servicios.unileon.es\/oficina-de-practicas-y-empleabilidad\/estancia-tfg-tfm\/","title":{"rendered":"Estancia TFG TFM"},"content":{"rendered":"<style>\r\n    h3 { \r\n        font-size: 25px; \r\n        color: #0b6037; \r\n    }\r\n    h2 { \r\n        font-size: 22px; \r\n        border-bottom: dotted 1px #007314;   \r\n        color: #17385e; \r\n        font-weight: 550;\r\n        margin-top: 50px;\r\n    }\r\n    h4 { \r\n        font-size: 17px; \r\n        color: #2d494d; \r\n    }\r\n\r\n.faq-item {\r\n  border: 1px solid #e0e0e0;\r\n  border-radius: 2px;\r\n  margin-bottom: 10px;\r\n  background-color: #fff;\r\n}\r\n\r\n.faq-question {\r\n  font-weight: 600;\r\n  font-size: 2.20 rem;\r\n  color: #2e7d32;\r\n  padding: 4px 5px;\r\n  cursor: pointer;\r\n  list-style: none;\r\n  position: relative;\r\n}\r\n\r\n.faq-question::-webkit-details-marker {\r\n  display: none;\r\n}\r\n\r\n.faq-question::after {\r\n  content: \"\u25be\";\r\n  position: absolute;\r\n  right: 20px;\r\n  font-size: 2.2rem;\r\n  transition: transform 0.2s ease;\r\n}\r\n\r\n.faq-item[open] .faq-question::after {\r\n  transform: rotate(180deg);\r\n<\/style>\r\n\r\n<h4>\r\n<p>El presente documento tiene como finalidad establecer el marco de actuaci\u00f3n que permita al estudiantado de la Universidad de Le\u00f3n desarrollar su Trabajo Fin de Grado (TFG) o Trabajo Fin de M\u00e1ster (TFM) en una entidad colaboradora externa, promoviendo as\u00ed la conexi\u00f3n con el entorno profesional, la transferencia de conocimiento y la adquisici\u00f3n de competencias pr\u00e1cticas vinculadas a la titulaci\u00f3n.<\/p>\r\n\r\n<p>De conformidad con lo dispuesto en los reglamentos sobre Trabajos Fin de Grado y Trabajos Fin de M\u00e1ster de la Universidad de Le\u00f3n, se contempla la posibilidad de que un profesional perteneciente a la entidad colaboradora participe como cotutor o colaborador externo, complementando la labor del tutor acad\u00e9mico asignado por la Universidad.\r\n<\/p>\r\n<p>Este documento recoge los pasos, responsabilidades y requisitos necesarios para la tramitaci\u00f3n y formalizaci\u00f3n de la estancia del estudiante en la entidad colaboradora, as\u00ed como los procedimientos administrativos que deben seguir tanto el estudiante como los tutores implicados. Su finalidad es asegurar un proceso transparente, riguroso y alineado con las directrices universitarias, favoreciendo la calidad de los trabajos realizados en colaboraci\u00f3n con entidades del entorno socioecon\u00f3mico. En todo caso, la realizaci\u00f3n del TFG\/TFM en entidad colaboradora deber\u00e1 ajustarse igualmente a la normativa espec\u00edfica del centro y a los procedimientos de asignaci\u00f3n, seguimiento y evaluaci\u00f3n establecidos en la titulaci\u00f3n correspondiente.<\/p>\r\n<\/h4>\r\n<a href=\"http:\/\/servicios.unileon.es\/oficina-de-practicas-y-empleabilidad\/files\/2026\/02\/Prc_Est_TFG_TFM.jpg\"><img loading=\"lazy\" decoding=\"async\" src=\"http:\/\/servicios.unileon.es\/oficina-de-practicas-y-empleabilidad\/files\/2026\/02\/Prc_Est_TFG_TFM.jpg\" alt=\"\" width=\"768\" height=\"857\" class=\"aligncenter size-full wp-image-5441\" \/><\/a>\r\n\r\n<h3>Descarga del Protocolo completo<\/h3>\r\n<a href=\"http:\/\/servicios.unileon.es\/oficina-de-practicas-y-empleabilidad\/files\/2026\/02\/Protocolo_Estancia_TFG_TFM.pdf\">Protocolo_Estancia_TFG_TFM<\/a>\r\n<p>&nbsp;<\/p>\r\n<h3>Documentos<\/h3>\r\n<ul>\r\n<li><a href=\"http:\/\/servicios.unileon.es\/oficina-de-practicas-y-empleabilidad\/files\/2026\/02\/AnexoIII_convenio_de_cooperacion_educativa_para_TFG-TFM.docx\">\r\nOPE_0601 &#8211; AnexoIII Convenio de cooperacion educativa_para_TFG TFM<\/a><\/li>\r\n<\/ul>\r\n\r\n","protected":false},"excerpt":{"rendered":"<p>El presente documento tiene como finalidad establecer el marco de actuaci\u00f3n que permita al estudiantado de la Universidad de Le\u00f3n desarrollar su Trabajo Fin de Grado (TFG) o Trabajo Fin de M\u00e1ster (TFM) en una entidad colaboradora externa, promoviendo as\u00ed la conexi\u00f3n con el entorno profesional, la transferencia de conocimiento y la adquisici\u00f3n de competencias [&hellip;]<\/p>\n","protected":false},"author":13,"featured_media":0,"parent":0,"menu_order":0,"comment_status":"closed","ping_status":"closed","template":"","meta":{"footnotes":""},"class_list":["post-5438","page","type-page","status-publish","hentry"],"_links":{"self":[{"href":"https:\/\/servicios.unileon.es\/oficina-de-practicas-y-empleabilidad\/wp-json\/wp\/v2\/pages\/5438","targetHints":{"allow":["GET"]}}],"collection":[{"href":"https:\/\/servicios.unileon.es\/oficina-de-practicas-y-empleabilidad\/wp-json\/wp\/v2\/pages"}],"about":[{"href":"https:\/\/servicios.unileon.es\/oficina-de-practicas-y-empleabilidad\/wp-json\/wp\/v2\/types\/page"}],"author":[{"embeddable":true,"href":"https:\/\/servicios.unileon.es\/oficina-de-practicas-y-empleabilidad\/wp-json\/wp\/v2\/users\/13"}],"replies":[{"embeddable":true,"href":"https:\/\/servicios.unileon.es\/oficina-de-practicas-y-empleabilidad\/wp-json\/wp\/v2\/comments?post=5438"}],"version-history":[{"count":7,"href":"https:\/\/servicios.unileon.es\/oficina-de-practicas-y-empleabilidad\/wp-json\/wp\/v2\/pages\/5438\/revisions"}],"predecessor-version":[{"id":5497,"href":"https:\/\/servicios.unileon.es\/oficina-de-practicas-y-empleabilidad\/wp-json\/wp\/v2\/pages\/5438\/revisions\/5497"}],"wp:attachment":[{"href":"https:\/\/servicios.unileon.es\/oficina-de-practicas-y-empleabilidad\/wp-json\/wp\/v2\/media?parent=5438"}],"curies":[{"name":"wp","href":"https:\/\/api.w.org\/{rel}","templated":true}]}}