{"id":5391,"date":"2026-01-24T17:22:26","date_gmt":"2026-01-24T16:22:26","guid":{"rendered":"https:\/\/servicios.unileon.es\/oficina-de-practicas-y-empleabilidad\/?page_id=5391"},"modified":"2026-01-24T17:42:39","modified_gmt":"2026-01-24T16:42:39","slug":"programa-once-crue","status":"publish","type":"page","link":"https:\/\/servicios.unileon.es\/oficina-de-practicas-y-empleabilidad\/programa-once-crue\/","title":{"rendered":"Programa ONCE CRUE"},"content":{"rendered":"<style>\r\n    h3 { \r\n        font-size: 18px; \r\n        border-bottom: dotted 1px #007314;   \r\n        color: #5e4f1d; \r\n        font-weight: 550;\r\n        margin-top: 50px;\r\n    }\r\n    h2 {  \r\n        font-size: 26px; \r\n        border-bottom: dotted 1px #007314;   \r\n        color: #17385e; \r\n        font-weight: 550;\r\n        margin-top: 50px;\r\n    }\r\n    h4 { \r\n        font-size: 17px; \r\n        color: #17385e; \r\n       font-weight: 550;\r\n    }\r\n<\/style>\r\n<a href=\"http:\/\/servicios.unileon.es\/oficina-de-practicas-y-empleabilidad\/files\/2026\/01\/CRUE-ONCE-UE.png\"><img loading=\"lazy\" decoding=\"async\" src=\"http:\/\/servicios.unileon.es\/oficina-de-practicas-y-empleabilidad\/files\/2026\/01\/CRUE-ONCE-UE.png\" alt=\"\" width=\"581\" height=\"99\" class=\"aligncenter size-full wp-image-5394\" srcset=\"https:\/\/servicios.unileon.es\/oficina-de-practicas-y-empleabilidad\/files\/2026\/01\/CRUE-ONCE-UE.png 581w, https:\/\/servicios.unileon.es\/oficina-de-practicas-y-empleabilidad\/files\/2026\/01\/CRUE-ONCE-UE-300x51.png 300w\" sizes=\"auto, (max-width: 581px) 100vw, 581px\" \/><\/a>\r\n<h3>PROGRAMA DE BECAS PR\u00c1CTICAS A\u00d1O ACAD\u00c9MICO 2025-2026<\/h3>\r\nLa Fundacion ONCE pone en marcha la X edici\u00f3n del programa de becas de pr\u00e1cticas FUNDACI\u00d3N ONCE-CRUE para el curso acad\u00e9mico 2025-2026. El programa ofrece la oportunidad de que el estudiantado universitario con discapacidad realice pr\u00e1cticas acad\u00e9micas externas remuneradas. El programa cuenta con la cofinanciaci\u00f3n del Fondo Social Europeo. \r\n<a href=\"https:\/\/becas.fundaciononce.es\/paginas\/becaspracticasoncecrue.aspx\" target=\"_blank\">[m\u00e1s informaci\u00f3n]<\/a>\r\n<ul class=\"big\">\r\n<li><a href=\"http:\/\/servicios.unileon.es\/oficina-de-practicas-y-empleabilidad\/files\/2026\/01\/valoracion-becas-once-crue_2025_v2.report.pdf\">CRITERIOS DE EVALUACI\u00d3N<\/a><\/li>\r\n<\/ul>\r\n<hr>\r\n<h3>PROGRAMA DE BECAS PR\u00c1CTICAS A\u00d1O ACAD\u00c9MICO 2024-2025<\/h3>\r\n\r\n<p>Se convocan 5 becas para estudiantes que cumplan los siguientes requisitos:<\/p>\r\n<ul>\r\n    \r\n\t\r\n\t<li>Tener un grado de discapacidad legalmente reconocido de al menos un 33%.<\/li>\r\n\r\n\r\n    \r\n\t\r\n\t<li>Estar matriculado en un grado o m\u00e1ster en la Universidad de Le\u00f3n.<\/li>\r\n\r\n\r\n    \r\n\t\r\n\t<li>En el caso de los estudiantes de Grado, haber superado el 50% de los cr\u00e9ditos de la titulaci\u00f3n correspondiente<\/li>\r\n<\/ul>\r\n<p>La empresa o entidad en la que se realicen las pr\u00e1cticas puede ser la sugerida por el propio estudiante, siempre que se ajuste a las caracter\u00edsticas de su titulaci\u00f3n. Las pr\u00e1cticas no supondr\u00e1n ning\u00fan coste para la empresa o entidad en la que se realicen y tendr\u00e1n las siguientes caracter\u00edsticas:<\/p>\r\n<ul>\r\n    \r\n\t\r\n\t<li>Duraci\u00f3n de las pr\u00e1cticas: M\u00e1ximo 3 meses.<\/li>\r\n\r\n\r\n    \r\n\t\r\n\t<li>Cuant\u00eda total de la beca: 1800\u20ac<\/li>\r\n\r\n\r\n    \r\n\t\r\n\t<li>El plazo de inscripci\u00f3n finaliza el pr\u00f3ximo 15 de diciembre de 2024.<\/li>\r\n\r\n\r\n    \r\n\t\r\n\t<li>Periodo de pr\u00e1cticas: desde el d\u00eda siguiente a la publicaci\u00f3n de la resoluci\u00f3n de las personas seleccionadas por parte de las universidades, fundaciones universitarias y centros adscritos y hasta el 31 de diciembre de 2025.<\/li>\r\n\r\n\r\n    \r\n\t\r\n\t<li><a href=\"https:\/\/becas.fundaciononce.es\/Paginas\/BecasPracticasOnceCrue.aspx\">Inscripci\u00f3n y datos de la Convocatoria -&gt;<\/a><\/li>\r\n\r\n\r\n    \r\n\t\r\n\t<li><a href=\"https:\/\/servicios.unileon.es\/oficina-de-practicas-y-empleabilidad\/files\/2024\/12\/baremo_becas_fundacion_once_crue2024_2025.pdf\">Baremo de Selecci\u00f3n de la Universidad de Le\u00f3n<\/a><\/li>\r\n<\/ul>\r\n<h4>Listados y resoluciones<\/h4>\r\n<ul class=\"big\">\r\n    \r\n\t\r\n\t<li><a href=\"https:\/\/servicios.unileon.es\/oficina-de-practicas-y-empleabilidad\/files\/2025\/01\/resolucion_provisional_becas_practicas_fundacion_once_crue2024_25.pdf\">Resoluci\u00f3n Provisional del Programa de Becas Fundaci\u00f3n ONCE-CRUE<\/a><\/li>\r\n\r\n\r\n    \r\n\t\r\n\t<li><a href=\"https:\/\/servicios.unileon.es\/oficina-de-practicas-y-empleabilidad\/files\/2025\/02\/resolucion_definitiva_becas_practicas_fundacion_once_crue2024_25.pdf\">Resoluci\u00f3n Definitiva del Programa de Becas Fundaci\u00f3n ONCE-CRUE<\/a><\/li>\r\n\r\n\r\n    \r\n\t\r\n\t<li><a href=\"https:\/\/servicios.unileon.es\/oficina-de-practicas-y-empleabilidad\/files\/2025\/02\/2resolucion_definitiva_becas_practicas_fundacion_once_crue2024_25.pdf\"><strong>II Resoluci\u00f3n Definitiva del Programa de Becas Fundaci\u00f3n ONCE-CRUE<\/strong><\/a><\/li>\r\n<\/ul>\r\n<p>&#038;nbsp<\/p>\r\n<h3>PROGRAMA DE BECAS PR\u00c1CTICAS A\u00d1O ACAD\u00c9MICO 2023-2024<\/h3>\r\n<p>Se convocan 6 becas para los estudiantes que cumplan los siguientes requisitos:<\/p>\r\n<ul>\r\n    \r\n\t\r\n\t<li style=\"text-align: justify;\">Tener un grado de discapacidad legalmente reconocido de al menos un 33%.<\/li>\r\n\r\n\r\n    \r\n\t\r\n\t<li style=\"text-align: justify;\">Estar matriculado en un grado o m\u00e1ster en la Universidad de Le\u00f3n.<\/li>\r\n\r\n\r\n    \r\n\t\r\n\t<li style=\"text-align: justify;\">Haber superado el 50% de los cr\u00e9ditos del grado o m\u00e1ster.<\/li>\r\n<\/ul>\r\n<p>La empresa o entidad en la que se realicen las pr\u00e1cticas puede ser la sugerida por el propio estudiante, siempre que se ajuste a las caracter\u00edsticas de su titulaci\u00f3n.<\/p>\r\n<p>Las pr\u00e1cticas no supondr\u00e1n ning\u00fan coste para la empresa o entidad en la que se realicen, y tendr\u00e1n las siguientes caracter\u00edsticas:<\/p>\r\n<ul>\r\n    \r\n\t\r\n\t<li>Duraci\u00f3n de las pr\u00e1cticas: 3 meses.<\/li>\r\n\r\n\r\n    \r\n\t\r\n\t<li>Cuant\u00eda: 1800\u20ac (600\u20ac\/mes).<\/li>\r\n\r\n\r\n    \r\n\t\r\n\t<li>Periodo de inscripci\u00f3n para solicitar la beca: hasta el 8 de marzo de 2024.<\/li>\r\n\r\n\r\n    \r\n\t\r\n\t<li>Periodo de pr\u00e1cticas: desde el 18 de marzo de 2024 hasta 31 de diciembre de 2024.<\/li>\r\n<\/ul>\r\n<p>Pod\u00e9is inscribiros directamente en el siguiente enlace:<\/p>\r\n<p><a href=\"https:\/\/becas.fundaciononce.es\/Paginas\/BecasPracticasOnceCrue.aspx\">https:\/\/becas.fundaciononce.es\/Paginas\/BecasPracticasOnceCrue.aspx<\/a><\/p>\r\n<p><a href=\"https:\/\/servicios.unileon.es\/oficina-de-practicas-y-empleabilidad\/files\/2024\/02\/CARTEL-BECAS-CRUE-2023-2024.pdf\">CARTEL BECAS CRUE 2023 2024<\/a><\/p>\r\n<p>&nbsp;<\/p>\r\n<h4>ACTUALIZACI\u00d3N DEL PLAZO BECAS FUNDACI\u00d3N ONCE-CRUE 2023-2024<\/h4>\r\n<p style=\"text-align: justify;\">Se actualiza el plazo de inscripci\u00f3n para las BECAS FUNDACI\u00d3N ONCE-CRUE 2023-2024.\u00a0 La <strong>nueva fecha<\/strong> de finalizaci\u00f3n de la inscripci\u00f3n en dichas becas es el <strong>15 de marzo de 2024.<\/strong><\/p>\r\n<p>Pod\u00e9is inscribiros directamente en el siguiente enlace:<\/p>\r\n<p><a href=\"https:\/\/becas.fundaciononce.es\/Paginas\/BecasPracticasOnceCrue.aspx\">https:\/\/becas.fundaciononce.es\/Paginas\/BecasPracticasOnceCrue.aspx<\/a><\/p>\r\n<p>&nbsp;<\/p>\r\n<h4>RESOLUCI\u00d3N BECAS FUNDACI\u00d3N ONCE-CRUE 2023-2024<\/h4>\r\n<p><a href=\"https:\/\/servicios.unileon.es\/oficina-de-practicas-y-empleabilidad\/files\/2024\/03\/Resolucion-Becas-Practicas-FUNDACION-ONCE-CRUE-2023-2024.pdf\">Resoluci\u00f3n Becas Pr\u00e1cticas FUNDACI\u00d3N ONCE-CRUE 2023-2024<\/a><\/p>\r\n<p>&nbsp;<\/p>","protected":false},"excerpt":{"rendered":"<p>PROGRAMA DE BECAS PR\u00c1CTICAS A\u00d1O ACAD\u00c9MICO 2025-2026 La Fundacion ONCE pone en marcha la X edici\u00f3n del programa de becas de pr\u00e1cticas FUNDACI\u00d3N ONCE-CRUE para el curso acad\u00e9mico 2025-2026. El programa ofrece la oportunidad de que el estudiantado universitario con discapacidad realice pr\u00e1cticas acad\u00e9micas externas remuneradas. El programa cuenta con la cofinanciaci\u00f3n del Fondo Social [&hellip;]<\/p>\n","protected":false},"author":13,"featured_media":0,"parent":0,"menu_order":0,"comment_status":"closed","ping_status":"closed","template":"","meta":{"footnotes":""},"class_list":["post-5391","page","type-page","status-publish","hentry"],"_links":{"self":[{"href":"https:\/\/servicios.unileon.es\/oficina-de-practicas-y-empleabilidad\/wp-json\/wp\/v2\/pages\/5391","targetHints":{"allow":["GET"]}}],"collection":[{"href":"https:\/\/servicios.unileon.es\/oficina-de-practicas-y-empleabilidad\/wp-json\/wp\/v2\/pages"}],"about":[{"href":"https:\/\/servicios.unileon.es\/oficina-de-practicas-y-empleabilidad\/wp-json\/wp\/v2\/types\/page"}],"author":[{"embeddable":true,"href":"https:\/\/servicios.unileon.es\/oficina-de-practicas-y-empleabilidad\/wp-json\/wp\/v2\/users\/13"}],"replies":[{"embeddable":true,"href":"https:\/\/servicios.unileon.es\/oficina-de-practicas-y-empleabilidad\/wp-json\/wp\/v2\/comments?post=5391"}],"version-history":[{"count":8,"href":"https:\/\/servicios.unileon.es\/oficina-de-practicas-y-empleabilidad\/wp-json\/wp\/v2\/pages\/5391\/revisions"}],"predecessor-version":[{"id":5400,"href":"https:\/\/servicios.unileon.es\/oficina-de-practicas-y-empleabilidad\/wp-json\/wp\/v2\/pages\/5391\/revisions\/5400"}],"wp:attachment":[{"href":"https:\/\/servicios.unileon.es\/oficina-de-practicas-y-empleabilidad\/wp-json\/wp\/v2\/media?parent=5391"}],"curies":[{"name":"wp","href":"https:\/\/api.w.org\/{rel}","templated":true}]}}