{"id":5377,"date":"2026-01-22T20:09:55","date_gmt":"2026-01-22T19:09:55","guid":{"rendered":"https:\/\/servicios.unileon.es\/oficina-de-practicas-y-empleabilidad\/?page_id=5377"},"modified":"2026-04-22T12:12:25","modified_gmt":"2026-04-22T11:12:25","slug":"programa-practicas-en-servicios-ule","status":"publish","type":"page","link":"https:\/\/servicios.unileon.es\/oficina-de-practicas-y-empleabilidad\/programa-practicas-en-servicios-ule\/","title":{"rendered":"Programa Pr\u00e1cticas en Servicios ULE"},"content":{"rendered":"<style>\r\n    h3 { \r\n        font-size: 26px; \r\n        border-bottom: dotted 1px #007314;   \r\n        color: #5e4f1d; \r\n        font-weight: 550;\r\n        margin-top: 50px;\r\n    }\r\n    h2 {  \r\n        font-size: 22px; \r\n        border-bottom: dotted 1px #007314;   \r\n        color: #17385e; \r\n        font-weight: 550;\r\n        margin-top: 50px;\r\n    }\r\n    h4 { \r\n        font-size: 17px; \r\n        color: #17385e; \r\n    }\r\n<\/style>\r\n<img loading=\"lazy\" decoding=\"async\" src=\"http:\/\/servicios.unileon.es\/oficina-de-practicas-y-empleabilidad\/files\/2026\/01\/student-849826_1280.jpg\" alt=\"\" width=\"320\" height=\"213\" class=\"aligncenter size-full wp-image-5380\" srcset=\"https:\/\/servicios.unileon.es\/oficina-de-practicas-y-empleabilidad\/files\/2026\/01\/student-849826_1280.jpg 1280w, https:\/\/servicios.unileon.es\/oficina-de-practicas-y-empleabilidad\/files\/2026\/01\/student-849826_1280-300x200.jpg 300w, https:\/\/servicios.unileon.es\/oficina-de-practicas-y-empleabilidad\/files\/2026\/01\/student-849826_1280-1024x682.jpg 1024w, https:\/\/servicios.unileon.es\/oficina-de-practicas-y-empleabilidad\/files\/2026\/01\/student-849826_1280-768x512.jpg 768w\" sizes=\"auto, (max-width: 320px) 100vw, 320px\" \/>\r\n<h3>A\u00f1o Acad\u00e9mico 2025\/2026<\/h3>\r\n&nbsp;\r\n<h2>3\u00aa convocatoria (mayo-junio)<\/h2>\r\n<ul>\r\n    <li><a href=\"https:\/\/servicios.unileon.es\/oficina-de-practicas-y-empleabilidad\/files\/2026\/03\/iii_convocatoria_becas_formacion_ule2025_26.pdf\">III Convocatoria de pr\u00e1cticas acad\u00e9micas extracurriculares remuneradas 25-26 (20\/03\/2026)<\/a><\/li>\r\n    <li><a href=\"https:\/\/servicios.unileon.es\/oficina-de-practicas-y-empleabilidad\/files\/2026\/03\/anexo_i_iii_convocatoria_becas_formacion_ule2025_26.pdf\">Anexo I. Solicitud<\/a><\/li>\r\n    <li><a href=\"https:\/\/servicios.unileon.es\/oficina-de-practicas-y-empleabilidad\/files\/2026\/03\/anexo_ii_iii_convocatoria_becas_formacion_ule2025_26.pdf\">Anexo II. Relaci\u00f3n de Pr\u00e1cticas<\/a><\/li>\r\n    <li><a href=\"https:\/\/servicios.unileon.es\/oficina-de-practicas-y-empleabilidad\/files\/2026\/03\/bocyl_iii_convocatoria_practicas_formacion_ule2025_26.pdf\">Extracto de la resoluci\u00f3n \u2013 Bocyl 23\/03\/2026<\/a><\/li>\r\n    <li><a href=\"https:\/\/servicios.unileon.es\/oficina-de-practicas-y-empleabilidad\/files\/2026\/04\/iii_convocatoria_practicas_formacion_ule2025_26_listado_provisional20260409.pdf\">Listado Provisional de estudiantes admitidos y excluidos 09\/04\/2026<\/a><\/li>\r\n    <li><a href=\"https:\/\/servicios.unileon.es\/oficina-de-practicas-y-empleabilidad\/files\/2026\/04\/iii_convocatoria_practicas_formacion_ule2025_26_listado_definitivo20260415.pdf\">Listado Definitivo de estudiantes admitidos y excluidos 15\/04\/2026<\/a><\/li>\r\n    <li><a href=\"https:\/\/servicios.unileon.es\/oficina-de-practicas-y-empleabilidad\/files\/2026\/04\/iii_convocatoria_practicas_formacion_ule2025_26_resolucion_provisional_candidatos20260416.pdf\">Resoluci\u00f3n provisional candidatos 16\/04\/2026<\/a><\/li>\r\n    <li><a href=\"https:\/\/servicios.unileon.es\/oficina-de-practicas-y-empleabilidad\/files\/2026\/04\/iii_convocatoria_practicas_formacion_ule2025_26_resolucion_definitiva_candidatos20260422.pdf\"><strong>Resoluci\u00f3n DEFINITIVA candidatos 22\/04\/2026<\/strong><\/a><\/li>\r\n<\/ul>\r\n<h2>2\u00aa convocatoria (marzo-junio)<\/h2>\r\n<ul class=\"big\">\r\n    <li><a href=\"https:\/\/servicios.unileon.es\/oficina-de-practicas-y-empleabilidad\/files\/2026\/01\/ii_convocatoria_practicas_formacion_ule2025_26.pdf\">II Convocatoria de Pr\u00e1cticas de Formaci\u00f3n 25-26<\/a><\/li>\r\n    <li><a href=\"https:\/\/servicios.unileon.es\/oficina-de-practicas-y-empleabilidad\/files\/2026\/01\/anexo_i_solicitud_ii_convocatoria_practicas_formacion_ule2025_26.pdf\">Anexo I. Solicitud<\/a><\/li>\r\n    <li><a href=\"https:\/\/servicios.unileon.es\/oficina-de-practicas-y-empleabilidad\/files\/2026\/01\/anexo_ii_relacion_practicas_ii_convocatoria_practicas_formacion_ule2025_26.pdf\">Anexo II. Relaci\u00f3n de Pr\u00e1cticas<\/a><\/li>\r\n    <li><a href=\"https:\/\/servicios.unileon.es\/oficina-de-practicas-y-empleabilidad\/files\/2026\/01\/anexo_ii_relacion_practicas_ii_convocatoria_practicas_formacion_ule2025_26cerror.pdf\">Correcci\u00f3n de errores al Anexo II. Relaci\u00f3n de Pr\u00e1cticas (30\/01\/2026)<\/a><\/li>\r\n    <li><a href=\"https:\/\/servicios.unileon.es\/oficina-de-practicas-y-empleabilidad\/files\/2026\/01\/bocyl_ii_convocatoria_practicas_formacion_ule2025_26.pdf\">Extracto Bocyl 28\/01\/2026<\/a><\/li>\r\n    <li><a href=\"https:\/\/servicios.unileon.es\/oficina-de-practicas-y-empleabilidad\/files\/2026\/02\/ii_convocatoria_practicas_formacion_ule2025_26_listado_provisional20260206.pdf\">Listado Provisional de estudiantes admitidos y excluidos 06\/02\/2026<\/a><\/li>\r\n    <li><a href=\"https:\/\/servicios.unileon.es\/oficina-de-practicas-y-empleabilidad\/files\/2026\/02\/ii_convocatoria_practicas_formacion_ule2025_26_relacion_definitiva20260211_report.pdf\">Listado Definitivo de estudiantes admitidos y excluidos 11\/02\/2026<\/a><\/li>\r\n    <li><a href=\"https:\/\/servicios.unileon.es\/oficina-de-practicas-y-empleabilidad\/files\/2026\/02\/RESOLUCION_Provisional-PFR26II.pdf\">Resoluci\u00f3n provisional candidatos 24\/02\/2026<\/a><\/li>\r\n    <li><a href=\"https:\/\/servicios.unileon.es\/oficina-de-practicas-y-empleabilidad\/files\/2026\/02\/20260227_RESOLUCION_DEFINITIVA.pdf\"><strong>Resoluci\u00f3n DEFINITIVA 27\/02\/2026<\/strong><\/a><\/li>\r\n<\/ul>\r\n<h2>1\u00aa convocatoria (octubre-diciembre)<\/h2>\r\n<ul class=\"big\">\r\n        <li><a href=\"https:\/\/servicios.unileon.es\/oficina-de-practicas-y-empleabilidad\/files\/2025\/09\/i_convocatoria_practicas_formacion_ule2025_26.pdf\">I Convocatoria de Pr\u00e1cticas de Formaci\u00f3n 25-26<\/a><\/li>\r\n    <li><a href=\"https:\/\/servicios.unileon.es\/oficina-de-practicas-y-empleabilidad\/files\/2025\/10\/i_convocatoria_practicas_formacion_ule2025_26bocyl.pdf\">Extracto de la resoluci\u00f3n &#8211; Bocyl 30\/09\/2025<\/a><\/li>\r\n    <li><a href=\"https:\/\/servicios.unileon.es\/oficina-de-practicas-y-empleabilidad\/files\/2025\/09\/anexo_i_solicitud_i_convocatoria_practicas_formacion_ule2025_26.pdf\">Anexo I. Solicitud<\/a><\/li>\r\n    <li><a href=\"https:\/\/servicios.unileon.es\/oficina-de-practicas-y-empleabilidad\/files\/2025\/09\/anexo_ii_relacion_practicas_i_convocatoria_practicas_formacion_ule2025_26.pdf\">Anexo II. Relaci\u00f3n de Pr\u00e1cticas<\/a><\/li>\r\n    <li><a href=\"https:\/\/servicios.unileon.es\/oficina-de-practicas-y-empleabilidad\/files\/2025\/09\/cerror_anexo_ii_relacion_practicas_i_convocatoria_practicas_formacion_ule2025_26.pdf\">Correcci\u00f3n de errores al Anexo II. Relaci\u00f3n de Pr\u00e1cticas<\/a> (24\/09\/2025)<\/li>\r\n    <li><a href=\"https:\/\/servicios.unileon.es\/oficina-de-practicas-y-empleabilidad\/files\/2025\/09\/cerror_anexo_ii_relacion_practicas_i_convocatoria_practicas_formacion_ule2025_26_20250926.pdf\">Correcci\u00f3n de errores al Anexo II. Relaci\u00f3n de Pr\u00e1cticas<\/a> (26\/09\/2025)<\/li>\r\n    <li><a href=\"https:\/\/servicios.unileon.es\/oficina-de-practicas-y-empleabilidad\/files\/2025\/10\/lista_provisional_admitidos_i_convocatoria_practicas_formacion_ule2025_26.pdf\">Listado Provisional de estudiantes admitidos y excluidos<\/a><\/li>\r\n    <li><a href=\"https:\/\/servicios.unileon.es\/oficina-de-practicas-y-empleabilidad\/files\/2025\/10\/lista_definitva_admitidos_i_convocatoria_practicas_formacion_ule2025_26.pdf\">Relaci\u00f3n definitiva admitidos\/excluidos<\/a> (09\/10\/2025)<\/li>\r\n    <li><a href=\"https:\/\/servicios.unileon.es\/oficina-de-practicas-y-empleabilidad\/files\/2025\/10\/cerror_20251010_lista_definitva_admitidos_i_convocatoria_practicas_formacion_ule2025_26.pdf\">Correcci\u00f3n de errores de la relaci\u00f3n definitiva admitidos\/excluidos<\/a> (10\/10\/2025)<\/li>\r\n    <li><a href=\"https:\/\/servicios.unileon.es\/oficina-de-practicas-y-empleabilidad\/files\/2025\/10\/resolucion_provisional_candicatos_i_convocatoria_practicas_formacion_ule2025_26.pdf\">Resoluci\u00f3n provisional de candidatos<\/a> (15\/10\/2025)<\/li>\r\n    <li><a href=\"https:\/\/servicios.unileon.es\/oficina-de-practicas-y-empleabilidad\/files\/2025\/10\/cerror_20251017_resolucion_provisional_candicatos_i_convocatoria_practicas_formacion_ule2025_26.pdf\">Correcci\u00f3n de errores de la resoluci\u00f3n provisional de candidatos<\/a> (17\/10\/2025)<\/li>\r\n    <li><a href=\"https:\/\/servicios.unileon.es\/oficina-de-practicas-y-empleabilidad\/files\/2025\/10\/resolucion_provisional_251017_candicatos_i_convocatoria_practicas_formacion_ule2025_26.pdf\">Resoluci\u00f3n provisional de candidatos<\/a> (17\/10\/2025)<\/li>\r\n    <li><a href=\"https:\/\/servicios.unileon.es\/oficina-de-practicas-y-empleabilidad\/files\/2025\/10\/cerror_resolucion_provisional_251017_candicatos_i_convocatoria_practicas_formacion_ule2025_26.pdf\">Correcci\u00f3n de errores &#8211; Resoluci\u00f3n provisional de candidatos del 17\/10\/2025<\/a> (20\/10\/2025)<\/li>\r\n    <li><a href=\"https:\/\/servicios.unileon.es\/oficina-de-practicas-y-empleabilidad\/files\/2025\/10\/resolucion_provisional_251020_candicatos_i_convocatoria_practicas_formacion_ule2025_26.pdf\">Resoluci\u00f3n provisional de candidatos<\/a> (20\/10\/2025)<\/li>\r\n    <li><a href=\"https:\/\/servicios.unileon.es\/oficina-de-practicas-y-empleabilidad\/files\/2025\/10\/resolucion_definitiva_251022_beneficiarios_i_convocatoria_practicas_formacion_ule2025_26.pdf\">Resoluci\u00f3n definitiva de beneficiarios<\/a> (22\/10\/2025)<\/li>\r\n    <li><a href=\"https:\/\/servicios.unileon.es\/oficina-de-practicas-y-empleabilidad\/files\/2025\/10\/2resolucion_definitiva_251023_beneficiarios_i_convocatoria_practicas_formacion_ule2025_26.pdf\">2\u00aa Resoluci\u00f3n definitiva de beneficiarios<\/a> (23\/10\/2025)<\/li>\r\n    <li><a href=\"https:\/\/servicios.unileon.es\/oficina-de-practicas-y-empleabilidad\/files\/2025\/10\/3resolucion_definitiva_251027_beneficiarios_i_convocatoria_practicas_formacion_ule2025_26.pdf\"><strong>3\u00aa Resoluci\u00f3n definitiva de beneficiarios<\/strong><\/a> (27\/10\/2025)<\/li>\r\n<\/ul>\r\n<h3>A\u00f1o Acad\u00e9mico 2024\/2025<\/h3>\r\n<h2>3\u00aa convocatoria<\/h2>\r\n<ul class=\"big\">\r\n    <li><a href=\"https:\/\/servicios.unileon.es\/oficina-de-practicas-y-empleabilidad\/files\/2025\/03\/III_CONVOCATORIA_Becas_Formacion_ULE2025.pdf\">III CONVOCATORIA DE BECAS DE FORMACI\u00d3N PARA LA REALIZACI\u00d3N DE PR\u00c1CTICAS ACAD\u00c9MICAS EXTRACURRICULARES EN LA UNIVERSIDAD DE LE\u00d3N<\/a><\/li>\r\n    <li><a href=\"https:\/\/servicios.unileon.es\/oficina-de-practicas-y-empleabilidad\/files\/2025\/03\/Anexo_I_Solicitud_III_convocatoria.pdf\">ANEXO I. Solicitud<\/a><\/li>\r\n    <li><a href=\"https:\/\/servicios.unileon.es\/oficina-de-practicas-y-empleabilidad\/files\/2025\/03\/Anexo_II_Relacion_Becas_III_convocatoria.pdf\">ANEXO II. Relaci\u00f3n de Becas<\/a><\/li>\r\n<\/ul>\r\n<p>\r\n<br \/>\r\n<strong>Beneficiarios:<\/strong> Estudiantes de Grado que tengan superado al menos el 50% de los cr\u00e9ditos ECTS de la titulaci\u00f3n para la que solicit\u00e1is la beca y estudiantes de  M\u00e1ster Universitario. Estas becas son incompatibles con la realizaci\u00f3n de otras pr\u00e1cticas acad\u00e9micas externas (curriculares o extracurriculares) en un mismo per\u00edodo de tiempo.<br \/>\r\n<\/p>\r\n<h4>Listados y resoluciones<\/h4>\r\n<ul class=\"big\">\r\n    <li><a href=\"https:\/\/servicios.unileon.es\/oficina-de-practicas-y-empleabilidad\/files\/2025\/03\/listado_admitidos_provisional_3convocatoria_becas_de_formacion_ule.pdf\">Listado provisional de admitidos y excluidos -&gt;<\/a><\/li>\r\n<li><a href=\"https:\/\/servicios.unileon.es\/oficina-de-practicas-y-empleabilidad\/files\/2025\/04\/listado_admitidos_definitivo_3convocatoria_becas_de_formacion_ule.pdf\">Listado definitivo de admitidos y excluidos -&gt;<\/a><\/li>\r\n    <li><a href=\"http:\/\/servicios.unileon.es\/oficina-de-practicas-y-empleabilidad\/files\/2025\/04\/resolucion_3convocatoria_becas_formacion_practicas_extracurriculares_ule.pdf\"><strong>Resoluci\u00f3n Listado Candidatos -&gt;<\/strong><\/a><\/li>\r\n<\/ul>\r\n<h2>2\u00aa convocatoria<\/h2>\r\n<ul class=\"big\">\r\n    <li><a href=\"https:\/\/servicios.unileon.es\/oficina-de-practicas-y-empleabilidad\/files\/2025\/02\/II_CONVOCATORIA_Becas_Formacion_ULE2025.pdf\">2\u00aa CONVOCATORIA DE BECAS DE FORMACI\u00d3N PARA LA REALIZACI\u00d3N DE PR\u00c1CTICAS ACAD\u00c9MICAS EXTRACURRICULARES EN LA UNIVERSIDAD DE LE\u00d3N<\/a><\/li>\r\n    <li><a href=\"https:\/\/servicios.unileon.es\/oficina-de-practicas-y-empleabilidad\/files\/2025\/02\/Anexo_I_Solicitud_II_convocatoria.pdf\">ANEXO I. <strong>Solicitud<\/strong><\/a><\/li>\r\n    <li><a href=\"https:\/\/servicios.unileon.es\/oficina-de-practicas-y-empleabilidad\/files\/2025\/02\/Anexo_I_Solicitud_II_convocatoria.docx\">ANEXO I. <strong>Solicitud<\/strong> (en formato word)<\/a><\/li>\r\n<p>\r\n<\/p>\r\n    <li><a href=\"https:\/\/servicios.unileon.es\/oficina-de-practicas-y-empleabilidad\/files\/2025\/02\/Anexo_II_Relacion_Becas_II_convocatoria.pdf\">ANEXO II. Relaci\u00f3n de Becas<\/a><\/li>\r\n<\/ul>\r\n<p><strong>Beneficiarios:<\/strong> Estudiantes de M\u00e1ster Universitario y Grado que tengan superado al menos el 50% de los cr\u00e9ditos ECTS de la titulaci\u00f3n para la que solicit\u00e1is la beca. Estas becas son incompatibles con la realizaci\u00f3n de otras pr\u00e1cticas acad\u00e9micas externas (curriculares o extracurriculares) en un mismo per\u00edodo de tiempo.<\/p>\r\n<h4>Listados y resoluciones<\/h4>\r\n<ul class=\"big\">\r\n    <li><a href=\"https:\/\/servicios.unileon.es\/oficina-de-practicas-y-empleabilidad\/files\/2025\/02\/listado_admitidos_2convocatoria_becas_de_formacion_ule.pdf\">Listado provisional de admitidos y excluidos -&gt;<\/a><\/li>\r\n    <li><a href=\"https:\/\/servicios.unileon.es\/oficina-de-practicas-y-empleabilidad\/files\/2025\/02\/cerror_listado_admitidos_2convocatoria_becas_de_formacion_ule.pdf\">Correcci\u00f3n de errores listado provisional -&gt;<\/a><\/li>\r\n    <li><a href=\"https:\/\/servicios.unileon.es\/oficina-de-practicas-y-empleabilidad\/files\/2025\/02\/listado_admitidos_definitivo_2convocatoria_becas_de_formacion_ule.pdf\">Listado Definitivo de admitidos y excluidos -&gt;<\/a><\/li>\r\n    <li><a href=\"http:\/\/servicios.unileon.es\/oficina-de-practicas-y-empleabilidad\/files\/2025\/03\/resolucion_2convocatoria_becas_formacion_practicas_extracurriculares_ule.pdf\"><strong>Resoluci\u00f3n Listado Candidatos -&gt;<\/strong><\/a><\/li>\r\n<\/ul>\r\n<p>\r\n<\/p>\r\n<p><strong>Documentaci\u00f3n<\/strong>: Modelo Normalizado de solicitud (<a href=\"https:\/\/servicios.unileon.es\/oficina-de-practicas-y-empleabilidad\/files\/2024\/11\/ANEXO_I_Solicitud.pdf\"><strong>Anexo I<\/strong><\/a>) que podr\u00e1 presentarse en cualquier oficina de registro de la Universidad de Le\u00f3n, el Registro Electr\u00f3nico o los establecidos en la Ley 39\/2015. Solicitud en Plataforma Dotia.<\/p>\r\n<p><strong>Plazo de presentaci\u00f3n<\/strong>: Hasta el 29 de noviembre<\/p>\r\n<h2>1\u00aa CONVOCATORIA DE BECAS DE FORMACI\u00d3N<\/h2>\r\n<ul class=\"big\">\r\n        <li><a href=\"https:\/\/servicios.unileon.es\/oficina-de-practicas-y-empleabilidad\/files\/2024\/11\/CONVOCATORIA_Becas_Formacion_ULE.report.pdf\">1\u00aa convocatoria<\/a><\/li>\r\n    <li><a href=\"https:\/\/servicios.unileon.es\/oficina-de-practicas-y-empleabilidad\/files\/2024\/11\/ANEXO_I_Solicitud.pdf\">ANEXO I. <strong>Solicitud<\/strong><\/a><\/li>\r\n    <li><a href=\"https:\/\/servicios.unileon.es\/oficina-de-practicas-y-empleabilidad\/files\/2024\/11\/ANEXO_I_Solicitud.docx\">ANEXO I. <strong>Solicitud<\/strong> (en formato word)<\/a><\/li>\r\n        <li><a href=\"https:\/\/servicios.unileon.es\/oficina-de-practicas-y-empleabilidad\/files\/2024\/11\/Anexo-II_Relacion_Becas.report.pdf\">ANEXO II. Relaci\u00f3n de Becas<\/a><\/li>\r\n<\/ul>\r\n<p><strong>Beneficiarios:<\/strong> Estudiantes de M\u00e1ster Universitario y Grado que tengan superado al menos el 50% de los cr\u00e9ditos ECTS de la titulaci\u00f3n para la que solicit\u00e1is la beca. Estas becas son incompatibles con la realizaci\u00f3n de otras pr\u00e1cticas acad\u00e9micas externas (curriculares o extracurriculares) en un mismo per\u00edodo de tiempo.<\/p>\r\n<p>\r\n<p><strong>Documentaci\u00f3n<\/strong>: Modelo Normalizado de solicitud (<a href=\"https:\/\/servicios.unileon.es\/oficina-de-practicas-y-empleabilidad\/files\/2024\/11\/ANEXO_I_Solicitud.pdf\"><strong>Anexo I<\/strong><\/a>) que podr\u00e1 presentarse en cualquier oficina de registro de la Universidad de Le\u00f3n, el Registro Electr\u00f3nico o los establecidos en la Ley 39\/2015. Solicitud en Plataforma Dotia.<\/p>\r\n<p><strong>Plazo de presentaci\u00f3n<\/strong>: Hasta el 29 de noviembre<\/p>\r\n<h4>Listados y resoluciones<\/h4>\r\n<ul class=\"big\">\r\n    <li><a href=\"https:\/\/servicios.unileon.es\/oficina-de-practicas-y-empleabilidad\/files\/2024\/12\/listado_admitidos_becas_de_formacion_ule.pdf\">Listado provisional de admitidos y excluidos -&gt;<\/a><\/li>\r\n    <li><a href=\"https:\/\/servicios.unileon.es\/oficina-de-practicas-y-empleabilidad\/files\/2024\/12\/listado_definitivo_admitidos_becas_de_formacion_ule.pdf\">Listado Definitivo de Admitidos y Excluidos -&gt;<\/a><\/li>\r\n    <li><a href=\"https:\/\/servicios.unileon.es\/oficina-de-practicas-y-empleabilidad\/files\/2024\/12\/listado_provisional_titulares_suplentes_becas_de_formacion_ule2025.pdf\">Listado Provisional de titulares y suplentes -&gt;<\/a><\/li>\r\n    <li><a href=\"https:\/\/servicios.unileon.es\/oficina-de-practicas-y-empleabilidad\/files\/2024\/12\/listado_definitivo_titulares_suplentes_becas_de_formacion_ule2025.pdf\">Listado Definitivo de titulares y suplentes -&gt;<\/a><\/li>\r\n    <li><a href=\"https:\/\/servicios.unileon.es\/oficina-de-practicas-y-empleabilidad\/files\/2025\/02\/resolucion_revocacion_becas_de_formacion_ule2025.pdf\"><strong>Resoluci\u00f3n revocaci\u00f3n Becas de formaci\u00f3n -&gt;<\/strong><\/a><\/li>\r\n    <li><a href=\"https:\/\/servicios.unileon.es\/oficina-de-practicas-y-empleabilidad\/files\/2025\/01\/segundo_listado_provisional_titulares_suplentes_becas_de_formacion_ule2025.pdf\">2\u00ba Listado Provisional de titulares y suplentes -&gt;<\/a><\/li>\r\n    <li><a href=\"https:\/\/servicios.unileon.es\/oficina-de-practicas-y-empleabilidad\/files\/2025\/01\/segundo_listado_definitivo_titulares_suplentes_becas_de_formacion_ule2025.pdf\">2\u00ba Listado Definitivo de titulares y suplentes -&gt;<\/a><\/li>\r\n<\/ul>\r\n<p>","protected":false},"excerpt":{"rendered":"<p>A\u00f1o Acad\u00e9mico 2025\/2026 &nbsp; 3\u00aa convocatoria (mayo-junio) III Convocatoria de pr\u00e1cticas acad\u00e9micas extracurriculares remuneradas 25-26 (20\/03\/2026) Anexo I. Solicitud Anexo II. Relaci\u00f3n de Pr\u00e1cticas Extracto de la resoluci\u00f3n \u2013 Bocyl 23\/03\/2026 Listado Provisional de estudiantes admitidos y excluidos 09\/04\/2026 Listado Definitivo de estudiantes admitidos y excluidos 15\/04\/2026 Resoluci\u00f3n provisional candidatos 16\/04\/2026 Resoluci\u00f3n DEFINITIVA candidatos 22\/04\/2026 [&hellip;]<\/p>\n","protected":false},"author":13,"featured_media":0,"parent":0,"menu_order":0,"comment_status":"closed","ping_status":"closed","template":"","meta":{"footnotes":""},"class_list":["post-5377","page","type-page","status-publish","hentry"],"_links":{"self":[{"href":"https:\/\/servicios.unileon.es\/oficina-de-practicas-y-empleabilidad\/wp-json\/wp\/v2\/pages\/5377","targetHints":{"allow":["GET"]}}],"collection":[{"href":"https:\/\/servicios.unileon.es\/oficina-de-practicas-y-empleabilidad\/wp-json\/wp\/v2\/pages"}],"about":[{"href":"https:\/\/servicios.unileon.es\/oficina-de-practicas-y-empleabilidad\/wp-json\/wp\/v2\/types\/page"}],"author":[{"embeddable":true,"href":"https:\/\/servicios.unileon.es\/oficina-de-practicas-y-empleabilidad\/wp-json\/wp\/v2\/users\/13"}],"replies":[{"embeddable":true,"href":"https:\/\/servicios.unileon.es\/oficina-de-practicas-y-empleabilidad\/wp-json\/wp\/v2\/comments?post=5377"}],"version-history":[{"count":18,"href":"https:\/\/servicios.unileon.es\/oficina-de-practicas-y-empleabilidad\/wp-json\/wp\/v2\/pages\/5377\/revisions"}],"predecessor-version":[{"id":5579,"href":"https:\/\/servicios.unileon.es\/oficina-de-practicas-y-empleabilidad\/wp-json\/wp\/v2\/pages\/5377\/revisions\/5579"}],"wp:attachment":[{"href":"https:\/\/servicios.unileon.es\/oficina-de-practicas-y-empleabilidad\/wp-json\/wp\/v2\/media?parent=5377"}],"curies":[{"name":"wp","href":"https:\/\/api.w.org\/{rel}","templated":true}]}}