{"id":5277,"date":"2026-01-03T21:40:57","date_gmt":"2026-01-03T20:40:57","guid":{"rendered":"https:\/\/servicios.unileon.es\/oficina-de-practicas-y-empleabilidad\/?page_id=5277"},"modified":"2026-02-16T17:54:32","modified_gmt":"2026-02-16T16:54:32","slug":"soy-empresa","status":"publish","type":"page","link":"https:\/\/servicios.unileon.es\/oficina-de-practicas-y-empleabilidad\/soy-empresa\/","title":{"rendered":"Soy Empresa"},"content":{"rendered":"<style>\r\n    h3 { \r\n        font-size: 26px; \r\n        border-bottom: dotted 1px #007314;   \r\n        color: #5e4f1d; \r\n        font-weight: 550;\r\n        margin-top: 50px;\r\n    }\r\n    h2 { \r\n        font-size: 22px; \r\n        border-bottom: dotted 1px #007314;   \r\n        color: #17385e; \r\n        font-weight: 550;\r\n        margin-top: 50px;\r\n    }\r\n    h4 { \r\n        font-size: 17px; \r\n        color: #17385e; \r\n    }\r\n\r\n.faq-item {\r\n  border: 1px solid #e0e0e0;\r\n  border-radius: 2px;\r\n  margin-bottom: 10px;\r\n  background-color: #fff;\r\n}\r\n\r\n.faq-question {\r\n  font-weight: 600;\r\n  font-size: 2.20 rem;\r\n  color: #2e7d32;\r\n  padding: 4px 5px;\r\n  cursor: pointer;\r\n  list-style: none;\r\n  position: relative;\r\n}\r\n\r\n.faq-question::-webkit-details-marker {\r\n  display: none;\r\n}\r\n\r\n.faq-question::after {\r\n  content: \"\u25be\";\r\n  position: absolute;\r\n  right: 20px;\r\n  font-size: 2.2rem;\r\n  transition: transform 0.2s ease;\r\n}\r\n\r\n.faq-item[open] .faq-question::after {\r\n  transform: rotate(180deg);\r\n<\/style>\r\n\r\n<a href=\"http:\/\/servicios.unileon.es\/oficina-de-practicas-y-empleabilidad\/files\/2026\/01\/flyer.jpg\"><img loading=\"lazy\" decoding=\"async\" src=\"http:\/\/servicios.unileon.es\/oficina-de-practicas-y-empleabilidad\/files\/2026\/01\/flyer.jpg\" alt=\"\" width=\"155\" height=\"216\"  \/><\/a>\r\n<h3>Quiero ofertar pr\u00e1cticas formativas extracurriculares<\/h3>\r\n<h5>[Las pr\u00e1cticas de tipo curricular son gestionadas directamente por cada Facultad o Escuela. No obstante, la firma del Convenio de Cooperaci\u00f3n Educativa es necesaria en ambas modalidades]<\/h5>\r\n<h4>A continuaci\u00f3n se describe de forma estructurada y conforme a la normativa vigente el <b>proceso de solicitud y gesti\u00f3n de pr\u00e1cticas extracurriculares por parte de una empresa\/entidad colaboradora<\/b> con estudiantes de la Universidad de Le\u00f3n (ULE)<\/h4>\r\n\r\n<details class=\"faq-item\">\r\n  <summary class=\"faq-question\">\r\n    1. Registro de la empresa o entidad en la plataforma de gesti\u00f3n de pr\u00e1cticas\r\n  <\/summary>\r\n  <div class=\"faq-answer\">\r\n<font size=\"2\">Para poder ofertar pr\u00e1cticas formativas extracurriculares, la empresa o entidad colaboradora deber\u00e1 estar previamente registrada en la plataforma de gesti\u00f3n de pr\u00e1cticas DOTIA de la Universidad de Le\u00f3n.\r\n<p>En caso de no estar registrada, ser\u00e1 necesario realizar el alta en la plataforma con car\u00e1cter previo al inicio de cualquier tr\u00e1mite relacionado con la oferta y gesti\u00f3n de pr\u00e1cticas [Ver Manual <a href=\"http:\/\/servicios.unileon.es\/oficina-de-practicas-y-empleabilidad\/files\/2026\/01\/em01_Alta_Oferta_Practicas.pdf\" target=\"_blank\">em00_Registro_Empresa<\/a>].<\/font><\/p>\r\n  <\/div>\r\n<\/details>\r\n\r\n<details class=\"faq-item\">\r\n  <summary class=\"faq-question\">\r\n    2. Firma del Convenio de Cooperaci\u00f3n Educativa\r\n  <\/summary>\r\n  <div class=\"faq-answer\">\r\n<font size=\"2\">Antes de poder acoger estudiantes en pr\u00e1cticas, la empresa debe firmar un Convenio de Cooperaci\u00f3n Educativa con la Universidad de Le\u00f3n, que establece el marco general de colaboraci\u00f3n.\r\n<br>Existen dos posibilidades para la firma de este Convenio:<\/br>\r\na) <b>Convenio tipo de la Universidad<\/b>\r\n<ul>\r\n<li>La empresa-entidad colaboradora descarga el <a href=\"https:\/\/servicios.unileon.es\/oficina-de-practicas-y-empleabilidad\/modelos\/\" target=\"_blank\">modelo de convenio tipo <\/a> disponible en la web de la ULE.<\/li>\r\n<li>Cumplimenta los datos requeridos.<\/li>\r\n<li>Lo env\u00eda preferentemente con firma electr\u00f3nica y por correo electr\u00f3nico a la OPE (Oficina de Pr\u00e1cticas y Empleo).<\/li>\r\n<li>Este modelo agiliza el proceso, ya que est\u00e1 previamente validado por los servicios jur\u00eddicos de la Universidad.<\/li>\r\n<\/ul>\r\nb) <b>Convenio con modelo propio de la empresa-entidad colaboradora<\/b>\r\n<ul>\r\n<li>Si la empresa-entidad colaboradora desea utilizar un modelo de convenio propio, deber\u00e1 contactar previamente con el \u00c1rea de Empleabilidad.<\/li>\r\n<li>Dicho modelo ser\u00e1 revisado y, si procede, remitido a los servicios de asesor\u00eda jur\u00eddica de la Universidad.<\/li>\r\n<li>La firma quedar\u00e1 supeditada a que el contenido se ajuste a la <a href=\"https:\/\/servicios.unileon.es\/oficina-de-practicas-y-empleabilidad\/normativa-basica\/\" target=\"_blank\">normativa vigente.<\/a><\/li>\r\n<\/ul>\r\n<b>Hasta que el convenio no est\u00e9 firmado por ambas partes, no se podr\u00e1n tramitar pr\u00e1cticas.<\/b><\/font>\r\n  <\/div>\r\n<\/details>\r\n\r\n\r\n<details class=\"faq-item\">\r\n  <summary class=\"faq-question\">\r\n   3. Solicitud de pr\u00e1cticas una vez firmado el Convenio\r\n  <\/summary>\r\n  <div class=\"faq-answer\">\r\n<font size=\"2\">Una vez vigente el Convenio, la empresa-entidad colaboradora puede solicitar estudiantes en pr\u00e1cticas a trav\u00e9s de la plataforma DOTIA, utilizada por la ULE para la gesti\u00f3n integral de pr\u00e1cticas externas.\r\n<br>Existen dos modalidades:<\/br>\r\na) <b>Modalidad de Oferta<\/b>\r\n<ul>\r\n<li>La empresa-entidad colaboradora publica una o varias ofertas de pr\u00e1cticas en la plataforma DOTIA. En la oferta se indican: Titulaciones requeridas; perfil del estudiante; duraci\u00f3n, horario y lugar de realizaci\u00f3n; y Competencias a desarrollar [Ver Manual <a href=\"http:\/\/servicios.unileon.es\/oficina-de-practicas-y-empleabilidad\/files\/2026\/01\/em01_Alta_Oferta_Practicas.pdf\" target=\"_blank\">em01_Alta_Oferta_Practicas<\/a>]<\/li>\r\n<li>La OPE valida y, en su caso, publica la oferta para que sea visible al\/los estudiante\/s.<\/li>\r\n<li>Los estudiantes que cumplan los requisitos pueden inscribirse a trav\u00e9s de DOTIA. <\/li>\r\n<li>La empresa-entidad colaboradora realiza el proceso de selecci\u00f3n y elige al candidato\/a [Ver Manual <a href=\"http:\/\/servicios.unileon.es\/oficina-de-practicas-y-empleabilidad\/files\/2026\/02\/em04_Consulta_Datos_Solicitantes.pdf\">em04_Consulta_Datos_Solicitantes<\/a>]<\/li>\r\n<\/ul>\r\nb) <b>Modalidad de Propuesta<\/b> <i>Esta modalidad es com\u00fan cuando la pr\u00e1ctica surge por iniciativa personal del estudiante o por contactos previos.<\/i>\r\n<ul>\r\n<li>El estudiante ya ha contactado previamente con la empresa-entidad colaboradora. <\/li>\r\n<li>La propuesta de pr\u00e1ctica se registra en DOTIA, bien por la empresa-entidad colaboradora o bien por el propio estudiante. <\/li>\r\n<li>La OPE valida y, en su caso, asigna la oferta al\/la estudiante\/s.<\/li>\r\n<li>No existe proceso de selecci\u00f3n, ya que el candidato est\u00e1 previamente definido. <\/li>\r\n<\/ul><\/font>\r\n\r\n  <\/div>\r\n<\/details>\r\n\r\n\r\n<details class=\"faq-item\">\r\n  <summary class=\"faq-question\">\r\n4. Firma del Anexo de la pr\u00e1ctica (proyecto formativo)\r\n  <\/summary>\r\n  <div class=\"faq-answer\">\r\n<font size=\"2\">En ambas modalidades, una vez se ha seleccionado candidato\/a, se debe formalizar el <a href=\"https:\/\/servicios.unileon.es\/oficina-de-practicas-y-empleabilidad\/modelos\/\" target=\"_blank\">Anexo I al Convenio de Cooperaci\u00f3n Educativa<\/a>, espec\u00edfico para esa pr\u00e1ctica concreta, que incluye, adem\u00e1s del Proyecto Formativo, informaci\u00f3n sobre las fechas de inicio y fin, el horario y el lugar de realizaci\u00f3n.\r\n<p>La OPE, a trav\u00e9s de la plataforma DOTIA, env\u00eda el Anexo para su firma digital al estudiante, al tutor de la empresa-entidad colaboradora y al tutor acad\u00e9mico<\/p>\r\n<ul>\r\n<li>Solo cuando el Anexo est\u00e1 firmado por las tres partes puede iniciarse la pr\u00e1ctica.<\/li>\r\n<li>Tanto el Convenio como los Anexos pueden descargarse en cualquier momento desde la plataforma DOTIA.<\/li>\r\n<\/ul><\/font>\r\n  <\/div>\r\n<\/details>\r\n\r\n<details class=\"faq-item\">\r\n  <summary class=\"faq-question\">\r\n5. Inicio de la Pr\u00e1ctica\r\n  <\/summary>\r\n  <div class=\"faq-answer\">\r\n<font size=\"2\"><ul>\r\n<li>La pr\u00e1ctica se desarrollar\u00e1 conforme a lo establecido en el Anexo.<\/li>\r\n<li>Mantiene siempre car\u00e1cter formativo, sin relaci\u00f3n laboral.<\/li>\r\n<li>Cuenta con seguimiento y evaluaci\u00f3n por parte del tutor acad\u00e9mico y el tutor de empresa<\/li>\r\n<\/ul><\/font>\r\n  <\/div>\r\n<\/details>\r\n\r\n<h3>Como empresa-entidad colaboradora \u00bfqu\u00e9 obligaciones tengo en materia de Seguridad Social?<\/h3>\r\n<h4>En todos los casos, las obligaciones relativas a la Seguridad Social quedar\u00e1n expresamente recogidas en el <b>Convenio de Cooperaci\u00f3n Educativa <\/b> y, en su caso, en los anexos que se formalicen.\r\n<p><b>A] Para la Pr\u00e1cticas no remuneradas<\/b>: La entidad colaboradora podr\u00e1 asumir de forma voluntaria la cotizaci\u00f3n del alumnado a la Seguridad Social, haci\u00e9ndose cargo tanto de la gesti\u00f3n como del coste correspondiente.<\/p>\r\n<p><b>B] Pr\u00e1cticas curriculares o extracurriculares remuneradas<\/b>: La entidad colaboradora deber\u00e1 asumir, sin excepci\u00f3n, todas las obligaciones derivadas de la Seguridad Social.\r\nPara la gesti\u00f3n de los tr\u00e1mites de alta en la Seguridad Social y, en su caso, el abono de las ayudas econ\u00f3micas, la entidad colaboradora podr\u00e1 contar con el apoyo del servicio correspondiente de la Universidad de Le\u00f3n <a href=\"https:\/\/servicios.unileon.es\/oficina-de-practicas-y-empleabilidad\/inicio\/\" target=\"_blank\">(OPE)<\/a>, que facilitar\u00e1 la informaci\u00f3n necesaria sobre el procedimiento a seguir.<\/p><\/h4>","protected":false},"excerpt":{"rendered":"<p>Quiero ofertar pr\u00e1cticas formativas extracurriculares [Las pr\u00e1cticas de tipo curricular son gestionadas directamente por cada Facultad o Escuela. No obstante, la firma del Convenio de Cooperaci\u00f3n Educativa es necesaria en ambas modalidades] A continuaci\u00f3n se describe de forma estructurada y conforme a la normativa vigente el proceso de solicitud y gesti\u00f3n de pr\u00e1cticas extracurriculares por [&hellip;]<\/p>\n","protected":false},"author":13,"featured_media":0,"parent":0,"menu_order":0,"comment_status":"closed","ping_status":"closed","template":"","meta":{"footnotes":""},"class_list":["post-5277","page","type-page","status-publish","hentry"],"_links":{"self":[{"href":"https:\/\/servicios.unileon.es\/oficina-de-practicas-y-empleabilidad\/wp-json\/wp\/v2\/pages\/5277","targetHints":{"allow":["GET"]}}],"collection":[{"href":"https:\/\/servicios.unileon.es\/oficina-de-practicas-y-empleabilidad\/wp-json\/wp\/v2\/pages"}],"about":[{"href":"https:\/\/servicios.unileon.es\/oficina-de-practicas-y-empleabilidad\/wp-json\/wp\/v2\/types\/page"}],"author":[{"embeddable":true,"href":"https:\/\/servicios.unileon.es\/oficina-de-practicas-y-empleabilidad\/wp-json\/wp\/v2\/users\/13"}],"replies":[{"embeddable":true,"href":"https:\/\/servicios.unileon.es\/oficina-de-practicas-y-empleabilidad\/wp-json\/wp\/v2\/comments?post=5277"}],"version-history":[{"count":20,"href":"https:\/\/servicios.unileon.es\/oficina-de-practicas-y-empleabilidad\/wp-json\/wp\/v2\/pages\/5277\/revisions"}],"predecessor-version":[{"id":5553,"href":"https:\/\/servicios.unileon.es\/oficina-de-practicas-y-empleabilidad\/wp-json\/wp\/v2\/pages\/5277\/revisions\/5553"}],"wp:attachment":[{"href":"https:\/\/servicios.unileon.es\/oficina-de-practicas-y-empleabilidad\/wp-json\/wp\/v2\/media?parent=5277"}],"curies":[{"name":"wp","href":"https:\/\/api.w.org\/{rel}","templated":true}]}}