{"id":5191,"date":"2025-12-16T12:56:50","date_gmt":"2025-12-16T11:56:50","guid":{"rendered":"https:\/\/servicios.unileon.es\/oficina-de-practicas-y-empleabilidad\/?page_id=5191"},"modified":"2026-03-25T13:32:25","modified_gmt":"2026-03-25T12:32:25","slug":"orientacion-y-empleo","status":"publish","type":"page","link":"https:\/\/servicios.unileon.es\/oficina-de-practicas-y-empleabilidad\/orientacion-y-empleo\/","title":{"rendered":"Orientaci\u00f3n y Empleo"},"content":{"rendered":"<font color=\"green\"><b>Bienvenidos a la p\u00e1gina de Orientaci\u00f3n y Empleo de la Universidad de Le\u00f3n<\/b><\/font>\r\n<p><font size=\"2\">Este espacio est\u00e1 dise\u00f1ado para ofreceros orientaci\u00f3n, informaci\u00f3n y recursos que contribuyan a impulsar vuestro desarrollo profesional y a facilitar vuestra inserci\u00f3n en el mercado laboral.\r\n<\/font><p>\r\n<p><font size=\"2\">En esta p\u00e1gina encontrar\u00e9is orientaci\u00f3n para vuestra carrera profesional, herramientas \u00fatiles para la b\u00fasqueda de empleo y acceso a ofertas laborales actualizadas en diversos sectores. Adem\u00e1s, trabajamos estrechamente con empresas e instituciones para fomentar relaciones de colaboraci\u00f3n que generen oportunidades de pr\u00e1cticas y empleo para nuestro alumnado.<\/font><p>\r\n<font color=\"green\">Ofertas de empleo recibidas (para estudiantes) y\/o similares<\/font>\r\n<font size=\"2\">\r\n<ul>\r\n<li><a href=\"https:\/\/www.injuve.es\/de\/convocatorias\/becas-empleo\/becas-de-formacion-en-el-inta-0\"  target=\u201d_blank>Becas de formaci\u00f3n en el Instituto Nacional de T\u00e9cnica Aeroespacial \u00abEsteban Terradas\u00bb <\/a><\/li>\r\n<li><a href=\"https:\/\/aecom.jobs\/career-area\/science\/jobs\/?r=25&#038;location=Barcelona,+ESP\" target=\u201d_blank>Consultor en Ecolog\u00eda Acu\u00e1tica especialista en Macr\u00f3fitos \/ Consultor Especialista en Diatomeas y\/o Fitoplancton<\/a><\/li>\r\n<\/ul>\r\n<\/font><hr>\r\n<font color=\"green\">Fundaci\u00f3n General de la Universidad de Le\u00f3n y de la Empresa (FGULEM)<\/font><br>\r\n<a href=\"http:\/\/servicios.unileon.es\/oficina-de-practicas-y-empleabilidad\/files\/2026\/01\/logo_FGULEM.png\"><img loading=\"lazy\" decoding=\"async\" src=\"http:\/\/servicios.unileon.es\/oficina-de-practicas-y-empleabilidad\/files\/2026\/01\/logo_FGULEM.png\" alt=\"\" width=\"126\" height=\"100\" class=\"aligncenter size-full wp-image-5321\" \/><\/a><font size=\"2\">Servicios gestionados por la Fundaci\u00f3n General de la Universidad de Le\u00f3n y de la Empresa (FGULEM)<\/font>\r\n<ul>\r\n<li><a href=\"https:\/\/fgulem.unileon.es\/ofertasempleo.aspx\" target=\u201d_blank>Ofertas de Empleo<\/a><\/li>\r\n<li><a href=\"https:\/\/fgulem.unileon.es\/orientacion.aspx\" target=\u201d_blank>Agencia de Colocaci\u00f3n<\/a><\/li>\r\n<\/ul>\r\n<br><font color=\"green\">Otros enlaces de inter\u00e9s<\/font><br>\r\n<img loading=\"lazy\" decoding=\"async\" src=\"http:\/\/servicios.unileon.es\/oficina-de-practicas-y-empleabilidad\/files\/2026\/01\/logo_Ildefe.jpg\" alt=\"\" width=\"100\" height=\"80\" class=\"aligncenter size-full wp-image-5322\" \/><font size=\"2\"><a href=\"https:\/\/ildefe.es\/empleo-y-formacion\/\" target=\u201d_blank>Empleo y Formaci\u00f3n-<b>ILDEFE (Instituto Leon\u00e9s de Desarrollo Econ\u00f3mico, Formaci\u00f3n y Empleo)<\/b><\/font><\/a>\r\n<p>\r\n<img loading=\"lazy\" decoding=\"async\" src=\"http:\/\/servicios.unileon.es\/oficina-de-practicas-y-empleabilidad\/files\/2026\/01\/logo_CamaraComercio.jpg\" alt=\"\" width=\"83\" height=\"79\" class=\"aligncenter size-full wp-image-5325\" \/><font size=\"2\"><a href=\"https:\/\/camaraleon.com\/formacion-y-empleo\/\" target=\u201d_blank>Formaci\u00f3n y Empleo-<b>C\u00e1mara de Comercio (Le\u00f3n)<\/b><\/font><\/a>\r\n<\/p>\r\n<p>\r\n<img loading=\"lazy\" decoding=\"async\" src=\"http:\/\/servicios.unileon.es\/oficina-de-practicas-y-empleabilidad\/files\/2026\/01\/logo_FELE.jpg\" alt=\"\" width=\"103\" height=\"75\" class=\"aligncenter size-full wp-image-5326\" \/>&nbsp;&nbsp;<font size=\"2\"><a href=\"https:\/\/feleempleo.es\/\" target=\u201d_blank>Portal de Empleo-<b>FELE (Federaci\u00f3n Leonesa de Empresarios)<\/b><\/font><\/a>\r\n<\/p>\r\n<p><img loading=\"lazy\" decoding=\"async\" src=\"http:\/\/servicios.unileon.es\/oficina-de-practicas-y-empleabilidad\/files\/2026\/01\/logo_JCyL.jpg\" alt=\"\" width=\"103\" height=\"64\" class=\"aligncenter size-full wp-image-5327\" \/>&nbsp;&nbsp;<font size=\"2\"><a href=\"https:\/\/empleo.jcyl.es\/web\/es\/empleo-castilla-leon.html\" target=\u201d_blank>Empleo en Castilla y Le\u00f3n<\/font><\/a>\r\n<\/p>\r\n\r\n\r\n<p>\r\n<img loading=\"lazy\" decoding=\"async\" src=\"http:\/\/servicios.unileon.es\/oficina-de-practicas-y-empleabilidad\/files\/2026\/01\/logo_SEPE.jpg\" alt=\"\" width=\"100\" height=\"80\" class=\"aligncenter size-full wp-image-5323\" \/>\r\n<font size=\"2\"><a href=\"https:\/\/www.empleate.gob.es\/empleo\/#\/\" target=\u201d_blank>Servicio P\u00fablico de Empleo Estatal (SEPE)<\/a><\/font>\r\n<\/p>\r\n<p>\r\n<img loading=\"lazy\" decoding=\"async\" src=\"http:\/\/servicios.unileon.es\/oficina-de-practicas-y-empleabilidad\/files\/2026\/01\/logoa_AgTributaria.jpg\" alt=\"\" width=\"80\" height=\"65\" class=\"aligncenter size-full wp-image-5324\" \/><font size=\"2\"><a href=\"https:\/\/sede.agenciatributaria.gob.es\/Sede\/trabajar-agencia-tributaria.html\" target=\u201d_blank>Trabajar en la Agencia Tributaria<\/a><\/font>\r\n<\/p>\r\n<p>&nbsp;<\/p><p>&nbsp;<\/p><p><font size=\"2\"><center>Vicerrectorado de Emprendimiento, Empleabilidad y Formaci\u00f3n Permanente. \u00c1rea de Empleabilidad &#8211; recail@unileon.es &#8211; 987293663<\/center><\/p>","protected":false},"excerpt":{"rendered":"<p>Bienvenidos a la p\u00e1gina de Orientaci\u00f3n y Empleo de la Universidad de Le\u00f3n Este espacio est\u00e1 dise\u00f1ado para ofreceros orientaci\u00f3n, informaci\u00f3n y recursos que contribuyan a impulsar vuestro desarrollo profesional y a facilitar vuestra inserci\u00f3n en el mercado laboral. En esta p\u00e1gina encontrar\u00e9is orientaci\u00f3n para vuestra carrera profesional, herramientas \u00fatiles para la b\u00fasqueda de empleo [&hellip;]<\/p>\n","protected":false},"author":13,"featured_media":0,"parent":0,"menu_order":0,"comment_status":"closed","ping_status":"closed","template":"","meta":{"footnotes":""},"class_list":["post-5191","page","type-page","status-publish","hentry"],"_links":{"self":[{"href":"https:\/\/servicios.unileon.es\/oficina-de-practicas-y-empleabilidad\/wp-json\/wp\/v2\/pages\/5191","targetHints":{"allow":["GET"]}}],"collection":[{"href":"https:\/\/servicios.unileon.es\/oficina-de-practicas-y-empleabilidad\/wp-json\/wp\/v2\/pages"}],"about":[{"href":"https:\/\/servicios.unileon.es\/oficina-de-practicas-y-empleabilidad\/wp-json\/wp\/v2\/types\/page"}],"author":[{"embeddable":true,"href":"https:\/\/servicios.unileon.es\/oficina-de-practicas-y-empleabilidad\/wp-json\/wp\/v2\/users\/13"}],"replies":[{"embeddable":true,"href":"https:\/\/servicios.unileon.es\/oficina-de-practicas-y-empleabilidad\/wp-json\/wp\/v2\/comments?post=5191"}],"version-history":[{"count":8,"href":"https:\/\/servicios.unileon.es\/oficina-de-practicas-y-empleabilidad\/wp-json\/wp\/v2\/pages\/5191\/revisions"}],"predecessor-version":[{"id":5549,"href":"https:\/\/servicios.unileon.es\/oficina-de-practicas-y-empleabilidad\/wp-json\/wp\/v2\/pages\/5191\/revisions\/5549"}],"wp:attachment":[{"href":"https:\/\/servicios.unileon.es\/oficina-de-practicas-y-empleabilidad\/wp-json\/wp\/v2\/media?parent=5191"}],"curies":[{"name":"wp","href":"https:\/\/api.w.org\/{rel}","templated":true}]}}