{"id":2991,"date":"2017-10-18T08:55:36","date_gmt":"2017-10-18T07:55:36","guid":{"rendered":"http:\/\/coie.unileon.es\/?page_id=2991"},"modified":"2020-02-24T10:26:10","modified_gmt":"2020-02-24T09:26:10","slug":"oficina-del-egresado-emprendedor-ule","status":"publish","type":"page","link":"https:\/\/servicios.unileon.es\/oficina-de-practicas-y-empleabilidad\/oficina-del-egresado-emprendedor-ule\/","title":{"rendered":"Oficina del Egresado Emprendedor ULE"},"content":{"rendered":"Esta Oficina, tiene su origen el acuerdo firmado entre las cuatro Universidades P\u00fablicas de Castilla y Le\u00f3n, El Gobierno Regional y Secot, siendo esta \u00faltima una asociaci\u00f3n de voluntarios que integra a ex-directivos del mundo empresarial, que aportan de forma altruista su experiencia para ayudar a los emprendedores a hacer realidad su idea de negocio.\r\n\r\nAs\u00ed, el objeto de esta Oficina del Egresado Emprendedor\u00a0 Universitario, es apoyar a los Universitarios de \u00faltimos cursos y egresados, de las Universidades de Castilla y Le\u00f3n, que quieran desarrollar un proyecto emprendedor.\r\n\r\n<strong>Actividades incluidas en el programa:<\/strong>\r\n\r\nFormaci\u00f3n espec\u00edfica relativa al emprendimiento, compuesta por las siguientes actividades, que se programar\u00e1n a lo largo del curso:\r\n<ul>\r\n \t<li>Talleres de formaci\u00f3n para el emprendimiento<\/li>\r\n \t<li>Jornadas monogr\u00e1ficas sobre temas relacionados con el emprendimiento<\/li>\r\n \t<li>Mesas redondas con emprendedores de \u00e9xito<\/li>\r\n<\/ul>\r\n<strong>Atenci\u00f3n a los Emprendedores en la Oficina del Egresado<\/strong>\r\n\r\nPara realizar las consultas necesarias, que demanden los emprendedores que nos visiten, para llevar a t\u00e9rmino su idea de negocio, desde el inicio a la fase final de proyecto. De forma totalmente gratuita. Este apoyo ser\u00e1 realizado por dos Seniors de Secot, que estar\u00e1n presentes en la Oficina los d\u00edas y horas indicados.\r\n\r\n<strong><em>Oficina Campus Le\u00f3n<\/em>:<\/strong>\r\n\r\n<strong>Localizaci\u00f3n:\u00a0<\/strong>Edificio de Servicios del Campus Vegazana. 1\u00aa planta, puerta 3\r\n\r\n<strong>Horario de atenci\u00f3n:<\/strong> martes y jueves de\u00a0 10:00 a 13:00\r\n\r\n<strong><em>Oficina Campus Ponferrada<\/em>:<\/strong>\r\n\r\n<strong>Localizaci\u00f3n:\u00a0<\/strong>Edificio Campus Universitario de Ponferrada. 6\u00aa planta, puerta 607\r\n\r\n<strong>Horario de atenci\u00f3n:\u00a0<\/strong>mi\u00e9rcoles de 10:00 a 13:00\r\n\r\n<strong>Contacto:<\/strong> oficina.egresado@unileon.es\r\n\r\n<a href=\"http:\/\/coie.unileon.es\/files\/2017\/10\/logo-OEE-Web.png\"><img loading=\"lazy\" decoding=\"async\" class=\"aligncenter wp-image-2995\" src=\"http:\/\/coie.unileon.es\/files\/2017\/10\/logo-OEE-Web-300x176.png\" alt=\"\" width=\"335\" height=\"197\" srcset=\"https:\/\/servicios.unileon.es\/oficina-de-practicas-y-empleabilidad\/files\/2017\/10\/logo-OEE-Web-300x176.png 300w, https:\/\/servicios.unileon.es\/oficina-de-practicas-y-empleabilidad\/files\/2017\/10\/logo-OEE-Web-768x450.png 768w, https:\/\/servicios.unileon.es\/oficina-de-practicas-y-empleabilidad\/files\/2017\/10\/logo-OEE-Web-1024x601.png 1024w, https:\/\/servicios.unileon.es\/oficina-de-practicas-y-empleabilidad\/files\/2017\/10\/logo-OEE-Web.png 1473w\" sizes=\"auto, (max-width: 335px) 100vw, 335px\" \/><\/a>","protected":false},"excerpt":{"rendered":"<p>Esta Oficina, tiene su origen el acuerdo firmado entre las cuatro Universidades P\u00fablicas de Castilla y Le\u00f3n, El Gobierno Regional y Secot, siendo esta \u00faltima una asociaci\u00f3n de voluntarios que integra a ex-directivos del mundo empresarial, que aportan de forma altruista su experiencia para ayudar a los emprendedores a hacer realidad su idea de negocio. [&hellip;]<\/p>\n","protected":false},"author":13,"featured_media":0,"parent":0,"menu_order":0,"comment_status":"closed","ping_status":"closed","template":"","meta":{"footnotes":""},"class_list":["post-2991","page","type-page","status-publish","hentry"],"_links":{"self":[{"href":"https:\/\/servicios.unileon.es\/oficina-de-practicas-y-empleabilidad\/wp-json\/wp\/v2\/pages\/2991","targetHints":{"allow":["GET"]}}],"collection":[{"href":"https:\/\/servicios.unileon.es\/oficina-de-practicas-y-empleabilidad\/wp-json\/wp\/v2\/pages"}],"about":[{"href":"https:\/\/servicios.unileon.es\/oficina-de-practicas-y-empleabilidad\/wp-json\/wp\/v2\/types\/page"}],"author":[{"embeddable":true,"href":"https:\/\/servicios.unileon.es\/oficina-de-practicas-y-empleabilidad\/wp-json\/wp\/v2\/users\/13"}],"replies":[{"embeddable":true,"href":"https:\/\/servicios.unileon.es\/oficina-de-practicas-y-empleabilidad\/wp-json\/wp\/v2\/comments?post=2991"}],"version-history":[{"count":5,"href":"https:\/\/servicios.unileon.es\/oficina-de-practicas-y-empleabilidad\/wp-json\/wp\/v2\/pages\/2991\/revisions"}],"predecessor-version":[{"id":2994,"href":"https:\/\/servicios.unileon.es\/oficina-de-practicas-y-empleabilidad\/wp-json\/wp\/v2\/pages\/2991\/revisions\/2994"}],"wp:attachment":[{"href":"https:\/\/servicios.unileon.es\/oficina-de-practicas-y-empleabilidad\/wp-json\/wp\/v2\/media?parent=2991"}],"curies":[{"name":"wp","href":"https:\/\/api.w.org\/{rel}","templated":true}]}}