{"id":2680,"date":"2016-11-28T20:29:13","date_gmt":"2016-11-28T19:29:13","guid":{"rendered":"http:\/\/coie.unileon.es\/?page_id=2680"},"modified":"2026-01-11T18:58:12","modified_gmt":"2026-01-11T17:58:12","slug":"normativa-basica","status":"publish","type":"page","link":"https:\/\/servicios.unileon.es\/oficina-de-practicas-y-empleabilidad\/normativa-basica\/","title":{"rendered":"Normativa b\u00e1sica"},"content":{"rendered":"<ul>\r\n<li><a href=\"http:\/\/servicios.unileon.es\/oficina-de-practicas-y-empleabilidad\/files\/2026\/01\/20251212_Interpretacion-conjunta-reglamento-pract.report.pdf\">Interpretaci\u00f3n conjunta del Vicerrectorado de Actividad Acad\u00e9mica y del Vicerrectorado de Emprendimiento, Empleabilidad y Formaci\u00f3n Permanente sobre el art\u00edculo 1.5 del Reglamento de Pr\u00e1cticas Externas en los Estudios de Grado, M\u00e1ster y Doctorado<\/a><\/li>    \r\n<li><a href=\"https:\/\/servicios.unileon.es\/oficina-de-practicas-y-empleabilidad\/files\/2025\/01\/resolucion_rectoral20250113.pdf\">Resoluci\u00f3n rectoral de 13-01-2025<\/a><\/li>\r\n    <li><a href=\"https:\/\/www.unileon.es\/universidad\/consejo-de-direccion\/secretaria-general\/convenios\">Reglamento para la tramitaci\u00f3n y aprobaci\u00f3n de convenios de la Universidad de Le\u00f3n<\/a><\/li>\r\n    <li><a class=\"url\" href=\"https:\/\/servicios.unileon.es\/oficina-de-practicas-y-empleabilidad\/files\/2025\/08\/Reglamento-Practicas-Externas-Grado-Master-Doctorado-modificado-comision-permanente-cg-08-05-2024.pdf\">Reglamento por el que se regulan las Practicas Externas en los estudios de Grado Master y Doctorado (MODIFICADO por la Comisi\u00f3n Permanente del Consejo de Gobierno del 08\/05\/2024)<\/a><\/li>\r\n    <li><a href=\"https:\/\/coie.unileon.es\/files\/2022\/01\/Real-Decreto-822-2021-de-28-de-septiembre-por-el-que-se-establece-la-organizacion-de-las-ensenanzas-universitarias-y-del-procedimiento-de-aseguramiento-de-su-calidad-BOE-29-09-2021.pdf\">Real Decreto 822\/2021, de 28 de septiembre, por el que se establece la organizaci\u00f3n de las ense\u00f1anzas universitarias y del procedimiento de aseguramiento de su calidad<\/a><\/li>\r\n    <li><a class=\"url\" href=\"https:\/\/www.boe.es\/buscar\/doc.php?id=BOE-A-2014-8138\">Real Decreto 592\/2014, de 11 de julio, por el que se regulan las pr\u00e1cticas acad\u00e9micas externas de los estudiantes universitarios<\/a><\/li>\r\n    <li><a class=\"url\" href=\"http:\/\/www.boe.es\/buscar\/act.php?id=BOE-A-2011-16819\">Real Decreto 1493\/2011, de 24 de octubre, por el que se regulan los t\u00e9rminos y las condiciones de inclusi\u00f3n en el R\u00e9gimen General de la Seguridad Social de las personas que participen en programas de formaci\u00f3n, en desarrollo de lo previsto en la disposici\u00f3n adicional tercera de la Ley 27\/2011, de 1 de agosto, sobre actualizaci\u00f3n, adecuaci\u00f3n y modernizaci\u00f3n del sistema de la Seguridad Social<\/a><\/li>\r\n<\/ul>","protected":false},"excerpt":{"rendered":"<p>Interpretaci\u00f3n conjunta del Vicerrectorado de Actividad Acad\u00e9mica y del Vicerrectorado de Emprendimiento, Empleabilidad y Formaci\u00f3n Permanente sobre el art\u00edculo 1.5 del Reglamento de Pr\u00e1cticas Externas en los Estudios de Grado, M\u00e1ster y Doctorado Resoluci\u00f3n rectoral de 13-01-2025 Reglamento para la tramitaci\u00f3n y aprobaci\u00f3n de convenios de la Universidad de Le\u00f3n Reglamento por el que se [&hellip;]<\/p>\n","protected":false},"author":13,"featured_media":0,"parent":0,"menu_order":0,"comment_status":"closed","ping_status":"closed","template":"","meta":{"footnotes":""},"class_list":["post-2680","page","type-page","status-publish","hentry"],"_links":{"self":[{"href":"https:\/\/servicios.unileon.es\/oficina-de-practicas-y-empleabilidad\/wp-json\/wp\/v2\/pages\/2680","targetHints":{"allow":["GET"]}}],"collection":[{"href":"https:\/\/servicios.unileon.es\/oficina-de-practicas-y-empleabilidad\/wp-json\/wp\/v2\/pages"}],"about":[{"href":"https:\/\/servicios.unileon.es\/oficina-de-practicas-y-empleabilidad\/wp-json\/wp\/v2\/types\/page"}],"author":[{"embeddable":true,"href":"https:\/\/servicios.unileon.es\/oficina-de-practicas-y-empleabilidad\/wp-json\/wp\/v2\/users\/13"}],"replies":[{"embeddable":true,"href":"https:\/\/servicios.unileon.es\/oficina-de-practicas-y-empleabilidad\/wp-json\/wp\/v2\/comments?post=2680"}],"version-history":[{"count":15,"href":"https:\/\/servicios.unileon.es\/oficina-de-practicas-y-empleabilidad\/wp-json\/wp\/v2\/pages\/2680\/revisions"}],"predecessor-version":[{"id":5320,"href":"https:\/\/servicios.unileon.es\/oficina-de-practicas-y-empleabilidad\/wp-json\/wp\/v2\/pages\/2680\/revisions\/5320"}],"wp:attachment":[{"href":"https:\/\/servicios.unileon.es\/oficina-de-practicas-y-empleabilidad\/wp-json\/wp\/v2\/media?parent=2680"}],"curies":[{"name":"wp","href":"https:\/\/api.w.org\/{rel}","templated":true}]}}