{"id":631,"date":"2021-06-28T08:23:52","date_gmt":"2021-06-28T08:23:52","guid":{"rendered":"https:\/\/servicios.unileon.es\/lti-ir\/?page_id=631"},"modified":"2025-03-03T12:52:59","modified_gmt":"2025-03-03T12:52:59","slug":"equipo-tims-tof","status":"publish","type":"page","link":"https:\/\/servicios.unileon.es\/lti-ir\/equipo-tims-tof\/","title":{"rendered":"Sistema Cromatogr\u00e1fico (UHPLC) con separaci\u00f3n adicional por Movilidad I\u00f3nica (IM) y detecci\u00f3n por espectrometr\u00eda de masas QTOF. Modelo timsTOF (BRUKER)"},"content":{"rendered":"<p class=\"floatleft\"><a class=\"noicon\" href=\"http:\/\/servicios.unileon.es\/lti-ir\/files\/2021\/06\/timstof_feder.pdf\"><img decoding=\"async\" style=\"border: 1px solid #ccc;\" title=\"CARTEL FEDER Sistema Cromatogr\u00e1fico (UHPLC) con separaci\u00f3n adicional por Movilidad I\u00f3nica (IM) y detecci\u00f3n por espectrometr\u00eda de masas QTOF\" src=\"http:\/\/servicios.unileon.es\/lti-ir\/files\/2021\/06\/timstof_feder.jpg\" alt=\"CARTEL FEDER Sistema Cromatogr\u00e1fico (UHPLC) con separaci\u00f3n adicional por Movilidad I\u00f3nica (IM) y detecci\u00f3n por espectrometr\u00eda de masas QTOF\" \/><\/a><\/p>\n<p>Equipo adquirido mediante el programa <a href=\"https:\/\/www.unileon.es\/files\/2020-10\/resolucion_bocyl_convocatoria_infrared2017nw_2020.pdf\"><strong>INFRARED<\/strong><\/a> de la Junta de Castilla y Le\u00f3n, financiado al 100% con <a href=\"https:\/\/www.unileon.es\/investigadores\/feder\">fondos <strong>FEDER<\/strong><\/a> de la CEE a trav\u00e9s de la \u201cConvocatoria de subvenciones para la adquisici\u00f3n de equipamiento cient\u00edfico compartido en el marco de la red de equipamiento cient\u00edfico-tecnol\u00f3gico compartido en Castilla y Le\u00f3n denominada \u00abInfraestructuras en red de Castilla y Le\u00f3n (<a href=\"https:\/\/www.unileon.es\/files\/2020-10\/resolucion_bocyl_convocatoria_infrared2017nw_2020.pdf\">INFRARED<\/a>)\u00bb cofinanciadas por el Fondo Europeo de Desarrollo Regional (FEDER) para 2017.<\/p>\n<p>El equipo, cuyo coste asciende a 420.000 \u20ac + IVA, ha sido concedido al grupo investigador liderado por la Dra. Gracia Merino (Directora de la Unidad Investigadora Consolidada UIC065). La petici\u00f3n ha sido respaldada por diferentes Grupos de Investigaci\u00f3n Reconocidos (GIR) y Unidades de Investigaci\u00f3n Consolidadas (UIC) de la Universidad de Le\u00f3n (UIC203 del Dr. Secundino L\u00f3pez, UIC207 de la Dra. Pilar de Frutos), de la Universidad de Valladolid (UIC219 de la Dra.Teresa Manso), de la Universidad de Salamanca (GIR Polifenoles del Dr. Juli\u00e1n C. Rivas) y de la Universidad de Burgos (GIR SINTORG del Dr.Roberto Sanz).<\/p>\n<p><strong>Los objetivos espec\u00edficos propuestos tras la adquisici\u00f3n de este equipo timsTOF son los siguientes:<\/strong><\/p>\n<ul>\n<li>Identificaci\u00f3n y cuantificaci\u00f3n de analitos de inter\u00e9s para la eficiencia de utilizaci\u00f3n de los alimentos en rumiantes y la producci\u00f3n sostenible de alimentos seguros, saludables y de calidad<\/li>\n<li>Calidad de la leche vinculada a la presencia de residuos, orientado al estudio del transportador ABCG2 y sus polimorfismos en la excreci\u00f3n de agentes antiparasitarios y pesticidas en leche de rumiantes.<\/li>\n<li>Comparaci\u00f3n del perfil metab\u00f3lico del plasma de animales sometidos a diferentes estrategias de alimentaci\u00f3n en la fase de lactancia; relaci\u00f3n entre este perfil y diferentes par\u00e1metros indicativos de la respuesta inmune y, eficiencia en etapas de producci\u00f3n posteriores.<\/li>\n<li>An\u00e1lisis de polifenoles, derivados metab\u00f3licos en alimentos y matrices alimentarias para determinar la calidad de los mismos, planteando la utilidad de estos compuestos como antimicrobianos.<\/li>\n<li>An\u00e1lisis metabol\u00f3mico y lipid\u00f3mico de muestras de leche, contenido digestivo ruminal, plasma y orina, recogidas de ovejas y cabras lecheras sometidas a diferentes estrategias de alimentaci\u00f3n para modular el perfil de \u00e1cidos grasos de la leche, con especial atenci\u00f3n hacia el s\u00edndrome de depresi\u00f3n de la grasa l\u00e1ctea.<\/li>\n<li>An\u00e1lisis e identificaci\u00f3n de productos procedentes de residuos agr\u00edcolas que puedan ser eficaces para el desarrollo de bacterias \u00e1cido l\u00e1cticas capaces de degradar el gluten.<\/li>\n<li>Caracterizaci\u00f3n, mejora y mantenimiento de 3 cultivos agr\u00edcolas estrat\u00e9gicos para Castilla y Le\u00f3n: el ma\u00edz, el l\u00fapulo y la alubia del Ri\u00f1\u00f3n -IGP \u201cAlubia de la Ba\u00f1eza-Le\u00f3n\u201d.<\/li>\n<\/ul>\n<p class=\"floatright\"><a href=\"http:\/\/servicios.unileon.es\/lti-ir\/files\/2021\/06\/foto_infrared.jpg\"><img decoding=\"async\" style=\"border: 1px solid #ccc;\" title=\"Acto de Presentaci\u00f3n de INFRARED y del Sistema Cromatogr\u00e1fico (UHPLC) con separaci\u00f3n adicional por Movilidad I\u00f3nica (IM) y detecci\u00f3n por espectrometr\u00eda de masas QTOF. Modelo timsTOF (BRUKER)\" src=\"http:\/\/servicios.unileon.es\/lti-ir\/files\/2021\/06\/pfoto_infrared.jpg\" alt=\"Acto de Presentaci\u00f3n de INFRARED y del Sistema Cromatogr\u00e1fico (UHPLC) con separaci\u00f3n adicional por Movilidad I\u00f3nica (IM) y detecci\u00f3n por espectrometr\u00eda de masas QTOF. Modelo timsTOF (BRUKER)\" \/><\/a><\/p>\n<p>El equipo fue presentado a la Comunidad Universitaria el 16 de Junio de 2021 en el Paraninfo de la Facultad de Veterinaria en un acto en el que tambi\u00e9n se present\u00f3 el <a href=\"https:\/\/aplicaciones.educa.jcyl.es\/infrared\/welcome.action?l=es-ES\">Portal de INFRARED<\/a> (Infraestructuras en Red de Castilla y Le\u00f3n).<\/p>\n<p>El equipo est\u00e1 instalado en el Laboratorio puerta 107 del Laboratorio de T\u00e9cnicas Instrumentales, estando su uso abierto a los investigadores interesados y podr\u00e1 tambi\u00e9n dar servicio a aquellas instituciones y empresas que as\u00ed lo requieran.<\/p>\n<p>Para su utilizaci\u00f3n ser\u00e1 necesario rellenar una <a href=\"http:\/\/servicios.unileon.es\/lti-ir\/files\/2018\/12\/formulario_de_autorizacion_uso_de_equipo.doc\">Solicitud de autorizaci\u00f3n de uso del Equipo<\/a> as\u00ed como cumplimentar en cada utilizaci\u00f3n el <a href=\"http:\/\/servicios.unileon.es\/lti-ir\/files\/2025\/03\/Hoja-de-uso-del-timsTOF-1.doc\">Formulario de uso de equipo timsTOF<\/a>.<\/p>\n<h2>Caracter\u00edsticas:<\/h2>\n<p class=\"floatright\"><a href=\"http:\/\/servicios.unileon.es\/lti-ir\/files\/2021\/06\/equipo_timsTOF.jpg\"><img decoding=\"async\" style=\"border: 1px solid #ccc;\" title=\"Sistema Cromatogr\u00e1fico (UHPLC) con separaci\u00f3n adicional por Movilidad I\u00f3nica (IM) y detecci\u00f3n por espectrometr\u00eda de masas QTOF. Modelo timsTOF (BRUKER)\" src=\"http:\/\/servicios.unileon.es\/lti-ir\/files\/2021\/06\/pequipo_timsTOF.jpg\" alt=\"Sistema Cromatogr\u00e1fico (UHPLC) con separaci\u00f3n adicional por Movilidad I\u00f3nica (IM) y detecci\u00f3n por espectrometr\u00eda de masas QTOF. Modelo timsTOF (BRUKER)\" \/><\/a><\/p>\n<p><strong>UHPLC (BRUKER ELUTE)<\/strong><\/p>\n<ul>\n<li>Doble canal con doble pist\u00f3n. Trabaja con 4 disolventes seleccionando dos a la vez. Presi\u00f3n de hasta 1300 bares (18855 psi).<\/li>\n<li>Rango de flujo de 0,001 a 4 mL\/min.<\/li>\n<li>Inyector autom\u00e1tico termostatizado con capacidad para 108 viales de 2 mL o 2 placas de 96 pocillos.<\/li>\n<li>Horno de columnas de convecci\u00f3n por aire con capacidad de 6 columnas de diferentes tama\u00f1os.<\/li>\n<\/ul>\n<p><strong>Espectr\u00f3metro de masa Cuadrupolo-Tiempo de Vuelo con Movilidad I\u00f3nica (IM)<\/strong><\/p>\n<ul>\n<li>Fuente de Ionizaci\u00f3n ESI. Posibilidad de montar otras fuentes (APCI, nano-ESI, etc)<\/li>\n<li>Rango de masas del sistema 20-40000 m\/z<\/li>\n<li>Rango de masas del cuadrupolo hasta 40000 m\/z con aislamiento de precursores hasta 3000 m\/z<\/li>\n<li>TOF con reflectr\u00f3n de doble etapa y capacidad para detectar iones positivos y negativos.<\/li>\n<li>Resoluci\u00f3n de masa &gt;60000 (FWHM) en el ion 1222 m\/z<\/li>\n<li>Exactitud de masas &lt;800 ppb<\/li>\n<li>Estabilidad de masas de +\/- 0,5 \u2013 1 mDa<\/li>\n<li>Sensibilidad en MS Full Scan: 1 pg de reserpina (i\u00f3n 609 m\/z) proporciona una relaci\u00f3n S\/N de 1000:1 a m\u00e1xima resoluci\u00f3n del equipo<\/li>\n<li>Resoluci\u00f3n del sistema de Movilidad I\u00f3nica (IM) hasta 200<\/li>\n<li>Capacidad de medida de CCS (Collisional Cross Section)<\/li>\n<li>Velocidad de adquisici\u00f3n hasta 50 Hz tanto en MS como en MS\/MS<\/li>\n<li>Rango lineal del detector ADC de 10 bits de 10<sup>5<\/sup><\/li>\n<\/ul>\n<h2>Dos estaciones de trabajo para adquisici\u00f3n y tratamiento de datos<\/h2>\n<p>Ambas estaciones de trabajo tienen IPs fijas y los investigadores podr\u00e1n conectarse con ellas en remoto. Se disponen de 3 licencias para el software \u201cTASQ\u201d y otras 3 para el software \u201cMetaboscape\u201d lo que permite un m\u00e1ximo de 3 conexiones simult\u00e1neas para cada software.<\/p>\n<p><strong>Estaci\u00f3n de trabajo de adquisici\u00f3n de datos<\/strong><\/p>\n<ul>\n<li>Software \u201cHystar\u201d para el control del sistema cromatogr\u00e1fico<\/li>\n<li>Software \u201cQTOF Control\u201d: Control completo de todos los par\u00e1metros del espectr\u00f3metro de masas y del sistema de movilidad i\u00f3nica. Permite visualizar en tiempo real los espectros de masas, el cromatograma, el movilograma y el mapa de calor que relaciona par\u00e1metros de movilidad, masa e intensidad.<\/li>\n<li>Software \u201cData Analysis\u201d: M\u00f3dulo b\u00e1sico para el postproceso, an\u00e1lisis e interpretaci\u00f3n de datos. Incluye la funci\u00f3n \u201cDissect\u201d que permite la detecci\u00f3n autom\u00e1tica de compuestos en mezclas complejas.<\/li>\n<\/ul>\n<p><strong>Estaci\u00f3n de trabajo de adquisici\u00f3n de datos<\/strong><\/p>\n<ul>\n<li>Software \u201cTASQ\u201d: Software Cliente\/Servidor para aplicaciones dirigidas a la determinaci\u00f3n de muchos compuestos, donde se necesita el crinado, identificaci\u00f3n, confirmaci\u00f3n y cuantificaci\u00f3n en un \u00fanico an\u00e1lisis.<\/li>\n<li>Software \u201cMetaboscape\u201d: Software Cliente\/Servidor para el an\u00e1lisis estad\u00edstico de resultados, comparaci\u00f3n de muestras e investigaci\u00f3n metabol\u00f3mica \u201cno dirigida\u201d. Contiene un algoritmo \u201cT-Rex\u201d que extrae toda la informaci\u00f3n relevante de MS y el perfil cromatogr\u00e1fico, incluyendo la funci\u00f3n de calibraci\u00f3n \u00f3ptima para cada tramo, relacionando iones procedentes de los mismos compuestos.<\/li>\n<\/ul>\n","protected":false},"excerpt":{"rendered":"<p>Equipo adquirido mediante el programa INFRARED de la Junta de Castilla y Le\u00f3n, financiado al 100% con fondos FEDER de la CEE a trav\u00e9s de la \u201cConvocatoria de subvenciones para la adquisici\u00f3n de equipamiento cient\u00edfico compartido en el marco de la red de equipamiento cient\u00edfico-tecnol\u00f3gico compartido en Castilla y Le\u00f3n denominada \u00abInfraestructuras en red de [&hellip;]<\/p>\n","protected":false},"author":344,"featured_media":0,"parent":0,"menu_order":0,"comment_status":"closed","ping_status":"closed","template":"","meta":{"footnotes":""},"class_list":["post-631","page","type-page","status-publish","hentry"],"_links":{"self":[{"href":"https:\/\/servicios.unileon.es\/lti-ir\/wp-json\/wp\/v2\/pages\/631","targetHints":{"allow":["GET"]}}],"collection":[{"href":"https:\/\/servicios.unileon.es\/lti-ir\/wp-json\/wp\/v2\/pages"}],"about":[{"href":"https:\/\/servicios.unileon.es\/lti-ir\/wp-json\/wp\/v2\/types\/page"}],"author":[{"embeddable":true,"href":"https:\/\/servicios.unileon.es\/lti-ir\/wp-json\/wp\/v2\/users\/344"}],"replies":[{"embeddable":true,"href":"https:\/\/servicios.unileon.es\/lti-ir\/wp-json\/wp\/v2\/comments?post=631"}],"version-history":[{"count":9,"href":"https:\/\/servicios.unileon.es\/lti-ir\/wp-json\/wp\/v2\/pages\/631\/revisions"}],"predecessor-version":[{"id":753,"href":"https:\/\/servicios.unileon.es\/lti-ir\/wp-json\/wp\/v2\/pages\/631\/revisions\/753"}],"wp:attachment":[{"href":"https:\/\/servicios.unileon.es\/lti-ir\/wp-json\/wp\/v2\/media?parent=631"}],"curies":[{"name":"wp","href":"https:\/\/api.w.org\/{rel}","templated":true}]}}