{"id":24,"date":"2011-05-06T12:01:18","date_gmt":"2011-05-06T12:01:18","guid":{"rendered":"http:\/\/servicios.unileon.es\/lti-ir\/?page_id=24"},"modified":"2025-04-09T06:50:04","modified_gmt":"2025-04-09T06:50:04","slug":"personal","status":"publish","type":"page","link":"https:\/\/servicios.unileon.es\/lti-ir\/lti\/personal\/","title":{"rendered":"Personal"},"content":{"rendered":"<table class=\"extendida\">\n<tbody>\n<tr>\n<th>Director<\/th>\n<td>Tom\u00e1s Vigal Garc\u00eda<\/td>\n<\/tr>\n<tr>\n<th>T\u00e9cnicos G-I<\/th>\n<td>Benjam\u00edn Rabanal Garc\u00eda<br \/>\nPablo Arg\u00fcello Garc\u00eda<br \/>\nVirginia Medina \u00c1lvarez<br \/>\nFederico Felino L\u00f3pez Velasco<br \/>\nV\u00edctor Manuel Garc\u00eda Mart\u00ednez<\/td>\n<\/tr>\n<tr>\n<th>T\u00e9cnico G-II<\/th>\n<td>Francisca Mart\u00ednez N\u00fa\u00f1ez<\/td>\n<\/tr>\n<tr>\n<th>T\u00e9cnico G-III<\/th>\n<td>Luc\u00eda Orviz Loredo<\/td>\n<\/tr>\n<tr>\n<th>Personal contratado<\/th>\n<td>Jana Aufartov\u00e1 Baberadov\u00e1<br \/>\nPablo Escudero Garc\u00eda<\/td>\n<\/tr>\n<\/tbody>\n<\/table>\n","protected":false},"excerpt":{"rendered":"<p>Director Tom\u00e1s Vigal Garc\u00eda T\u00e9cnicos G-I Benjam\u00edn Rabanal Garc\u00eda Pablo Arg\u00fcello Garc\u00eda Virginia Medina \u00c1lvarez Federico Felino L\u00f3pez Velasco V\u00edctor Manuel Garc\u00eda Mart\u00ednez T\u00e9cnico G-II Francisca Mart\u00ednez N\u00fa\u00f1ez T\u00e9cnico G-III Luc\u00eda Orviz Loredo Personal contratado Jana Aufartov\u00e1 Baberadov\u00e1 Pablo Escudero Garc\u00eda<\/p>\n","protected":false},"author":1,"featured_media":0,"parent":14,"menu_order":0,"comment_status":"closed","ping_status":"open","template":"","meta":{"footnotes":""},"class_list":["post-24","page","type-page","status-publish","hentry"],"_links":{"self":[{"href":"https:\/\/servicios.unileon.es\/lti-ir\/wp-json\/wp\/v2\/pages\/24","targetHints":{"allow":["GET"]}}],"collection":[{"href":"https:\/\/servicios.unileon.es\/lti-ir\/wp-json\/wp\/v2\/pages"}],"about":[{"href":"https:\/\/servicios.unileon.es\/lti-ir\/wp-json\/wp\/v2\/types\/page"}],"author":[{"embeddable":true,"href":"https:\/\/servicios.unileon.es\/lti-ir\/wp-json\/wp\/v2\/users\/1"}],"replies":[{"embeddable":true,"href":"https:\/\/servicios.unileon.es\/lti-ir\/wp-json\/wp\/v2\/comments?post=24"}],"version-history":[{"count":39,"href":"https:\/\/servicios.unileon.es\/lti-ir\/wp-json\/wp\/v2\/pages\/24\/revisions"}],"predecessor-version":[{"id":760,"href":"https:\/\/servicios.unileon.es\/lti-ir\/wp-json\/wp\/v2\/pages\/24\/revisions\/760"}],"up":[{"embeddable":true,"href":"https:\/\/servicios.unileon.es\/lti-ir\/wp-json\/wp\/v2\/pages\/14"}],"wp:attachment":[{"href":"https:\/\/servicios.unileon.es\/lti-ir\/wp-json\/wp\/v2\/media?parent=24"}],"curies":[{"name":"wp","href":"https:\/\/api.w.org\/{rel}","templated":true}]}}