{"id":221,"date":"2011-05-19T06:18:21","date_gmt":"2011-05-19T06:18:21","guid":{"rendered":"http:\/\/servicios.unileon.es\/lti-ir\/?page_id=221"},"modified":"2019-09-11T10:57:57","modified_gmt":"2019-09-11T10:57:57","slug":"normas-para-solicitar-prestaciones-y-uso-del-servicio","status":"publish","type":"page","link":"https:\/\/servicios.unileon.es\/lti-ir\/ir\/normas-para-solicitar-prestaciones-y-uso-del-servicio\/","title":{"rendered":"Normas para solicitar prestaciones y uso del servicio"},"content":{"rendered":"<p>La Instalaci\u00f3n Radiactiva posee una <a href=\"http:\/\/www.unileon.es\/ficheros\/investigacion\/ltiir\/normativa_plan_emergencia110919.pdf\"><strong>Normativa de Funcionamiento y Plan de Emergencia<\/strong><\/a> aprobada por el Consejo de Seguridad Nuclear. En ella se recoge la normativa interna de trabajo y las recomendaciones de protecci\u00f3n radiol\u00f3gica. Para darse de alta y poder utilizar las instalaciones, los potenciales usuarios y los responsables de sus Grupos de Investigaci\u00f3n deber\u00e1n aceptar la Normativa de la Instalaci\u00f3n en todos sus t\u00e9rminos rellenando el impreso de solicitud recogido en el (<a href=\"http:\/\/www.unileon.es\/ficheros\/investigacion\/ltiir\/anexo_i.doc\"><strong>ANEXO I<\/strong><\/a>) de la misma.<\/p>\n<p>Para darse de baja los usuarios deber\u00e1n rellenar el formulario recogido en el (<a href=\"http:\/\/www.unileon.es\/ficheros\/investigacion\/ltiir\/anexo_ii.doc\"><strong>ANEXO II<\/strong><\/a>) de la Normativa.<\/p>\n<p>Excepcionalmente, no obstante todo lo dicho, para aquellas personas que s\u00f3lo quieran hacer un uso puntual de la Instalaci\u00f3n Radiactiva para un experimento en concreto sin continuidad temporal no ser\u00e1 necesario darse de alta como usuario de la Instalaci\u00f3n pero s\u00ed solicitar una Autorizaci\u00f3n de Uso Puntual al Director de la Instalaci\u00f3n Radiactiva, rellenando el <a href=\"http:\/\/www.unileon.es\/ficheros\/investigacion\/ltiir\/autorizacion_temporal_IR.doc\">Formulario de Autorizaci\u00f3n de uso Puntual<\/a>.<\/p>\n<p>La petici\u00f3n de material radiactivo se realizar\u00e1 rellenando la consiguiente <a href=\"http:\/\/www.unileon.es\/ficheros\/investigacion\/ltiir\/hoja_pedido.doc\">hoja de pedido<\/a>.<\/p>\n<p>El horario de trabajo en los Laboratorios de la <strong>Instalaci\u00f3n Principal<\/strong> ser\u00e1 de <strong>10:00 h a 14:00 h<\/strong> y de <strong>16:00 h a 19:00 h<\/strong>, estando sujeto a variaciones seg\u00fan periodos vacacionales o festivos.<\/p>\n","protected":false},"excerpt":{"rendered":"<p>La Instalaci\u00f3n Radiactiva posee una Normativa de Funcionamiento y Plan de Emergencia aprobada por el Consejo de Seguridad Nuclear. En ella se recoge la normativa interna de trabajo y las recomendaciones de protecci\u00f3n radiol\u00f3gica. Para darse de alta y poder utilizar las instalaciones, los potenciales usuarios y los responsables de sus Grupos de Investigaci\u00f3n deber\u00e1n [&hellip;]<\/p>\n","protected":false},"author":1,"featured_media":0,"parent":16,"menu_order":0,"comment_status":"closed","ping_status":"open","template":"","meta":{"footnotes":""},"class_list":["post-221","page","type-page","status-publish","hentry"],"_links":{"self":[{"href":"https:\/\/servicios.unileon.es\/lti-ir\/wp-json\/wp\/v2\/pages\/221","targetHints":{"allow":["GET"]}}],"collection":[{"href":"https:\/\/servicios.unileon.es\/lti-ir\/wp-json\/wp\/v2\/pages"}],"about":[{"href":"https:\/\/servicios.unileon.es\/lti-ir\/wp-json\/wp\/v2\/types\/page"}],"author":[{"embeddable":true,"href":"https:\/\/servicios.unileon.es\/lti-ir\/wp-json\/wp\/v2\/users\/1"}],"replies":[{"embeddable":true,"href":"https:\/\/servicios.unileon.es\/lti-ir\/wp-json\/wp\/v2\/comments?post=221"}],"version-history":[{"count":5,"href":"https:\/\/servicios.unileon.es\/lti-ir\/wp-json\/wp\/v2\/pages\/221\/revisions"}],"predecessor-version":[{"id":523,"href":"https:\/\/servicios.unileon.es\/lti-ir\/wp-json\/wp\/v2\/pages\/221\/revisions\/523"}],"up":[{"embeddable":true,"href":"https:\/\/servicios.unileon.es\/lti-ir\/wp-json\/wp\/v2\/pages\/16"}],"wp:attachment":[{"href":"https:\/\/servicios.unileon.es\/lti-ir\/wp-json\/wp\/v2\/media?parent=221"}],"curies":[{"name":"wp","href":"https:\/\/api.w.org\/{rel}","templated":true}]}}