{"id":20,"date":"2011-05-06T11:54:46","date_gmt":"2011-05-06T11:54:46","guid":{"rendered":"http:\/\/servicios.unileon.es\/lti-ir\/?page_id=20"},"modified":"2016-09-27T08:56:05","modified_gmt":"2016-09-27T08:56:05","slug":"informacion-de-contacto","status":"publish","type":"page","link":"https:\/\/servicios.unileon.es\/lti-ir\/lti\/informacion-de-contacto\/","title":{"rendered":"Informaci\u00f3n de contacto"},"content":{"rendered":"<table class=\"extendida\">\n<tbody>\n<tr>\n<th>Direcci\u00f3n Postal<\/th>\n<td>UNIVERSIDAD DE LE\u00d3N<br \/>\n\t\t\tLaboratorio de T\u00e9cnicas Instrumentales<br \/>\n\t\t\tCampus de Vegazana<BR><br \/>\n\t\t\t24071 LE\u00d3N<\/td>\n<\/tr>\n<tr>\n<th>Tel\u00e9fono<\/th>\n<td>987 291181<\/td>\n<\/tr>\n<tr>\n<th>FAX<\/th>\n<td>987 291282<\/td>\n<\/tr>\n<tr>\n<th>Buz\u00f3n electr\u00f3nico<\/td>\n<td><a href=\"mailto:labti@unileon.es\">labti@unileon.es<\/a><\/td>\n<\/tr>\n<tr>\n<th>Director<\/th>\n<td>Tom\u00e1s Vigal Garc\u00eda<\/td>\n<\/tr>\n<tr>\n<th>Tel\u00e9fono<\/th>\n<td>987 291181<\/td>\n<\/tr>\n<tr>\n<th>Buz\u00f3n electr\u00f3nico<\/td>\n<td><a href=\"mailto:gertvg@unileon.es\">gertvg@unileon.es<\/a><\/td>\n<\/tr>\n<\/tbody>\n<\/table>\n","protected":false},"excerpt":{"rendered":"<p>Direcci\u00f3n Postal UNIVERSIDAD DE LE\u00d3N Laboratorio de T\u00e9cnicas Instrumentales Campus de Vegazana 24071 LE\u00d3N Tel\u00e9fono 987 291181 FAX 987 291282 Buz\u00f3n electr\u00f3nico labti@unileon.es Director Tom\u00e1s Vigal Garc\u00eda Tel\u00e9fono 987 291181 Buz\u00f3n electr\u00f3nico gertvg@unileon.es<\/p>\n","protected":false},"author":1,"featured_media":0,"parent":14,"menu_order":0,"comment_status":"closed","ping_status":"open","template":"","meta":{"footnotes":""},"class_list":["post-20","page","type-page","status-publish","hentry"],"_links":{"self":[{"href":"https:\/\/servicios.unileon.es\/lti-ir\/wp-json\/wp\/v2\/pages\/20","targetHints":{"allow":["GET"]}}],"collection":[{"href":"https:\/\/servicios.unileon.es\/lti-ir\/wp-json\/wp\/v2\/pages"}],"about":[{"href":"https:\/\/servicios.unileon.es\/lti-ir\/wp-json\/wp\/v2\/types\/page"}],"author":[{"embeddable":true,"href":"https:\/\/servicios.unileon.es\/lti-ir\/wp-json\/wp\/v2\/users\/1"}],"replies":[{"embeddable":true,"href":"https:\/\/servicios.unileon.es\/lti-ir\/wp-json\/wp\/v2\/comments?post=20"}],"version-history":[{"count":9,"href":"https:\/\/servicios.unileon.es\/lti-ir\/wp-json\/wp\/v2\/pages\/20\/revisions"}],"predecessor-version":[{"id":323,"href":"https:\/\/servicios.unileon.es\/lti-ir\/wp-json\/wp\/v2\/pages\/20\/revisions\/323"}],"up":[{"embeddable":true,"href":"https:\/\/servicios.unileon.es\/lti-ir\/wp-json\/wp\/v2\/pages\/14"}],"wp:attachment":[{"href":"https:\/\/servicios.unileon.es\/lti-ir\/wp-json\/wp\/v2\/media?parent=20"}],"curies":[{"name":"wp","href":"https:\/\/api.w.org\/{rel}","templated":true}]}}