{"id":187,"date":"2011-05-18T12:03:16","date_gmt":"2011-05-18T12:03:16","guid":{"rendered":"http:\/\/servicios.unileon.es\/lti-ir\/?page_id=187"},"modified":"2017-09-13T15:19:08","modified_gmt":"2017-09-13T15:19:08","slug":"responsables-y-direccion-de-contacto","status":"publish","type":"page","link":"https:\/\/servicios.unileon.es\/lti-ir\/lti\/area-de-analisis-clinico-veterinario\/responsables-y-direccion-de-contacto\/","title":{"rendered":"Responsables y Direcci\u00f3n de Contacto"},"content":{"rendered":"<table class=\"extendida\">\n<tbody>\n<tr>\n<th>Responsable<\/th>\n<td>D. Pablo Arg\u00fcello Garc\u00eda<\/td>\n<\/tr>\n<tr>\n<th>Direcci\u00f3n Postal<\/th>\n<td>UNIVERSIDAD DE LE\u00d3N<br \/>\n\t\t\t\u00c1rea de An\u00e1lisis Cl\u00ednico Veterinario<br \/>\n\t\t\tLaboratorio de T\u00e9cnicas Instrumentales<br \/>\n\t\t\tCampus de Vegazana<br \/>\n\t\t\t24071 LE\u00d3N<\/td>\n<\/tr>\n<tr>\n<th>Tel\u00e9fono<\/th>\n<td>987 291181<\/td>\n<\/tr>\n<tr>\n<th>FAX<\/th>\n<td>987 291282<\/td>\n<\/tr>\n<tr>\n<th>Buz\u00f3n electr\u00f3nico<\/td>\n<td><a href=\"mailto:uleaclin@unileon.es\">uleaclin@unileon.es<\/a><\/td>\n<\/tr>\n<\/tbody>\n<\/table>\n","protected":false},"excerpt":{"rendered":"<p>Responsable D. Pablo Arg\u00fcello Garc\u00eda Direcci\u00f3n Postal UNIVERSIDAD DE LE\u00d3N \u00c1rea de An\u00e1lisis Cl\u00ednico Veterinario Laboratorio de T\u00e9cnicas Instrumentales Campus de Vegazana 24071 LE\u00d3N Tel\u00e9fono 987 291181 FAX 987 291282 Buz\u00f3n electr\u00f3nico uleaclin@unileon.es<\/p>\n","protected":false},"author":1,"featured_media":0,"parent":93,"menu_order":0,"comment_status":"closed","ping_status":"open","template":"","meta":{"footnotes":""},"class_list":["post-187","page","type-page","status-publish","hentry"],"_links":{"self":[{"href":"https:\/\/servicios.unileon.es\/lti-ir\/wp-json\/wp\/v2\/pages\/187","targetHints":{"allow":["GET"]}}],"collection":[{"href":"https:\/\/servicios.unileon.es\/lti-ir\/wp-json\/wp\/v2\/pages"}],"about":[{"href":"https:\/\/servicios.unileon.es\/lti-ir\/wp-json\/wp\/v2\/types\/page"}],"author":[{"embeddable":true,"href":"https:\/\/servicios.unileon.es\/lti-ir\/wp-json\/wp\/v2\/users\/1"}],"replies":[{"embeddable":true,"href":"https:\/\/servicios.unileon.es\/lti-ir\/wp-json\/wp\/v2\/comments?post=187"}],"version-history":[{"count":4,"href":"https:\/\/servicios.unileon.es\/lti-ir\/wp-json\/wp\/v2\/pages\/187\/revisions"}],"predecessor-version":[{"id":357,"href":"https:\/\/servicios.unileon.es\/lti-ir\/wp-json\/wp\/v2\/pages\/187\/revisions\/357"}],"up":[{"embeddable":true,"href":"https:\/\/servicios.unileon.es\/lti-ir\/wp-json\/wp\/v2\/pages\/93"}],"wp:attachment":[{"href":"https:\/\/servicios.unileon.es\/lti-ir\/wp-json\/wp\/v2\/media?parent=187"}],"curies":[{"name":"wp","href":"https:\/\/api.w.org\/{rel}","templated":true}]}}