{"id":14,"date":"2011-05-06T11:42:48","date_gmt":"2011-05-06T11:42:48","guid":{"rendered":"http:\/\/servicios.unileon.es\/lti-ir\/?page_id=14"},"modified":"2026-02-13T12:17:11","modified_gmt":"2026-02-13T12:17:11","slug":"lti","status":"publish","type":"page","link":"https:\/\/servicios.unileon.es\/lti-ir\/lti\/","title":{"rendered":"Laboratorio de T\u00e9cnicas Instrumentales"},"content":{"rendered":"<ul class=\"big\">\n<li><a href=\"\/lti-ir\/lti\/solicitud-de-servicios-a-traves-de-la-plataforma-infrared\/\">Acceso al Servicio a trav\u00e9s de la plataforma INFRARED<\/a><\/li>\n<li><a href=\"\/lti-ir\/lti\/informacion-de-contacto\/\">Informaci\u00f3n de contacto<\/a><\/li>\n<li><a href=\"\/lti-ir\/lti\/personal\/\">Personal<\/a><\/li>\n<li><a href=\"\/lti-ir\/lti\/introduccion\/\">Introducci\u00f3n<\/a><\/li>\n<li><a href=\"\/lti-ir\/lti\/equipamiento-disponible\/\">Equipamiento disponible.<\/a><\/li>\n<li><a href=\"\/lti-ir\/lti\/area-de-analisis-de-acidos-nucleicos\/\">\u00c1rea de An\u00e1lisis de \u00c1cidos Nucleicos e Identificaci\u00f3n de Microorganismos<\/a><\/li>\n<li><a href=\"\/lti-ir\/lti\/area-de-analisis-clinico-veterinario\/\">\u00c1rea de An\u00e1lisis Cl\u00ednico Veterinario<\/a><\/li>\n<li><a href=\"\/lti-ir\/lti\/otros-servicios-disponibles\/\">Otros Servicios disponibles<\/a><\/li>\n<li><a href=\"\/lti-ir\/lti\/normas-para-solicitar-prestaciones-y-uso-del-laboratorio\/\">Normas para solicitar prestaciones y uso del laboratorio<\/a><\/li>\n<li><a href=\"\/lti-ir\/lti\/tarifas\/\">Tarifas<\/a><\/li>\n<li><a href=\"\/lti-ir\/lti\/formularios-de-peticion-de-servicios\/\">Formularios de petici\u00f3n de Servicios<\/a><\/li>\n<li><a href=\"\/lti-ir\/comunicacion-a-proveedores\/\">Comunicaci\u00f3n a Proveedores<\/a><\/li>\n<\/ul>\n<p><a style=\"background: none;\" href=\"http:\/\/servicios.unileon.es\/lti-ir\/files\/2026\/02\/POLITICA-DE-CALIDAD-2025.docx\"><img decoding=\"async\" class=\"alignleft\" src=\"http:\/\/servicios.unileon.es\/lti-ir\/files\/2019\/03\/lti_politica_de_calidadp.jpg\" alt=\"Pol\u00edtica de calidad\" \/><\/a> <a href=\"https:\/\/servicios.unileon.es\/lti-ir\/files\/2023\/05\/certificado-sgs-2023-1_page-0001.jpg\"><img loading=\"lazy\" decoding=\"async\" class=\"alignright wp-image-531 size-medium\" src=\"https:\/\/servicios.unileon.es\/lti-ir\/files\/2023\/05\/certificado-sgs-2023-1_page-0001.jpg\" alt=\"\" width=\"212\" height=\"300\" \/><\/a><\/p>\n","protected":false},"excerpt":{"rendered":"<p>Acceso al Servicio a trav\u00e9s de la plataforma INFRARED Informaci\u00f3n de contacto Personal Introducci\u00f3n Equipamiento disponible. \u00c1rea de An\u00e1lisis de \u00c1cidos Nucleicos e Identificaci\u00f3n de Microorganismos \u00c1rea de An\u00e1lisis Cl\u00ednico Veterinario Otros Servicios disponibles Normas para solicitar prestaciones y uso del laboratorio Tarifas Formularios de petici\u00f3n de Servicios Comunicaci\u00f3n a Proveedores<\/p>\n","protected":false},"author":1,"featured_media":0,"parent":0,"menu_order":0,"comment_status":"closed","ping_status":"open","template":"","meta":{"footnotes":""},"class_list":["post-14","page","type-page","status-publish","hentry"],"_links":{"self":[{"href":"https:\/\/servicios.unileon.es\/lti-ir\/wp-json\/wp\/v2\/pages\/14","targetHints":{"allow":["GET"]}}],"collection":[{"href":"https:\/\/servicios.unileon.es\/lti-ir\/wp-json\/wp\/v2\/pages"}],"about":[{"href":"https:\/\/servicios.unileon.es\/lti-ir\/wp-json\/wp\/v2\/types\/page"}],"author":[{"embeddable":true,"href":"https:\/\/servicios.unileon.es\/lti-ir\/wp-json\/wp\/v2\/users\/1"}],"replies":[{"embeddable":true,"href":"https:\/\/servicios.unileon.es\/lti-ir\/wp-json\/wp\/v2\/comments?post=14"}],"version-history":[{"count":29,"href":"https:\/\/servicios.unileon.es\/lti-ir\/wp-json\/wp\/v2\/pages\/14\/revisions"}],"predecessor-version":[{"id":774,"href":"https:\/\/servicios.unileon.es\/lti-ir\/wp-json\/wp\/v2\/pages\/14\/revisions\/774"}],"wp:attachment":[{"href":"https:\/\/servicios.unileon.es\/lti-ir\/wp-json\/wp\/v2\/media?parent=14"}],"curies":[{"name":"wp","href":"https:\/\/api.w.org\/{rel}","templated":true}]}}