{"id":27,"date":"2016-02-03T09:04:09","date_gmt":"2016-02-03T09:04:09","guid":{"rendered":"http:\/\/servicios.unileon.es\/litem\/?page_id=27"},"modified":"2016-02-03T09:04:09","modified_gmt":"2016-02-03T09:04:09","slug":"equipamiento-del-servicio","status":"publish","type":"page","link":"https:\/\/servicios.unileon.es\/litem\/equipamiento-del-servicio\/","title":{"rendered":"Equipamiento del Servicio"},"content":{"rendered":"<p>Los equipos de los que dispone el LITEM para la realizaci\u00f3n de los trabajos son los siguientes:<\/p>\r\n<ul>\r\n\t<li>Georradar modelo PULSE EKKO 1000 (Sensors &#038; Software, Inc), dotado con antenas de 225 y 450 MHz.<\/li>\r\n\t<li>Equipo de geof\u00edsica de resistividades GEOTRON 500\/90.<\/li>\r\n\t<li>Escintil\u00f3metro de rayos gamma GEOMETRICS GR-101.<\/li>\r\n\t<li>Detector de gases: ox\u00edgeno y metano. <\/li>\r\n\t<li>Anem\u00f3metro digital.<\/li>\r\n\t<li>Captador de polvo para control ambiental.<\/li>\r\n\t<li>VAN958A: Analizador de Vibraciones SVAN958A, conforme con ISO 8041:2005. N\u00ba de serie: 34515.<\/li>\r\n\t<li>SVAN958A_ 4: Opci\u00f3n an\u00e1lisis FFT para SVAN958.<\/li>\r\n\t<li>SV207B: Set de medida de vibraciones en voladuras (Aceler\u00f3metro SV80B 1V\/g, plataforma de montaje con sistema de picas, agujeros para pernos y cable de conexi\u00f3n de aceler\u00f3metro a maleta intemperie 5\\1215). N\u00ba de serie: C2835.<\/li>\r\n\t<li>SV60: Kit de medida de Ruido (micr\u00f3fono Clase 1 SV40AZ, preamplificador SV12L, soporte flexible de preamplificador SADa y pantalla antMento SA22). N\u00ba de serie: 101868.<\/li>\r\n\t<li>SvanPC+: Software SvanPC+ de volcado y tratamiento de datos.<\/li>\r\n\t<li>CAlSVAN958AVEL: Calibraci\u00f3n IPAC de la cadena de medida en los tres ejes con el filtro VEL 1 para medida en velocidad de vibraci\u00f3n.<\/li>\r\n\t<li>SV111: calibrador de Vibraciones SV111 conforme con Real Decreto 1311:2005 y UNE-EN ISO 8041:2006. Rangos de calibraci\u00f3n: 15,92 Hz, 79,58 Hz, 159,2 Hz,  636 Hz (de 1 a 10 ms).  N\u00ba de serie: 30551.<\/li>\r\n\t<li>Unidad de prueba universal de rel\u00e9s Omicron CMC 356<\/li>\r\n\t<li>Analizador de energ\u00eda Siemens  Oscillostore P 513.  N\u00ba de serie: N1-K9-0100<\/li>\r\n\t<li>Analizador de energ\u00eda LEM ANALYST 3Q. N\u00ba de serie: 78601CC<\/li>\r\n\t<li>C\u00e1mara termogr\u00e1fica FLUKE Ti 40. N\u00ba de serie: Ti40FT-0706086<\/li>\r\n\t<li>Analizador de gases de combusti\u00f3n TESTO 350 XL. Incluye unidad de control Testo 454 para testo 350 M\/XL. N\u00ba de orden: 0563 0350. N\u00ba de serie: 00890339\/310<\/li>\r\n\t<li>Instrumento de medida de precisi\u00f3n de par\u00e1metros ambientales (Temperaturas, humedades, velocidad de aire, presi\u00f3n, CO, CO2) TESTO 400. N\u00ba de referencia: 0563 4001 N\u00ba de serie: 00746494\/210<\/li>\r\n\t<li>Lux\u00f3metros Lutron YK-10 LK. N\u00ba de serie: Q 020780 y  Lutron LX-101. N\u00ba de serie: K 70431<\/li>\r\n\t<li>Estufa de secado<\/li>\r\n\t<li>Prensa hidr\u00e1ulica manual<\/li>\r\n\t<li>Mesa de sacudidas Wilfley<\/li>\r\n\t<li>Mesa de sacudidas alveolar<\/li>\r\n\t<li>Jig de criba fija<\/li>\r\n\t<li>Tamizadora<\/li>\r\n\t<li>Pulidora<\/li>\r\n\t<li>Celda de flotaci\u00f3n AGITAIR<\/li>\r\n\t<li>Balanza anal\u00edtica<\/li>\r\n\t<li>Micromolino de martillos<\/li>\r\n\t<li>Machacadora de mand\u00edbulas<\/li>\r\n\t<li>Separador magn\u00e9tico<\/li>\r\n\t<li>Prensa Franklin<\/li>\r\n\t<li>Barrenadora seccionada<\/li>\r\n\t<li>Martillo picador seccionado<\/li>\r\n\t<li>C\u00e9lula de ensayo triaxial en rocas (C\u00e9lula de Hoek)<\/li>\r\n\t<li>Extractor de probetas de ensayo Proctor<\/li>\r\n\t<li>Soporte de refrentado<\/li>\r\n\t<li>Soporte de ensayo a flexi\u00f3n<\/li>\r\n\t<li>M\u00e1quina de ensayo de expansi\u00f3n en suelos (M\u00e1quina de Lambe)<\/li>\r\n\t<li>Bancada edom\u00e9trica (3 c\u00e9lulas)<\/li>\r\n\t<li>M\u00e1quina de ensayo de corte en suelos<\/li>\r\n\t<li>Ba\u00f1o termost\u00e1tico<\/li>\r\n\t<li>Mezcladora<\/li>\r\n\t<li>M\u00e1quina de compactado Proctor<\/li>\r\n\t<li>Compactador Proctor manual<\/li>\r\n\t<li>Prensa triaxial<\/li>\r\n\t<li>Prensa CBR<\/li>\r\n\t<li>Montera articulada<\/li>\r\n<\/ul>\r\n","protected":false},"excerpt":{"rendered":"<p>Los equipos de los que dispone el LITEM para la realizaci\u00f3n de los trabajos son los siguientes: Georradar modelo PULSE EKKO 1000 (Sensors &#038; Software, Inc), dotado con antenas de 225 y 450 MHz. Equipo de geof\u00edsica de resistividades GEOTRON 500\/90. Escintil\u00f3metro de rayos gamma GEOMETRICS GR-101. Detector de gases: ox\u00edgeno y metano. Anem\u00f3metro digital. [&hellip;]<\/p>\n","protected":false},"author":344,"featured_media":0,"parent":0,"menu_order":0,"comment_status":"closed","ping_status":"closed","template":"","meta":{"footnotes":""},"class_list":["post-27","page","type-page","status-publish","hentry"],"_links":{"self":[{"href":"https:\/\/servicios.unileon.es\/litem\/wp-json\/wp\/v2\/pages\/27","targetHints":{"allow":["GET"]}}],"collection":[{"href":"https:\/\/servicios.unileon.es\/litem\/wp-json\/wp\/v2\/pages"}],"about":[{"href":"https:\/\/servicios.unileon.es\/litem\/wp-json\/wp\/v2\/types\/page"}],"author":[{"embeddable":true,"href":"https:\/\/servicios.unileon.es\/litem\/wp-json\/wp\/v2\/users\/344"}],"replies":[{"embeddable":true,"href":"https:\/\/servicios.unileon.es\/litem\/wp-json\/wp\/v2\/comments?post=27"}],"version-history":[{"count":1,"href":"https:\/\/servicios.unileon.es\/litem\/wp-json\/wp\/v2\/pages\/27\/revisions"}],"predecessor-version":[{"id":28,"href":"https:\/\/servicios.unileon.es\/litem\/wp-json\/wp\/v2\/pages\/27\/revisions\/28"}],"wp:attachment":[{"href":"https:\/\/servicios.unileon.es\/litem\/wp-json\/wp\/v2\/media?parent=27"}],"curies":[{"name":"wp","href":"https:\/\/api.w.org\/{rel}","templated":true}]}}