{"id":21,"date":"2016-02-03T08:58:35","date_gmt":"2016-02-03T08:58:35","guid":{"rendered":"http:\/\/servicios.unileon.es\/litem\/?page_id=21"},"modified":"2016-02-03T08:58:35","modified_gmt":"2016-02-03T08:58:35","slug":"normas-para-solicitar-el-servicio","status":"publish","type":"page","link":"https:\/\/servicios.unileon.es\/litem\/normas-para-solicitar-el-servicio\/","title":{"rendered":"Normas para solicitar el Servicio"},"content":{"rendered":"<p>El Laboratorio de Inspecci\u00f3n T\u00e9cnica de la Escuela de Minas, dispone de personal especializado y equipamiento, para la realizaci\u00f3n de trabajos, que podr\u00e1n ser solicitados por: personas f\u00edsicas, asociaciones, profesionales, empresas de car\u00e1cter privado o p\u00fablico.<\/p>\r\n<p>La solicitud de una prestaci\u00f3n de servicios se realizar\u00e1 a la direcci\u00f3n del Laboratorio de Inspecci\u00f3n T\u00e9cnica de la Escuela de Minas, para la firma de convenios o contratos, previos a la realizaci\u00f3n de los trabajos.<\/p>\r\n<p>En todo caso, las solicitudes se acomodar\u00e1n a lo establecido en el Reglamento del LITEM.<\/p>\r\n<p>A efectos de gesti\u00f3n del coste de los servicios prestados, el usuario deber\u00e1 cubrir y depositar en el Servicio el ejemplar de Solicitud de Servicios disponible en la p\u00e1gina web de la ULE (<a href=\"http:\/\/www.unileon.es\/ficheros\/investigacion\/impresos\/63.pdf\">SEGI, impreso 63<\/a>).<\/p>","protected":false},"excerpt":{"rendered":"<p>El Laboratorio de Inspecci\u00f3n T\u00e9cnica de la Escuela de Minas, dispone de personal especializado y equipamiento, para la realizaci\u00f3n de trabajos, que podr\u00e1n ser solicitados por: personas f\u00edsicas, asociaciones, profesionales, empresas de car\u00e1cter privado o p\u00fablico. La solicitud de una prestaci\u00f3n de servicios se realizar\u00e1 a la direcci\u00f3n del Laboratorio de Inspecci\u00f3n T\u00e9cnica de la [&hellip;]<\/p>\n","protected":false},"author":344,"featured_media":0,"parent":0,"menu_order":0,"comment_status":"closed","ping_status":"closed","template":"","meta":{"footnotes":""},"class_list":["post-21","page","type-page","status-publish","hentry"],"_links":{"self":[{"href":"https:\/\/servicios.unileon.es\/litem\/wp-json\/wp\/v2\/pages\/21","targetHints":{"allow":["GET"]}}],"collection":[{"href":"https:\/\/servicios.unileon.es\/litem\/wp-json\/wp\/v2\/pages"}],"about":[{"href":"https:\/\/servicios.unileon.es\/litem\/wp-json\/wp\/v2\/types\/page"}],"author":[{"embeddable":true,"href":"https:\/\/servicios.unileon.es\/litem\/wp-json\/wp\/v2\/users\/344"}],"replies":[{"embeddable":true,"href":"https:\/\/servicios.unileon.es\/litem\/wp-json\/wp\/v2\/comments?post=21"}],"version-history":[{"count":1,"href":"https:\/\/servicios.unileon.es\/litem\/wp-json\/wp\/v2\/pages\/21\/revisions"}],"predecessor-version":[{"id":22,"href":"https:\/\/servicios.unileon.es\/litem\/wp-json\/wp\/v2\/pages\/21\/revisions\/22"}],"wp:attachment":[{"href":"https:\/\/servicios.unileon.es\/litem\/wp-json\/wp\/v2\/media?parent=21"}],"curies":[{"name":"wp","href":"https:\/\/api.w.org\/{rel}","templated":true}]}}