{"id":19,"date":"2016-02-03T08:56:08","date_gmt":"2016-02-03T08:56:08","guid":{"rendered":"http:\/\/servicios.unileon.es\/litem\/?page_id=19"},"modified":"2025-07-01T16:26:24","modified_gmt":"2025-07-01T16:26:24","slug":"informacion-de-contacto","status":"publish","type":"page","link":"https:\/\/servicios.unileon.es\/litem\/informacion-de-contacto\/","title":{"rendered":"Informaci\u00f3n de contacto"},"content":{"rendered":"<table class=\"extendida\">\r\n<tbody>\r\n<tr>\r\n<th>Direcci\u00f3n Postal<\/th>\r\n<td>Universidad de Le\u00f3n\r\nEscuela Superior y T\u00e9cnica de Ingenieros de Minas\r\nCampus de Vegazana\r\n24071-Le\u00f3n<\/td>\r\n<\/tr>\r\n<tr>\r\n<th>Tel\u00e9fono<\/th>\r\n<td>987 29 19 90<\/td>\r\n<\/tr>\r\n<tr>\r\n<th>Correo electr\u00f3nico<\/th>\r\n<td>Director: <a href=\"mailto:jorge.blanes@unileon.es\">jorge.blanes@unileon.es<\/a><\/td>\r\n<\/tr>\r\n<\/tbody>\r\n<\/table>","protected":false},"excerpt":{"rendered":"<p>Direcci\u00f3n Postal Universidad de Le\u00f3n Escuela Superior y T\u00e9cnica de Ingenieros de Minas Campus de Vegazana 24071-Le\u00f3n Tel\u00e9fono 987 29 19 90 Correo electr\u00f3nico Director: jorge.blanes@unileon.es<\/p>\n","protected":false},"author":344,"featured_media":0,"parent":0,"menu_order":0,"comment_status":"closed","ping_status":"closed","template":"","meta":{"footnotes":""},"class_list":["post-19","page","type-page","status-publish","hentry"],"_links":{"self":[{"href":"https:\/\/servicios.unileon.es\/litem\/wp-json\/wp\/v2\/pages\/19","targetHints":{"allow":["GET"]}}],"collection":[{"href":"https:\/\/servicios.unileon.es\/litem\/wp-json\/wp\/v2\/pages"}],"about":[{"href":"https:\/\/servicios.unileon.es\/litem\/wp-json\/wp\/v2\/types\/page"}],"author":[{"embeddable":true,"href":"https:\/\/servicios.unileon.es\/litem\/wp-json\/wp\/v2\/users\/344"}],"replies":[{"embeddable":true,"href":"https:\/\/servicios.unileon.es\/litem\/wp-json\/wp\/v2\/comments?post=19"}],"version-history":[{"count":2,"href":"https:\/\/servicios.unileon.es\/litem\/wp-json\/wp\/v2\/pages\/19\/revisions"}],"predecessor-version":[{"id":57,"href":"https:\/\/servicios.unileon.es\/litem\/wp-json\/wp\/v2\/pages\/19\/revisions\/57"}],"wp:attachment":[{"href":"https:\/\/servicios.unileon.es\/litem\/wp-json\/wp\/v2\/media?parent=19"}],"curies":[{"name":"wp","href":"https:\/\/api.w.org\/{rel}","templated":true}]}}