{"id":17,"date":"2017-10-10T10:44:43","date_gmt":"2017-10-10T10:44:43","guid":{"rendered":"http:\/\/servicios.unileon.es\/lab-eeg-ciclo-vital\/?page_id=17"},"modified":"2025-07-22T10:01:47","modified_gmt":"2025-07-22T10:01:47","slug":"informacion-de-contacto","status":"publish","type":"page","link":"https:\/\/servicios.unileon.es\/lab-eeg-ciclo-vital\/informacion-de-contacto\/","title":{"rendered":"Informaci\u00f3n de contacto"},"content":{"rendered":"<table class=\"extendida\">\n<tbody>\n<tr>\n<th>Direcci\u00f3n Postal<\/th>\n<td>Universidad de Le\u00f3n<br \/>\nCampus de Vegazana s\/n<br \/>\nFacultad de Educaci\u00f3n, puerta 252<br \/>\n24071-Le\u00f3n<\/td>\n<\/tr>\n<tr>\n<th>Tel\u00e9fono<\/th>\n<td>987 29 50 14<\/td>\n<\/tr>\n<tr>\n<th>Tel\u00e9fono<\/th>\n<td>987 29 31 41<\/td>\n<\/tr>\n<tr>\n<th>Correo electr\u00f3nico<\/th>\n<td>Director: <a href=\"mailto:mcreqh@unileon.es\">mcreqh@unileon.es<\/a><\/td>\n<\/tr>\n<tr>\n<th>P\u00e1gina Web<\/th>\n<td><a href=\"https:\/\/genla.unileon.es\/laboratorio\/\">Web del Grupo<\/a><\/td>\n<\/tr>\n<\/tbody>\n<\/table>\n","protected":false},"excerpt":{"rendered":"<p>Direcci\u00f3n Postal Universidad de Le\u00f3n Campus de Vegazana s\/n Facultad de Educaci\u00f3n, puerta 252 24071-Le\u00f3n Tel\u00e9fono 987 29 50 14 Tel\u00e9fono 987 29 31 41 Correo electr\u00f3nico Director: mcreqh@unileon.es P\u00e1gina Web Web del Grupo<\/p>\n","protected":false},"author":344,"featured_media":0,"parent":0,"menu_order":0,"comment_status":"closed","ping_status":"closed","template":"","meta":{"footnotes":""},"class_list":["post-17","page","type-page","status-publish","hentry"],"_links":{"self":[{"href":"https:\/\/servicios.unileon.es\/lab-eeg-ciclo-vital\/wp-json\/wp\/v2\/pages\/17","targetHints":{"allow":["GET"]}}],"collection":[{"href":"https:\/\/servicios.unileon.es\/lab-eeg-ciclo-vital\/wp-json\/wp\/v2\/pages"}],"about":[{"href":"https:\/\/servicios.unileon.es\/lab-eeg-ciclo-vital\/wp-json\/wp\/v2\/types\/page"}],"author":[{"embeddable":true,"href":"https:\/\/servicios.unileon.es\/lab-eeg-ciclo-vital\/wp-json\/wp\/v2\/users\/344"}],"replies":[{"embeddable":true,"href":"https:\/\/servicios.unileon.es\/lab-eeg-ciclo-vital\/wp-json\/wp\/v2\/comments?post=17"}],"version-history":[{"count":3,"href":"https:\/\/servicios.unileon.es\/lab-eeg-ciclo-vital\/wp-json\/wp\/v2\/pages\/17\/revisions"}],"predecessor-version":[{"id":113,"href":"https:\/\/servicios.unileon.es\/lab-eeg-ciclo-vital\/wp-json\/wp\/v2\/pages\/17\/revisions\/113"}],"wp:attachment":[{"href":"https:\/\/servicios.unileon.es\/lab-eeg-ciclo-vital\/wp-json\/wp\/v2\/media?parent=17"}],"curies":[{"name":"wp","href":"https:\/\/api.w.org\/{rel}","templated":true}]}}