{"id":958,"date":"2022-06-22T09:24:28","date_gmt":"2022-06-22T07:24:28","guid":{"rendered":"https:\/\/servicios.unileon.es\/innovacion-docente\/?page_id=958"},"modified":"2022-06-27T11:22:48","modified_gmt":"2022-06-27T09:22:48","slug":"design-thinking","status":"publish","type":"page","link":"https:\/\/servicios.unileon.es\/innovacion-docente\/design-thinking\/","title":{"rendered":"Design Thinking"},"content":{"rendered":"<p><img loading=\"lazy\" decoding=\"async\" class=\"alignnone size-full wp-image-1015\" src=\"https:\/\/servicios.unileon.es\/innovacion-docente\/files\/2022\/06\/design-thinking-3-1.jpg\" alt=\"\" width=\"701\" height=\"329\" \/><\/p>\n<p>&nbsp;<\/p>\n<p>La metodolog\u00eda <span style=\"font-size: 14pt; color: #ff0000;\">\u00abDesign Thinking\u00bb<\/span> consiste en crear ideas innovadoras y centra su eficacia en entender y dar soluci\u00f3n a las necesidades reales de un grupo de alumnos (aunque tambi\u00e9n se puede implementar en el entorno laboral y\/o social, no solo acad\u00e9mico).<\/p>\n<p>Se empez\u00f3 a desarrollar de forma te\u00f3rica en la Universidad de Stanford en California, EEUU a partir de los a\u00f1os 70, y su primera aplicabilidad con fines lucrativos como \u00abDesign Thinking\u00bb la llev\u00f3 a cabo la consultor\u00eda de dise\u00f1o IDEO, siendo hoy en d\u00eda su principal precursora.<\/p>\n<p>\u00abDesign Thinking\u00bb\u00a0 es un proceso iterativo, no lineal, empleado para abordar un reto complejo compuesto por diversos <em>wicked problems<\/em> o \u00abproblemas perversos\u00bb; problemas dif\u00edciles de definir y resolver que se van descubriendo a lo largo de la puesta en pr\u00e1ctica del m\u00e9todo a lo largo de sus 5 fases. En cualquier momento se pueden dar pasos hacia atr\u00e1s o hacia delante\u00a0 sobre ellas si es necesario, continuando con etapas no consecutivas. El comienzo consiste en recoger mucha informaci\u00f3n, generando con ella gran cantidad de contenido que aumentar\u00e1 o se reducir\u00e1 dependiendo de la fase. A medida que se finalice cada una de ellas se afinar\u00e1n esos contenidos hasta encontrar una soluci\u00f3n al problema que cumpla con los objetivos de todo el equipo, o incluso los supere.<\/p>\n<p>&nbsp;<\/p>\n<p><strong><span style=\"color: #800000;\">LAS 5 ETAPAS DEL PROCESO DE DESIGN THINKING.<\/span><\/strong><\/p>\n<p><strong><span style=\"color: #33cccc;\">FASE DE EMPAT\u00cdA<\/span>:<\/strong>\u00a0El proceso de\u00a0<em>Design Thinking<\/em>\u00a0comienza con una profunda comprensi\u00f3n de las necesidades de los usuarios implicados en la soluci\u00f3n a desarrollar, y tambi\u00e9n de su entorno. Los alumnos deben ser capaces de comprenderse y trabajar juntos para generar soluciones consecuentes con sus realidades.<\/p>\n<p><span style=\"color: #339966;\"><strong>FASE DE DEFINICI\u00d3N:<\/strong><\/span>\u00a0Durante la fase de Definici\u00f3n, se ha de hacer una criba sobre la informaci\u00f3n recopilada durante la fase de Empat\u00eda y seleccionar aquello que realmente aporta valor y conduce al alcance de nuevas perspectivas. En esta etapa se identifican los problemas cuyas soluciones resultar\u00e1n claves para la obtenci\u00f3n de un resultado innovador.<\/p>\n<p><span style=\"color: #ffcc00;\"><strong>FASE DE IDEACI\u00d3N:<\/strong>\u00a0<\/span>La etapa o fase de Ideaci\u00f3n tiene como objetivo la generaci\u00f3n de opciones. No consiste en tomar la primera idea que ocurra sino favorecer el pensamiento expansivo y eliminar juicios de valor. A veces, las ideas m\u00e1s estramb\u00f3ticas son las que generan soluciones visionarias.<\/p>\n<p><strong><span style=\"color: #993366;\">FASE DE PROTOTIPADO<\/span>:<\/strong>\u00a0En la etapa de Prototipado se enfocan las ideas a la realidad. Construir prototipos hace las ideas tangibles y ayuda a visualizar las posibles soluciones. Adem\u00e1s, pone de manifiesto elementos a mejorar, refinar o cambiar antes de llegar al resultado final.<\/p>\n<p><span style=\"color: #ff00ff;\"><strong>FASE DE TESTEO:<\/strong>\u00a0<\/span>Durante la fase de Testeo, se prueban los prototipos con los usuarios implicados en la soluci\u00f3n a desarrollar. Esta fase es crucial, y ayudar\u00e1 a identificar mejoras significativas, fallos a resolver o posibles carencias. Durante esta etapa la idea implementada evolucionar\u00e1 hasta convertirse en la soluci\u00f3n que se estaba buscando.<\/p>\n<p><img loading=\"lazy\" decoding=\"async\" class=\"alignnone wp-image-1020\" src=\"https:\/\/servicios.unileon.es\/innovacion-docente\/files\/2022\/06\/Design-thinking.webp-2.jpg\" alt=\"\" width=\"539\" height=\"429\" \/><\/p>\n<p>Una vez completado todo el proceso y llegados a la validaci\u00f3n o test,\u00a0<strong>dependiendo del feedback que hayan mostrado <\/strong>los alumnos,<strong> se decidir\u00e1 a qu\u00e9 punto del circuito deben volver con el fin de apro<\/strong>ximarse cada vez m\u00e1s hacia aquello que satisface las necesidades y deseos del grupo.<\/p>\n<p>La interrogaci\u00f3n hace referencia a que no hay un \u00fanico camino a seguir tras el test, puesto que las necesidades de cada grupo son distintas y requerir\u00e1n volver a una fase previa cualquiera, desde el prototipado hasta la empat\u00eda, sin necesidad de seguir un orden.<\/p>\n<p>&nbsp;<\/p>\n<p><strong><span style=\"color: #800000;\">M\u00c1S INFORMACI\u00d3N:<\/span><\/strong><\/p>\n<p><img loading=\"lazy\" decoding=\"async\" class=\"alignnone wp-image-770\" src=\"https:\/\/servicios.unileon.es\/innovacion-docente\/files\/2022\/05\/flipped-classroom-I-1.png\" alt=\"\" width=\"73\" height=\"73\" \/><img loading=\"lazy\" decoding=\"async\" class=\"alignnone wp-image-771\" src=\"https:\/\/servicios.unileon.es\/innovacion-docente\/files\/2022\/05\/ICON_COMUNICACION_INTERNA-1.gif\" alt=\"\" width=\"70\" height=\"70\" \/><\/p>\n<p><span style=\"color: #333333;\"><a style=\"color: #333333;\" href=\"https:\/\/www.youtube.com\/watch?v=LeoEnRjAYM0-\"><em>Qu\u00e9 es el Design Thinking y para qu\u00e9 sirve | Fases del Design Thinking<\/em>&#8211; IEBS Digital School <\/a><\/span>\u00a0<img loading=\"lazy\" decoding=\"async\" class=\"alignnone wp-image-1018\" src=\"https:\/\/servicios.unileon.es\/innovacion-docente\/files\/2022\/06\/ieebs.jpg\" alt=\"\" width=\"38\" height=\"38\" \/><\/p>\n<p>&nbsp;<\/p>\n<p><span style=\"color: #333333;\"><a style=\"color: #333333;\" href=\"https:\/\/www.youtube.com\/watch?v=1qP4MhhWwts&amp;t=11s\"><em>Design Thinking: soluciones genialmente creativas<\/em>&#8211; Genially<img loading=\"lazy\" decoding=\"async\" class=\"alignnone wp-image-1017\" src=\"https:\/\/servicios.unileon.es\/innovacion-docente\/files\/2022\/06\/genianny.jpg\" alt=\"\" width=\"38\" height=\"38\" \/><\/a><\/span><\/p>\n<p>Libro: <span style=\"color: #333333;\"><a style=\"color: #333333;\" href=\"https:\/\/books.google.es\/books?id=WQdAEAAAQBAJ&amp;printsec=frontcover&amp;dq=design+thinking&amp;hl=es&amp;sa=X&amp;ved=2ahUKEwj-49yMjc34AhWHS_EDHTC8DPgQ6AF6BAgHEAI#v=onepage&amp;q=design%20thinking&amp;f=false\"><em>Design thinking para la innovaci\u00f3n estrat\u00e9gica <\/em>de Idris Mootee.<\/a><a href=\"https:\/\/books.google.es\/books?id=WQdAEAAAQBAJ&amp;printsec=frontcover&amp;dq=design+thinking&amp;hl=es&amp;sa=X&amp;ved=2ahUKEwj-49yMjc34AhWHS_EDHTC8DPgQ6AF6BAgHEAI#v=onepage&amp;q=design%20thinking&amp;f=false\"><img loading=\"lazy\" decoding=\"async\" class=\"wp-image-1019 alignleft\" style=\"font-size: 16px;\" src=\"https:\/\/servicios.unileon.es\/innovacion-docente\/files\/2022\/06\/content.jpg\" alt=\"\" width=\"59\" height=\"60\" \/><\/a><\/span><\/p>\n<p>&nbsp;<\/p>\n<p>&nbsp;<\/p>\n<p><span style=\"font-size: 12pt;\"><strong><span style=\"color: #800000;\">EN LA ULE:<\/span><\/strong><\/span><\/p>\n<p style=\"background: #f2fbfa; vertical-align: baseline; margin: 0cm 0cm 12pt; padding-left: 40px;\"><span style=\"color: #333333;\"><a style=\"color: #333333;\" href=\"https:\/\/servicios.unileon.es\/innovacion-docente\/files\/2020\/08\/DESING-THINKING.pdf\"><em>Design Thinking Como metodolog\u00eda docente para el desarrollo de la \u201cCreatividad\u201d como competencia<\/em>&#8211; Plan de Apoyo a la innovaci\u00f3n docente de la ULE | Liliana Herrera.<\/a><\/span><\/p>\n<p style=\"padding-left: 40px;\"><span style=\"color: #333333;\"><a style=\"color: #333333;\" href=\"https:\/\/portalcientifico.unileon.es\/documentos\/5f7bbd9229995246344c8c45\"><em>Design Thinking<\/em> en la Educaci\u00f3n Superior: una revisi\u00f3n sistem\u00e1tica de la Literatura.<span style=\"font-size: 24pt;\">&#x1f3ab;<\/span><\/a><\/span><\/p>\n","protected":false},"excerpt":{"rendered":"<p>&nbsp; La metodolog\u00eda \u00abDesign Thinking\u00bb consiste en crear ideas innovadoras y centra su eficacia en entender y dar soluci\u00f3n a las necesidades reales de un grupo de alumnos (aunque tambi\u00e9n se puede implementar en el entorno laboral y\/o social, no &hellip; <a href=\"https:\/\/servicios.unileon.es\/innovacion-docente\/design-thinking\/\">Sigue leyendo <span class=\"meta-nav\">&rarr;<\/span><\/a><\/p>\n","protected":false},"author":432,"featured_media":0,"parent":0,"menu_order":0,"comment_status":"closed","ping_status":"closed","template":"","meta":{"footnotes":""},"class_list":["post-958","page","type-page","status-publish","hentry"],"_links":{"self":[{"href":"https:\/\/servicios.unileon.es\/innovacion-docente\/wp-json\/wp\/v2\/pages\/958","targetHints":{"allow":["GET"]}}],"collection":[{"href":"https:\/\/servicios.unileon.es\/innovacion-docente\/wp-json\/wp\/v2\/pages"}],"about":[{"href":"https:\/\/servicios.unileon.es\/innovacion-docente\/wp-json\/wp\/v2\/types\/page"}],"author":[{"embeddable":true,"href":"https:\/\/servicios.unileon.es\/innovacion-docente\/wp-json\/wp\/v2\/users\/432"}],"replies":[{"embeddable":true,"href":"https:\/\/servicios.unileon.es\/innovacion-docente\/wp-json\/wp\/v2\/comments?post=958"}],"version-history":[{"count":4,"href":"https:\/\/servicios.unileon.es\/innovacion-docente\/wp-json\/wp\/v2\/pages\/958\/revisions"}],"predecessor-version":[{"id":1022,"href":"https:\/\/servicios.unileon.es\/innovacion-docente\/wp-json\/wp\/v2\/pages\/958\/revisions\/1022"}],"wp:attachment":[{"href":"https:\/\/servicios.unileon.es\/innovacion-docente\/wp-json\/wp\/v2\/media?parent=958"}],"curies":[{"name":"wp","href":"https:\/\/api.w.org\/{rel}","templated":true}]}}