{"id":48,"date":"2020-08-24T11:45:28","date_gmt":"2020-08-24T09:45:28","guid":{"rendered":"https:\/\/servicios.unileon.es\/innovacion-docente\/?page_id=48"},"modified":"2026-03-04T11:15:55","modified_gmt":"2026-03-04T10:15:55","slug":"convocatoria-paid-2019","status":"publish","type":"page","link":"https:\/\/servicios.unileon.es\/innovacion-docente\/convocatoria-paid-2019\/","title":{"rendered":"Convocatoria PAID 2026"},"content":{"rendered":"<p><strong><span style=\"color: #ff0000;\">\u00a1NUEVO!<\/span> <\/strong><a href=\"https:\/\/servicios.unileon.es\/innovacion-docente\/files\/2026\/03\/RESOLUCION-PAID-2026.pdf\">RESOLUCI\u00d3N PAID 2026<\/a><\/p>\n<p style=\"text-align: justify;\"><strong><span style=\"color: #008000;\">PLAN DE APOYO A LA INNOVACI\u00d3N DOCENTE\u00a0 DE LA UNIVERSIDAD DE LE\u00d3N (PAID 2026).<\/span> <\/strong><em>Fecha de la convocatoria: 1 de diciembre de 2025. <a href=\"https:\/\/servicios.unileon.es\/innovacion-docente\/files\/2025\/12\/CONVOCATORIA-PAID-2026.pdf\">CONVOCATORIA PAID 2026<\/a><\/em><\/p>\n<p style=\"text-align: center;\">La cuant\u00eda <strong>m\u00e1xima<\/strong> ser\u00e1 de 300\u20ac para cada uno de los proyectos aprobado<\/p>\n<p>&nbsp;<\/p>\n<p><span style=\"text-decoration: underline;\"><strong><span style=\"color: #008000; text-decoration: underline;\">DOCUMENTACI\u00d3N<\/span><\/strong><\/span><\/p>\n<p style=\"text-align: right;\"><a href=\"https:\/\/servicios.unileon.es\/innovacion-docente\/files\/2025\/12\/ANEXO-II-MODELO-PARA-LA-PRESENTACION-DE-LA-PROPUESTA.docx\">ANEXO II MODELO PARA LA PRESENTACI\u00d3N DE LA PROPUESTA<\/a><\/p>\n<p style=\"text-align: right;\"><a href=\"https:\/\/servicios.unileon.es\/innovacion-docente\/files\/2025\/12\/ANEXO-III-MODELO-PARA-LA-PRESENTACION-DE-LA-MEMORIA-DE-RESULTADOS.-2026.docx\">ANEXO III MODELO PARA LA PRESENTACI\u00d3N DE LA MEMORIA DE RESULTADOS. 2026<\/a><\/p>\n<p style=\"text-align: right;\"><a href=\"https:\/\/servicios.unileon.es\/innovacion-docente\/files\/2025\/12\/ANEXO-IV-MODELO-PARA-PRESENTACION-DE-RECLAMACIONES.docx\">ANEXO IV MODELO PARA PRESENTACI\u00d3N DE RECLAMACIONES<\/a><\/p>\n<p style=\"text-align: right;\"><a href=\"https:\/\/servicios.unileon.es\/innovacion-docente\/files\/2025\/12\/ANEXO-V-MODELO-PARA-LA-JUSTIFICACION-ECONOMICA-PAID-2026.doc\">ANEXO V MODELO PARA LA JUSTIFICACI\u00d3N ECON\u00d3MICA PAID 2026<\/a><\/p>\n<p style=\"text-align: right;\"><a href=\"https:\/\/servicios.unileon.es\/innovacion-docente\/files\/2025\/12\/MODELO-PARA-LA-SOLICITUD-DE-ALTA-BAJA-COMO-MIEMBRO-DE-UN-PAID-2026.docx\">MODELO PARA LA SOLICITUD DE ALTA-BAJA COMO MIEMBRO DE UN PAID 2026<\/a><\/p>\n<p style=\"text-align: right;\"><a href=\"https:\/\/servicios.unileon.es\/innovacion-docente\/files\/2025\/12\/MODELO-PARA-LA-SOLICITUD-DE-CAMBIO-COORDINADOR-PAID-2026.docx\">MODELO PARA LA SOLICITUD DE CAMBIO COORDINADOR PAID 2026<\/a><\/p>\n<p style=\"text-align: right;\">\n","protected":false},"excerpt":{"rendered":"<p>\u00a1NUEVO! RESOLUCI\u00d3N PAID 2026 PLAN DE APOYO A LA INNOVACI\u00d3N DOCENTE\u00a0 DE LA UNIVERSIDAD DE LE\u00d3N (PAID 2026). Fecha de la convocatoria: 1 de diciembre de 2025. CONVOCATORIA PAID 2026 La cuant\u00eda m\u00e1xima ser\u00e1 de 300\u20ac para cada uno de &hellip; <a href=\"https:\/\/servicios.unileon.es\/innovacion-docente\/convocatoria-paid-2019\/\">Sigue leyendo <span class=\"meta-nav\">&rarr;<\/span><\/a><\/p>\n","protected":false},"author":432,"featured_media":0,"parent":0,"menu_order":0,"comment_status":"closed","ping_status":"closed","template":"","meta":{"footnotes":""},"class_list":["post-48","page","type-page","status-publish","hentry"],"_links":{"self":[{"href":"https:\/\/servicios.unileon.es\/innovacion-docente\/wp-json\/wp\/v2\/pages\/48","targetHints":{"allow":["GET"]}}],"collection":[{"href":"https:\/\/servicios.unileon.es\/innovacion-docente\/wp-json\/wp\/v2\/pages"}],"about":[{"href":"https:\/\/servicios.unileon.es\/innovacion-docente\/wp-json\/wp\/v2\/types\/page"}],"author":[{"embeddable":true,"href":"https:\/\/servicios.unileon.es\/innovacion-docente\/wp-json\/wp\/v2\/users\/432"}],"replies":[{"embeddable":true,"href":"https:\/\/servicios.unileon.es\/innovacion-docente\/wp-json\/wp\/v2\/comments?post=48"}],"version-history":[{"count":31,"href":"https:\/\/servicios.unileon.es\/innovacion-docente\/wp-json\/wp\/v2\/pages\/48\/revisions"}],"predecessor-version":[{"id":1877,"href":"https:\/\/servicios.unileon.es\/innovacion-docente\/wp-json\/wp\/v2\/pages\/48\/revisions\/1877"}],"wp:attachment":[{"href":"https:\/\/servicios.unileon.es\/innovacion-docente\/wp-json\/wp\/v2\/media?parent=48"}],"curies":[{"name":"wp","href":"https:\/\/api.w.org\/{rel}","templated":true}]}}