{"id":402,"date":"2020-10-29T12:12:55","date_gmt":"2020-10-29T11:12:55","guid":{"rendered":"https:\/\/servicios.unileon.es\/innovacion-docente\/?page_id=402"},"modified":"2020-10-29T12:12:55","modified_gmt":"2020-10-29T11:12:55","slug":"recursos-de-apoyo-a-la-innovacion-docente","status":"publish","type":"page","link":"https:\/\/servicios.unileon.es\/innovacion-docente\/recursos-de-apoyo-a-la-innovacion-docente\/","title":{"rendered":"Recursos de Apoyo a la Innovaci\u00f3n Docente"},"content":{"rendered":"<p>Herramientas para la creaci\u00f3n de materiales docentes<\/p>\n<p>Herramientas para la creaci\u00f3n de contenidos<\/p>\n<p>Herramientas para compartir y colaborar<\/p>\n<p>Herramientas de gamificaci\u00f3n<\/p>\n<p>Herramientas de curaci\u00f3n de contenidos<\/p>\n<p>&nbsp;<\/p>\n","protected":false},"excerpt":{"rendered":"<p>Herramientas para la creaci\u00f3n de materiales docentes Herramientas para la creaci\u00f3n de contenidos Herramientas para compartir y colaborar Herramientas de gamificaci\u00f3n Herramientas de curaci\u00f3n de contenidos &nbsp;<\/p>\n","protected":false},"author":432,"featured_media":0,"parent":0,"menu_order":0,"comment_status":"closed","ping_status":"closed","template":"","meta":{"footnotes":""},"class_list":["post-402","page","type-page","status-publish","hentry"],"_links":{"self":[{"href":"https:\/\/servicios.unileon.es\/innovacion-docente\/wp-json\/wp\/v2\/pages\/402","targetHints":{"allow":["GET"]}}],"collection":[{"href":"https:\/\/servicios.unileon.es\/innovacion-docente\/wp-json\/wp\/v2\/pages"}],"about":[{"href":"https:\/\/servicios.unileon.es\/innovacion-docente\/wp-json\/wp\/v2\/types\/page"}],"author":[{"embeddable":true,"href":"https:\/\/servicios.unileon.es\/innovacion-docente\/wp-json\/wp\/v2\/users\/432"}],"replies":[{"embeddable":true,"href":"https:\/\/servicios.unileon.es\/innovacion-docente\/wp-json\/wp\/v2\/comments?post=402"}],"version-history":[{"count":1,"href":"https:\/\/servicios.unileon.es\/innovacion-docente\/wp-json\/wp\/v2\/pages\/402\/revisions"}],"predecessor-version":[{"id":403,"href":"https:\/\/servicios.unileon.es\/innovacion-docente\/wp-json\/wp\/v2\/pages\/402\/revisions\/403"}],"wp:attachment":[{"href":"https:\/\/servicios.unileon.es\/innovacion-docente\/wp-json\/wp\/v2\/media?parent=402"}],"curies":[{"name":"wp","href":"https:\/\/api.w.org\/{rel}","templated":true}]}}