{"id":358,"date":"2020-08-31T11:32:40","date_gmt":"2020-08-31T09:32:40","guid":{"rendered":"https:\/\/servicios.unileon.es\/innovacion-docente\/?page_id=358"},"modified":"2025-10-21T10:43:05","modified_gmt":"2025-10-21T08:43:05","slug":"recursos-en-la-red","status":"publish","type":"page","link":"https:\/\/servicios.unileon.es\/innovacion-docente\/recursos-en-la-red\/","title":{"rendered":"Recursos en la Red"},"content":{"rendered":"<h3><span style=\"text-decoration: underline;\"><span style=\"color: #008000;\"><strong>REVISTAS<\/strong><\/span><\/span><\/h3>\n<ul style=\"list-style-type: square;\">\n<li><a href=\"https:\/\/turia.uv.es\/index.php\/realia\/issue\/view\/1868\">REALIA:<\/a> Archivos de Investigaci\u00f3n en Educaci\u00f3n e Innovaci\u00f3n en el Aprendizaje. <em>Universidad de Valencia<\/em>.<\/li>\n<li><strong><a href=\"https:\/\/www.grao.com\/ca\/productes\/revistes?c=AUL\">Aula de Innovaci\u00f3n Educativa<\/a><\/strong><\/li>\n<li style=\"text-align: justify;\"><a href=\"https:\/\/polipapers.upv.es\/index.php\/REDU\"><strong>REDU. Revista de Docencia Universitaria. (Universitat Polit\u00e8cnica de Val\u00e8ncia)<\/strong><\/a><\/li>\n<li style=\"text-align: justify;\"><a href=\"https:\/\/revistes.ub.edu\/index.php\/RIDU\"><strong>Revista d\u00b4Innovaci\u00f3 Docent Universitaria (Universitat de Barcelona)<\/strong><\/a><\/li>\n<li style=\"text-align: justify;\"><a href=\"https:\/\/red-u.org\/\"><strong>Revista RED-U. Red Estatal de Docencia Universitaria.<\/strong><\/a><\/li>\n<li style=\"text-align: justify;\"><a href=\"http:\/\/www.in.uib.cat\/pags\/cast\/\"><strong>Revista electr\u00f3nica IN. Investigaci\u00f3n e innovaci\u00f3n educativa y socioeducativa. (Universitat de les Illes Balears)<\/strong><\/a><\/li>\n<li style=\"text-align: justify;\"><a href=\"http:\/\/refiedu.webs.uvigo.es\/pres_es.htm\"><strong>Revista de Formaci\u00f3n e Innovaci\u00f3n Educativa Universitaria<\/strong><\/a><\/li>\n<li style=\"text-align: justify;\"><strong><a href=\"https:\/\/ensciencias.uab.es\/\" target=\"_blank\" rel=\"noopener noreferrer\">Ense\u00f1anza de las Ciencias: Revista de Investigaci\u00f3n y Experiencias Did\u00e1cticas<\/a><\/strong><\/li>\n<li style=\"text-align: justify;\"><a href=\"https:\/\/revistas.usc.gal\/index.php\/ie\"><strong>Innovaci\u00f3n Educativa (Universidad de Santiago de Compostela)<\/strong><\/a><\/li>\n<\/ul>\n<h3><span style=\"text-decoration: underline;\"><strong>BUENAS PR\u00c1CTICAS UNIVERSITARIAS<\/strong><\/span><\/h3>\n<ul>\n<li><a href=\"http:\/\/bonespractiques.acup.cat\/ca\/casos?type=12&amp;center=&amp;year=\"><strong>Asociaci\u00f3n Catalana de Universidades P\u00fablicas<\/strong><\/a>. Banco de buenas pr\u00e1cticas.<\/li>\n<\/ul>\n<p><span style=\"text-decoration: underline;\"><strong>APRENDIZAJE SERVICIO<\/strong><\/span><\/p>\n<ul>\n<li><a href=\"https:\/\/aprenentatgeservei.cat\/\">Centro Promotor &#8211; Aprendizaje Servicio.<\/a> Espacio formado por diferentes instituciones y entidades cuya finalidad es promover el estudio, la difusi\u00f3n y el desarrollo de proyectos de ApS.<\/li>\n<li><a href=\"https:\/\/www.aprendizajeservicio.net\/\">Red Espa\u00f1ola Aprendizaje-Servicio (REDAPS).<\/a><\/li>\n<li><a href=\"http:\/\/www.ub.edu\/grupapsub\/\">Grupo Aprendizaje Servicio de la Universidad de Barcelona.\u00a0<\/a><\/li>\n<li><a href=\"https:\/\/redapsuniversitaria.wixsite.com\/apsuniversidad\">Red Universitaria de Aprendizaje Servicio<\/a><\/li>\n<li><a href=\"https:\/\/www.usc.gal\/apsuni\/apsuni\">Aprendizaje-Servicio e Innovaci\u00f3n en la Universidad<\/a><\/li>\n<\/ul>\n","protected":false},"excerpt":{"rendered":"<p>REVISTAS REALIA: Archivos de Investigaci\u00f3n en Educaci\u00f3n e Innovaci\u00f3n en el Aprendizaje. Universidad de Valencia. Aula de Innovaci\u00f3n Educativa REDU. Revista de Docencia Universitaria. (Universitat Polit\u00e8cnica de Val\u00e8ncia) Revista d\u00b4Innovaci\u00f3 Docent Universitaria (Universitat de Barcelona) Revista RED-U. Red Estatal de &hellip; <a href=\"https:\/\/servicios.unileon.es\/innovacion-docente\/recursos-en-la-red\/\">Sigue leyendo <span class=\"meta-nav\">&rarr;<\/span><\/a><\/p>\n","protected":false},"author":432,"featured_media":0,"parent":0,"menu_order":0,"comment_status":"closed","ping_status":"closed","template":"","meta":{"footnotes":""},"class_list":["post-358","page","type-page","status-publish","hentry"],"_links":{"self":[{"href":"https:\/\/servicios.unileon.es\/innovacion-docente\/wp-json\/wp\/v2\/pages\/358","targetHints":{"allow":["GET"]}}],"collection":[{"href":"https:\/\/servicios.unileon.es\/innovacion-docente\/wp-json\/wp\/v2\/pages"}],"about":[{"href":"https:\/\/servicios.unileon.es\/innovacion-docente\/wp-json\/wp\/v2\/types\/page"}],"author":[{"embeddable":true,"href":"https:\/\/servicios.unileon.es\/innovacion-docente\/wp-json\/wp\/v2\/users\/432"}],"replies":[{"embeddable":true,"href":"https:\/\/servicios.unileon.es\/innovacion-docente\/wp-json\/wp\/v2\/comments?post=358"}],"version-history":[{"count":17,"href":"https:\/\/servicios.unileon.es\/innovacion-docente\/wp-json\/wp\/v2\/pages\/358\/revisions"}],"predecessor-version":[{"id":1789,"href":"https:\/\/servicios.unileon.es\/innovacion-docente\/wp-json\/wp\/v2\/pages\/358\/revisions\/1789"}],"wp:attachment":[{"href":"https:\/\/servicios.unileon.es\/innovacion-docente\/wp-json\/wp\/v2\/media?parent=358"}],"curies":[{"name":"wp","href":"https:\/\/api.w.org\/{rel}","templated":true}]}}