{"id":342,"date":"2020-08-31T09:01:22","date_gmt":"2020-08-31T07:01:22","guid":{"rendered":"https:\/\/servicios.unileon.es\/innovacion-docente\/?page_id=342"},"modified":"2025-10-07T10:45:38","modified_gmt":"2025-10-07T08:45:38","slug":"innovacion-docente-en-otras-universidades","status":"publish","type":"page","link":"https:\/\/servicios.unileon.es\/innovacion-docente\/innovacion-docente-en-otras-universidades\/","title":{"rendered":"Innovaci\u00f3n Docente en otras universidades"},"content":{"rendered":"<p><strong><u>\u00a0<span style=\"color: #000000;\">ANDALUC\u00cdA:<\/span><\/u><\/strong><\/p>\n<ul>\n<li style=\"text-align: justify;\"><span style=\"color: #000000;\">UNIVERSIDAD DE ALMER\u00cdA. <a href=\"https:\/\/www.ual.es\/estudios\/innovaciondocente\">Innovaci\u00f3n y Buenas Pr\u00e1cticas Docentes<\/a><\/span><\/li>\n<li style=\"text-align: justify;\"><span style=\"color: #000000;\">UNIVERSIDAD DE C\u00c1DIZ. <a href=\"https:\/\/udinnovacion.uca.es\/\">Unidad de Formaci\u00f3n e Innovaci\u00f3n Docente<\/a><\/span><\/li>\n<li style=\"text-align: justify;\"><span style=\"color: #000000;\">UNIVERSIDAD DE C\u00d3RDOBA. <a href=\"http:\/\/www.uco.es\/organizacion\/calidad\/innovacioneducativa\/es\/\">Formaci\u00f3n e Innovaci\u00f3n del Profesorado<\/a><\/span><\/li>\n<li style=\"text-align: justify;\"><span style=\"color: #000000;\">UNIVERSIDAD DE GRANADA.\u00a0<a href=\"https:\/\/calidad.ugr.es\/profesorado\/innovacion-docente\">Innovaci\u00f3n Docente.<\/a><\/span><\/li>\n<li style=\"text-align: justify;\"><span style=\"color: #000000;\">UNIVERSIDAD DE HUELVA. <a href=\"https:\/\/www.uhu.es\/innovacion-docente\/\">Servicio Innovaci\u00f3n Docente<\/a><\/span><\/li>\n<li style=\"text-align: justify;\"><span style=\"color: #000000;\">UNIVERSIDAD INTERNACIONAL DE ANDALUC\u00cdA (UNIA). <a href=\"https:\/\/www.unia.es\/innovacion\">Innovaci\u00f3n en la UNIA<\/a><\/span><\/li>\n<li style=\"text-align: justify;\"><span style=\"color: #000000;\">UNIVERSIDAD DE JA\u00c9N. <a href=\"https:\/\/formacion.ujaen.es\/es\/innovacion\">Innovaci\u00f3n Docente<\/a><\/span><\/li>\n<li style=\"text-align: justify;\"><span style=\"color: #000000;\">UNIVERSIDAD DE M\u00c1LAGA. <a href=\"https:\/\/www.uma.es\/formacion\/\">Formaci\u00f3n e Innovaci\u00f3n<\/a><\/span><\/li>\n<li style=\"text-align: justify;\"><span style=\"color: #000000;\">UNIVERSIDAD PABLO DE OLAVIDE DE SEVILLA. <a href=\"https:\/\/www.upo.es\/desarrollo\/innovacion\/\">\u00c1rea de Formaci\u00f3n e Innovaci\u00f3n<\/a><\/span><\/li>\n<li style=\"text-align: justify;\"><span style=\"color: #000000;\">UNIVERSIDAD DE SEVILLA. <a href=\"https:\/\/sfep.us.es\/wsfep\/sfep\/index.html\">Secretariado de\u00a0Innovaci\u00f3n\u00a0Educativa<\/a><\/span><\/li>\n<\/ul>\n<p style=\"text-align: justify;\"><span style=\"color: #000000;\"><strong><u>ARAG\u00d3N<\/u><\/strong><strong>:<\/strong><\/span><\/p>\n<ul>\n<li style=\"text-align: justify;\"><span style=\"color: #000000;\">UNIVERSIDAD SAN JORGE.<\/span> <a href=\"https:\/\/www.usj.es\/conoce-la-usj\/innovacion-docente\">Innovaci\u00f3n docente<\/a><\/li>\n<li style=\"text-align: justify;\"><span style=\"color: #000000;\">UNIVERSIDAD DE ZARAGOZA.<\/span> <a href=\"https:\/\/cifice.unizar.es\/\">Centro de Innovaci\u00f3n, Formaci\u00f3n e Investigaci\u00f3n en Ciencias de la Educaci\u00f3n (CIFICE)<\/a><\/li>\n<\/ul>\n<p><span style=\"color: #000000;\"><strong><u>ASTURIAS<\/u><\/strong><strong>:<\/strong><\/span><\/p>\n<ul>\n<li style=\"text-align: justify;\"><span style=\"color: #000000;\">UNIVERSIDAD DE OVIEDO.<\/span> <a href=\"https:\/\/inie.uniovi.es\/inicio\">Instituto de Investigaci\u00f3n e Innovaci\u00f3n Educativa (INIE)<\/a><\/li>\n<\/ul>\n<p><span style=\"color: #000000;\"><strong><u>CANTABRIA<\/u><\/strong><strong>:<\/strong><\/span><\/p>\n<ul>\n<li style=\"text-align: justify;\"><span style=\"color: #000000;\">UNIVERSIDAD DE CANTABRIA.<\/span>\u00a0<a href=\"https:\/\/web.unican.es\/unidades\/cultura-cientifica\">Unidad de Cultura Cient\u00edfica y de Innovaci\u00f3n<\/a><\/li>\n<li style=\"text-align: justify;\"><span style=\"color: #000000;\">UNIVERSIDAD PONTIFICIA DE COMILLAS.<\/span> <a href=\"https:\/\/www.comillas.edu\/oaid\">Oficina de Apoyo a la Innovaci\u00f3n Docente<\/a><\/li>\n<\/ul>\n<p><span style=\"color: #000000;\"><strong><u>CASTILLA-LA MANCHA:<\/u><\/strong><\/span><\/p>\n<ul>\n<li style=\"text-align: justify;\"><span style=\"color: #000000;\">UNIVERSIDAD DE CASTILLA-LA MANCHA.<\/span> <a href=\"https:\/\/www.uclm.es\/es\/Misiones\/Innovacion\">Innovaci\u00f3n<\/a><\/li>\n<\/ul>\n<p><span style=\"color: #000000;\"><strong><u>CASTILLA Y LE\u00d3N:<\/u><\/strong><\/span><\/p>\n<ul>\n<li style=\"text-align: justify;\"><span style=\"color: #000000;\">UNIVERSIDAD DE BURGOS.<\/span> <a href=\"https:\/\/www.ubu.es\/instituto-de-formacion-e-innovacion-educativa-ifie\">Instituto de Formaci\u00f3n e Innovaci\u00f3n Educativa &#8211; IFIE<\/a><\/li>\n<li style=\"text-align: justify;\"><span style=\"color: #000000;\">UNIVERSIDAD CAT\u00d3LICA DE SANTA TERESA DE JES\u00daS DE \u00c1VILA.<\/span> <a href=\"https:\/\/www.ucavila.es\/investigacion\/centros\/profesorado-educacion\/\">Centro de Estudios, Innovaci\u00f3n y Formaci\u00f3n del Profesorado en Educaci\u00f3n<\/a><\/li>\n<li style=\"text-align: justify;\"><span style=\"color: #000000;\">UNIVERSIDAD EUROPEA MIGUEL DE CERVANTES.<\/span> <a href=\"https:\/\/www.uemc.es\/p\/proyectos-de-innovacion-educativa\">Proyectos de Innovaci\u00f3n Educativa<\/a><\/li>\n<li style=\"text-align: justify;\"><span style=\"color: #000000;\">UNIVERSIDAD DE LE\u00d3N.<\/span> <a href=\"https:\/\/servicios.unileon.es\/escuela-de-formacion\/\">Escuela de Formaci\u00f3n<\/a><\/li>\n<li style=\"text-align: justify;\"><span style=\"color: #000000;\">UNIVERSIDAD PONTIFICIA DE SALAMANCA.<\/span> <a href=\"https:\/\/www.upsa.es\/investigacion\/club-universitario-de-innovacion-cui\">Club Universitario de Innovaci\u00f3n<\/a><\/li>\n<li style=\"text-align: justify;\"><span style=\"color: #000000;\">UNIVERSIDAD DE SALAMANCA.<\/span> <a href=\"https:\/\/formacionpermanente.usal.es\/\">Centro de Formaci\u00f3n Permanente<\/a><\/li>\n<li style=\"text-align: justify;\"><span style=\"color: #000000;\">UNIVERSIDAD DE VALLADOLID.<\/span> <a href=\"https:\/\/virtuva.uva.es\/\">Centro de\u00a0Ense\u00f1anza Online,\u00a0Formaci\u00f3n\u00a0e\u00a0Innovaci\u00f3n Docente<\/a><\/li>\n<\/ul>\n<p><strong><u>CATALU\u00d1A<\/u><\/strong><strong>:<\/strong><\/p>\n<ul>\n<li style=\"text-align: justify;\">UNIVERSITAT ABAT OLIBA-CEU.\u00a0<a href=\"https:\/\/www.uaoceu.es\/\">Universitat Abat Oliba-CEU.<\/a><\/li>\n<li style=\"text-align: justify;\"><span style=\"color: #000000;\">UNIVERSITAT AUT\u00d3NOMA DE BARCELONA.<\/span> <a href=\"https:\/\/www.uab.cat\/web\/personal-uab\/personal-uab\/aspectes-comuns\/unitat-de-formacio\/innovacio-docent-1345920666958.html\">Unidad de Formaci\u00f3n y Desarrollo Profesional.<\/a><\/li>\n<li style=\"text-align: justify;\"><span style=\"color: #000000;\">UNIVERSITAT DE BARCELONA.<\/span> <a href=\"http:\/\/www.ub.edu\/obipd\/innovacion-educativa\/\">Innovaci\u00f3n Educativa<\/a><\/li>\n<li style=\"text-align: justify;\"><span style=\"color: #000000;\">UNIVERSITAT DE GIRONA.<\/span> <a href=\"https:\/\/www.udg.edu\/es\/ice\">Instituto de Ciencias de la Educaci\u00f3n Josep Pallach (ICE)<\/a><\/li>\n<li style=\"text-align: justify;\"><span style=\"color: #000000;\">UNIVERSIDAT INTERNACIONAL DE CATALUNYA.<\/span> <a href=\"https:\/\/www.uic.es\/es\/universidad\/uic-barcelona\/innovacion-docente\">Innovaci\u00f3n Docente<\/a><\/li>\n<li style=\"text-align: justify;\">UNIVERSITAT DE LLEIDA.\u00a0<a href=\"http:\/\/www.udl.es\/ca\/serveis\/personal\/PDI\/\">Instituto de Ciencias de la Educaci\u00f3n (ICE).<\/a><\/li>\n<li style=\"text-align: justify;\"><span style=\"color: #000000;\">UNIVERSITAT OBERTA DE CATALUNYA.<\/span> <a href=\"https:\/\/www.uoc.edu\/portal\/es\/elearning-innovation-center\/index.html\">eLearning Innovation Center<\/a><\/li>\n<li style=\"text-align: justify;\"><span style=\"color: #000000;\">UNIVERSITAT POLIT\u00c8CNICA DE CATALUNYA.<\/span> <a href=\"https:\/\/www.ice.upc.edu\/ca\/lice-de-la-upc\">Institut de Ci\u00e8ncies de l&#8217;Educaci\u00f3<\/a><\/li>\n<li style=\"text-align: justify;\"><span style=\"color: #000000;\">UNIVERSITAT POMPEU FABRA.<\/span> <a href=\"https:\/\/www.upf.edu\/web\/clik\">Centre per a la Innovaci\u00f3 en Aprenentatge i Coneixement (CLIK)<\/a><\/li>\n<li style=\"text-align: justify;\"><span style=\"color: #000000;\">UNIVERSITAT RAM\u00d3N LLULL.<\/span> <a href=\"https:\/\/www.url.edu\/es\/innovacion-docente-y-calidad\/innovacion-docente\">Innovaci\u00f3n docente<\/a><\/li>\n<li style=\"text-align: justify;\">UNIVERSITAT ROVIRA I VIRGILI.\u00a0<a href=\"http:\/\/www.ice.urv.cat\/\">Instituto de Ciencias de la Educaci\u00f3n (ICE).<\/a><\/li>\n<li style=\"text-align: justify;\"><span style=\"color: #000000;\">UNIVERSITAT DE VIC.<\/span> <a href=\"https:\/\/www.uvic.cat\/centre-innovacio-i-formacio-en-educacio\">Centre d&#8217;innovaci\u00f3 i formaci\u00f3 en educaci\u00f3<\/a><\/li>\n<\/ul>\n<p><span style=\"color: #000000;\"><strong><u>EXTREMADURA<\/u><\/strong><strong>:<\/strong><\/span><\/p>\n<ul>\n<li style=\"text-align: justify;\"><span style=\"color: #000000;\">UNIVERSIDAD DE EXTREMADURA.<\/span> <a href=\"https:\/\/sofd.unex.es\/index__html\/areas\/ie\/\">Innovaci\u00f3n Docente<\/a><\/li>\n<\/ul>\n<p style=\"text-align: justify;\"><span style=\"color: #000000;\"><strong><u>GALICIA:<\/u><\/strong><\/span><\/p>\n<ul style=\"text-align: justify;\">\n<li><span style=\"color: #000000;\">UNIVERSIDADE DA CORU\u00d1A.<\/span> <a href=\"https:\/\/www.udc.es\/es\/cufie\/INNOVACION\/\">Innovaci\u00f3n Educativa<\/a><\/li>\n<li><span style=\"color: #000000;\">UNIVERSIDADE DE SANTIAGO DE COMPOSTELA.<\/span> <a href=\"https:\/\/www.usc.gal\/es\/node\/45731\">Innovaci\u00f3n<\/a><\/li>\n<li><span style=\"color: #000000;\">UNIVERSIDADE DE VIGO.<\/span> <a href=\"https:\/\/www.uvigo.gal\/es\/universidad\/administracion-personal\/organizacion-administrativa\/area-formacion-innovacion-educativa\">\u00c1rea de Formaci\u00f3n e Innovaci\u00f3n Educativa<\/a><\/li>\n<\/ul>\n<p style=\"text-align: justify;\"><span style=\"color: #000000;\"><strong><u>ISLAS BALEARES<\/u><\/strong><strong>:<\/strong><\/span><\/p>\n<ul style=\"text-align: justify;\">\n<li><span style=\"color: #000000;\">UNIVERSITAT DE LES ILLES BALEARS.<\/span> <a href=\"https:\/\/www.uib.cat\/\">Universitat de Les Illes Balears<\/a><\/li>\n<\/ul>\n<p style=\"text-align: justify;\"><span style=\"color: #000000;\"><strong><u>ISLAS CANARIAS<\/u><\/strong><\/span><strong><span style=\"color: #000000;\">:<\/span>\u00a0<\/strong><\/p>\n<ul style=\"text-align: justify;\">\n<li><span style=\"color: #000000;\">UNIVERSIDAD DE LA LAGUNA.<\/span> <a href=\"https:\/\/www.ull.es\/servicios\/seccion-de-calidad-y-formacion-pas-pdi-innovacion-educativa\/\">Secci\u00f3n de Calidad y Formaci\u00f3n del PAS y del PDI e Innovaci\u00f3n Educativa<\/a><\/li>\n<li><span style=\"color: #000000;\">UNIVERSIDAD DE LAS PALMAS DE GRAN CANARIA.<\/span> <a href=\"https:\/\/www.ulpgc.es\/innovacion-educativa\">Innovaci\u00f3n Educativa<\/a><\/li>\n<\/ul>\n<p style=\"text-align: justify;\"><span style=\"color: #000000;\"><strong><u>MADRID:<\/u><\/strong><\/span><\/p>\n<ul style=\"text-align: justify;\">\n<li><span style=\"color: #000000;\">UNIVERSIDAD DE ALCAL\u00c1 DE HENARES.<\/span> <a href=\"https:\/\/ideo.uah.es\/es\/\">Centro de Apoyo a la Innovaci\u00f3n Docente y Estudios Online<\/a><\/li>\n<li><span style=\"color: #000000;\">UNIVERSIDAD ALFONSO X EL SABIO.<\/span> <a href=\"https:\/\/www.uax.com\/innovacion-e-investigacion\">Innovaci\u00f3n e Investigaci\u00f3n<\/a><\/li>\n<li><span style=\"color: #000000;\">UNIVERSIDAD AUT\u00d3NOMA DE MADRID.<\/span> <a href=\"https:\/\/www.uam.es\/uam\/apoyo-docencia\">Unidad de Apoyo a la Docencia (UAD)<\/a><\/li>\n<li><span style=\"color: #000000;\">UNIVERSIDAD CAMILO JOS\u00c9 CELA.<\/span> <a href=\"https:\/\/www.ucjc.edu\/la-universidad\/innovacion-educativa\/\">Innovaci\u00f3n Educativa<\/a><\/li>\n<li><span style=\"color: #000000;\">UNIVERSIDAD CARLOS III DE MADRID.<\/span> <a href=\"https:\/\/www.uc3m.es\/uc3mdigital\/inicio\">Unidad UC3M Digital<\/a><\/li>\n<li><span style=\"color: #000000;\">UNIVERSIDAD CEU SAN PABLO.<\/span> <a href=\"https:\/\/www.ceu.es\/innovacion\/nuevas-tecnologias-educacion.php\">Innovaci\u00f3n<\/a><\/li>\n<li><span style=\"color: #000000;\">UNIVERSIDAD COMPLUTENSE DE MADRID.<\/span> <a href=\"https:\/\/www.ucm.es\/opc\/\">Oficina para la Calidad (OpC)<\/a><\/li>\n<li><span style=\"color: #000000;\">UNIVERSIDAD A DISTANCIA DE MADRID.<\/span> <a href=\"https:\/\/www.udima.es\/es\/innovacion\/presentacion.html\">Unidad de Innovaci\u00f3n<\/a><\/li>\n<li><span style=\"color: #000000;\">UNIVERSIDAD EUROPEA DE MADRID.<\/span> <a href=\"https:\/\/universidadeuropea.com\/?utm_source=google&amp;utm_medium=cpc&amp;utm_campaign=G-UEM-FF-BR-NAC-EUR-ES-MAR-NON-SP-SR-BRAND&amp;uecrm=7017U000000YEyRQAW&amp;gad_source=1&amp;gad_campaignid=70331985&amp;gbraid=0AAAAADr9iJID2p8wTBECe-ezLeZ0VFQPI&amp;gclid=Cj0KCQjw9JLHBhC-ARIsAK4Phcr8YkT9SP-qZOLgr8DHpjOGtUZIA8NJTLWyAxT5X0z9jLUSlcJBmiYaAng2EALw_wcB\">Universidad Europea<\/a><\/li>\n<li><span style=\"color: #000000;\">UNIVERSIDAD FRANCISCO DE VITORIA.<\/span> <a href=\"https:\/\/innovacionufv.com\/\">Innovaci\u00f3n Docente<\/a><\/li>\n<li>UNIVERSIDAD NACIONAL DE EDUCACI\u00d3N A DISTANCIA UNED.\u00a0<a href=\"https:\/\/www.uned.es\/universidad\/inicio\/unidad\/IUED.html\">Instituto Universitario de Educaci\u00f3n a Distancia (IUED).<\/a><\/li>\n<li><span style=\"color: #000000;\">UNIVERSIDAD DE NEBRIJA.<\/span> <a href=\"https:\/\/www.nebrija.com\/\">Universidad de Nebrija<\/a><\/li>\n<li><span style=\"color: #000000;\">UNIVERSITAD POLIT\u00c9CNICA DE MADRID.<\/span> <a href=\"https:\/\/innovacioneducativa.upm.es\/index.php\">Portal de Innovaci\u00f3n Educativa<\/a><\/li>\n<li><span style=\"color: #000000;\">UNIVERSIDAD REY JUAN CARLOS.<\/span> <a href=\"https:\/\/cied.urjc.es\/\">Centro de Innovaci\u00f3n Docente y Educaci\u00f3n Digital (CIED)<\/a><\/li>\n<\/ul>\n<p style=\"text-align: justify;\"><span style=\"color: #000000;\"><strong><u>MURCIA<\/u><\/strong><strong>:<\/strong><\/span><\/p>\n<ul style=\"text-align: justify;\">\n<li><span style=\"color: #000000;\">UNIVERSIDAD CAT\u00d3LICA SAN ANTONIO DE MURCIA.<\/span> <a href=\"https:\/\/investigacion.ucam.edu\/vicerrectorado\/proyectos-innovacion\">Vicerrectorado de Investigaci\u00f3n<\/a><\/li>\n<li><span style=\"color: #000000;\">UNIVERSIDAD DE MURCIA.<\/span> <a href=\"https:\/\/www.um.es\/web\/innovacion\/\">Unidad de Innovaci\u00f3n<\/a><\/li>\n<li><span style=\"color: #000000;\">UNIVERSIDAD POLIT\u00c9CNICA DE CARTAGENA.<\/span> <a href=\"https:\/\/www.upct.es\/vicerrectoradoprofesorado\/es\/innovacion\/innovacion-docente\">Innovaci\u00f3n Docente<\/a><\/li>\n<\/ul>\n<p style=\"text-align: justify;\"><span style=\"color: #000000;\"><strong><u>NAVARRA:<\/u><\/strong><\/span><\/p>\n<ul style=\"text-align: justify;\">\n<li><span style=\"color: #000000;\">UNIVERSIDAD P\u00daBLICA DE NAVARRA.<\/span> <a href=\"https:\/\/www.unavarra.es\/centroinnovacioneducativa\/\">Centro Superior de Innovaci\u00f3n Educativa<\/a><\/li>\n<li><span style=\"color: #000000;\">UNIVERSIDAD DE NAVARRA.<\/span> <a href=\"https:\/\/www.unav.edu\/investigacion\/unidad-de-cultura-cientifica-y-de-la-innovacion\">Unidad de Cultura Cient\u00edfica e Innovaci\u00f3n<\/a><\/li>\n<\/ul>\n<p style=\"text-align: justify;\"><span style=\"color: #000000;\"><strong><u>PA\u00cdS VASCO<\/u><\/strong><strong>:<\/strong><\/span><\/p>\n<ul style=\"text-align: justify;\">\n<li><span style=\"color: #000000;\">UNIVERSIDAD DE DEUSTO.<\/span> <a href=\"https:\/\/www.deusto.es\/es\/inicio\/somos-deusto\/estrategia-academica\/innovacion-docente\">Innovaci\u00f3n Docente<\/a><\/li>\n<li><span style=\"color: #000000;\">UNIVERSIDAD DE MONDRAG\u00d3N.<\/span> <a href=\"https:\/\/www.mondragon.edu\/es\/investigacion\/innovacion-educacion\/area\">\u00c1rea de Innovaci\u00f3n en Educaci\u00f3n<\/a><\/li>\n<li><span style=\"color: #000000;\">UNIVERSIDAD DEL PA\u00cdS VASCO.<\/span> <a href=\"https:\/\/www.ehu.eus\/es\/web\/sae-helaz\/hezkuntza-berrikuntza\">Innovaci\u00f3n educativa<\/a><\/li>\n<\/ul>\n<p style=\"text-align: justify;\"><span style=\"color: #000000;\"><strong><u>LA RIOJA:<\/u><\/strong><\/span><\/p>\n<ul style=\"text-align: justify;\">\n<li><span style=\"color: #000000;\">UNIVERSIDAD DE LA RIOJA.<\/span> <a href=\"https:\/\/www.unirioja.es\/rectora-y-equipo-rectoral\/vicerrectorado-de-formacion-permanente-y-extension-universitaria\/formacion-e-innovacion-docente\/\">Formaci\u00f3n e Innovaci\u00f3n Docente.<\/a><\/li>\n<li><span style=\"color: #000000;\">UNIVERSIDAD INTERNACIONAL DE LA RIOJA.<\/span> <a href=\"https:\/\/www.unir.net\/\">Vicerrectorado de Innovaci\u00f3n y Desarrollo Educativo<\/a><\/li>\n<\/ul>\n<p style=\"text-align: justify;\"><span style=\"color: #000000;\"><strong><u>VALENCIA<\/u><\/strong><strong>:<\/strong><\/span><\/p>\n<ul>\n<li style=\"text-align: justify;\"><span style=\"color: #000000;\">UNIVERSITAT D\u00b4ALACANT.<\/span> <a href=\"https:\/\/difd.ua.es\/es\/departamento-de-innovacion-y-formacion-didactica.html\">Departamento de Innovaci\u00f3n y Formaci\u00f3n Did\u00e1ctica<\/a><\/li>\n<li style=\"text-align: justify;\"><span style=\"color: #000000;\">CEU \u2013 UNIVERSITAT CARDENAL HERRERA.<\/span> <a href=\"https:\/\/www.uchceu.es\">CEU <\/a><u><\/u><\/li>\n<li style=\"text-align: justify;\"><span style=\"color: #000000;\">UNIVERSIDAD CAT\u00d3LICA DE VALENCIA SAN VICENTE FERRER.<\/span> <a href=\"https:\/\/www.ucv.es\/oferta-academica\/servicio-de-formacion-continua\/convocatoria-proyectos-de-innovacion-docente-y-premios-a-la-innovacion\">Servicio de Formaci\u00f3n Continua<\/a><\/li>\n<li style=\"text-align: justify;\"><span style=\"color: #000000;\">UNIVERSITAT JAUME I DE CASTELL\u00d3.<\/span> <a href=\"https:\/\/www.uji.es\/serveis\/ufie\/\">Unidad de Formaci\u00f3n e Innovaci\u00f3n Educativa<\/a><\/li>\n<li style=\"text-align: justify;\"><span style=\"color: #000000;\">UNIVERSIDAD MIGUEL HERN\u00c1NDEZ.<\/span> <a href=\"https:\/\/innovacion-docente.umh.es\/\">Innovaci\u00f3n docente<\/a><\/li>\n<li style=\"text-align: justify;\"><span style=\"color: #000000;\">UNIVERSITAT POLIT\u00c8CNICA DE VAL\u00c8NCIA.<\/span><a href=\"https:\/\/www.upv.es\/entidades\/ice\/\"> Innovaci\u00f3n Educativa<\/a><\/li>\n<li style=\"text-align: justify;\"><span style=\"color: #000000;\">UNIVERSITAT DE VAL\u00c8NCIA.<\/span> <a href=\"https:\/\/www.uv.es\/uvweb\/servicio-formacion-permanente-innovacion-educativa\/es\/servicio-formacion-permanente-innovacion-educativa-sfpie-1285866029030.html\">Servei de Formaci\u00f3 Permanent i Innovaci\u00f3 Educativa (SFPIE)<\/a><\/li>\n<\/ul>\n","protected":false},"excerpt":{"rendered":"<p>\u00a0ANDALUC\u00cdA: UNIVERSIDAD DE ALMER\u00cdA. Innovaci\u00f3n y Buenas Pr\u00e1cticas Docentes UNIVERSIDAD DE C\u00c1DIZ. Unidad de Formaci\u00f3n e Innovaci\u00f3n Docente UNIVERSIDAD DE C\u00d3RDOBA. Formaci\u00f3n e Innovaci\u00f3n del Profesorado UNIVERSIDAD DE GRANADA.\u00a0Innovaci\u00f3n Docente. UNIVERSIDAD DE HUELVA. Servicio Innovaci\u00f3n Docente UNIVERSIDAD INTERNACIONAL DE ANDALUC\u00cdA &hellip; <a href=\"https:\/\/servicios.unileon.es\/innovacion-docente\/innovacion-docente-en-otras-universidades\/\">Sigue leyendo <span class=\"meta-nav\">&rarr;<\/span><\/a><\/p>\n","protected":false},"author":432,"featured_media":0,"parent":0,"menu_order":0,"comment_status":"closed","ping_status":"closed","template":"","meta":{"footnotes":""},"class_list":["post-342","page","type-page","status-publish","hentry"],"_links":{"self":[{"href":"https:\/\/servicios.unileon.es\/innovacion-docente\/wp-json\/wp\/v2\/pages\/342","targetHints":{"allow":["GET"]}}],"collection":[{"href":"https:\/\/servicios.unileon.es\/innovacion-docente\/wp-json\/wp\/v2\/pages"}],"about":[{"href":"https:\/\/servicios.unileon.es\/innovacion-docente\/wp-json\/wp\/v2\/types\/page"}],"author":[{"embeddable":true,"href":"https:\/\/servicios.unileon.es\/innovacion-docente\/wp-json\/wp\/v2\/users\/432"}],"replies":[{"embeddable":true,"href":"https:\/\/servicios.unileon.es\/innovacion-docente\/wp-json\/wp\/v2\/comments?post=342"}],"version-history":[{"count":106,"href":"https:\/\/servicios.unileon.es\/innovacion-docente\/wp-json\/wp\/v2\/pages\/342\/revisions"}],"predecessor-version":[{"id":1781,"href":"https:\/\/servicios.unileon.es\/innovacion-docente\/wp-json\/wp\/v2\/pages\/342\/revisions\/1781"}],"wp:attachment":[{"href":"https:\/\/servicios.unileon.es\/innovacion-docente\/wp-json\/wp\/v2\/media?parent=342"}],"curies":[{"name":"wp","href":"https:\/\/api.w.org\/{rel}","templated":true}]}}