{"id":88,"date":"2013-08-05T17:46:53","date_gmt":"2013-08-05T15:46:53","guid":{"rendered":"http:\/\/servicios.unileon.es\/hospital-veterinario\/?page_id=88"},"modified":"2026-02-09T14:55:23","modified_gmt":"2026-02-09T12:55:23","slug":"tarifas","status":"publish","type":"page","link":"https:\/\/servicios.unileon.es\/hospital-veterinario\/tarifas\/","title":{"rendered":"Tarifas"},"content":{"rendered":"<p>El Consejo Social de la Universidad de Le\u00f3n ha aprobado las tarifas del Hospital Veterinario, estableci\u00e9ndose 2 tipos de tarifas reducidas:<\/p>\n<ul>\n<li>Para animales de protectoras<\/li>\n<li>Para animales de los miembros de la comunidad universitaria (*)<\/li>\n<\/ul>\n<h5><span style=\"color: #993366;\">(*) Deber\u00e1 demostrarse que:<\/span><\/h5>\n<ul>\n<li><span style=\"color: #993366;\">Se es el propietario del animal (datos del microchip)<\/span><\/li>\n<li><span style=\"color: #993366;\">Se es miembro de la comunidad universitaria \/ alumno de veterinaria (carn\u00e9 correspondiente<\/span><\/li>\n<li><span style=\"color: #993366;\">En el caso de que el animal est\u00e9 a nombre de otro miembro del n\u00facleo familiar (padres en el caso de alumnos; c\u00f3nyuge o hijos menores de edad), deber\u00e1 demostrarse mediante documentaci\u00f3n oficial (datos del DNI o del libro de familia)<\/span><\/li>\n<\/ul>\n<h1><\/h1>\n<ul>\n<li><a href=\"http:\/\/servicios.unileon.es\/hospital-veterinario\/files\/2026\/01\/PEQUENOS-ANIMALES-1.pdf\" rel=\"\">Tarifas peque\u00f1os animales<\/a>\u00a0(iva incluido)<\/li>\n<li><a href=\"http:\/\/servicios.unileon.es\/hospital-veterinario\/files\/2026\/01\/GRANDES-ANIMALES-2026.pdf\">Tarifas grandes animales<\/a> (iva incluido)<\/li>\n<\/ul>\n","protected":false},"excerpt":{"rendered":"<p>El Consejo Social de la Universidad de Le\u00f3n ha aprobado las tarifas del Hospital Veterinario, estableci\u00e9ndose 2 tipos de tarifas reducidas: Para animales de protectoras Para animales de los miembros de la comunidad universitaria (*) (*) Deber\u00e1 demostrarse que: Se &hellip; <a href=\"https:\/\/servicios.unileon.es\/hospital-veterinario\/tarifas\/\">Sigue leyendo <span class=\"meta-nav\">&rarr;<\/span><\/a><\/p>\n","protected":false},"author":508,"featured_media":0,"parent":0,"menu_order":0,"comment_status":"closed","ping_status":"closed","template":"","meta":{"footnotes":""},"class_list":["post-88","page","type-page","status-publish","hentry"],"_links":{"self":[{"href":"https:\/\/servicios.unileon.es\/hospital-veterinario\/wp-json\/wp\/v2\/pages\/88","targetHints":{"allow":["GET"]}}],"collection":[{"href":"https:\/\/servicios.unileon.es\/hospital-veterinario\/wp-json\/wp\/v2\/pages"}],"about":[{"href":"https:\/\/servicios.unileon.es\/hospital-veterinario\/wp-json\/wp\/v2\/types\/page"}],"author":[{"embeddable":true,"href":"https:\/\/servicios.unileon.es\/hospital-veterinario\/wp-json\/wp\/v2\/users\/508"}],"replies":[{"embeddable":true,"href":"https:\/\/servicios.unileon.es\/hospital-veterinario\/wp-json\/wp\/v2\/comments?post=88"}],"version-history":[{"count":53,"href":"https:\/\/servicios.unileon.es\/hospital-veterinario\/wp-json\/wp\/v2\/pages\/88\/revisions"}],"predecessor-version":[{"id":2303,"href":"https:\/\/servicios.unileon.es\/hospital-veterinario\/wp-json\/wp\/v2\/pages\/88\/revisions\/2303"}],"wp:attachment":[{"href":"https:\/\/servicios.unileon.es\/hospital-veterinario\/wp-json\/wp\/v2\/media?parent=88"}],"curies":[{"name":"wp","href":"https:\/\/api.w.org\/{rel}","templated":true}]}}